-- Table structure for table `diagnostic_tests`
--

CREATE TABLE `diagnostic_tests` (
  `id` smallint(6) UNSIGNED NOT NULL,
  `department_id` int(11) DEFAULT NULL,
  `group_id` int(11) NOT NULL,
  `medicine_id` int(11) DEFAULT NULL,
  `tube_id` smallint(5) UNSIGNED DEFAULT NULL,
  `needle_id` smallint(5) UNSIGNED DEFAULT NULL,
  `name` varchar(150) DEFAULT NULL,
  `code` varchar(50) NOT NULL,
  `room_no` int(11) NOT NULL,
  `specimen` varchar(60) DEFAULT NULL,
  `rate` decimal(10,2) UNSIGNED NOT NULL DEFAULT 0.00,
  `special_discount` decimal(10,2) UNSIGNED NOT NULL DEFAULT 0.00,
  `mbbs` decimal(10,2) UNSIGNED NOT NULL DEFAULT 0.00,
  `vd` decimal(10,2) UNSIGNED NOT NULL DEFAULT 0.00,
  `emp` decimal(10,2) UNSIGNED NOT NULL DEFAULT 0.00,
  `corporate` decimal(10,2) UNSIGNED NOT NULL DEFAULT 0.00,
  `note` text DEFAULT NULL,
  `sort_by` int(11) NOT NULL DEFAULT 0,
  `status` int(11) NOT NULL,
  `created_at` datetime NOT NULL,
  `modified_at` datetime NOT NULL,
  `created_by` int(11) NOT NULL DEFAULT 0,
  `modified_by` int(11) NOT NULL DEFAULT 0
) ENGINE=InnoDB DEFAULT CHARSET=utf8 COLLATE=utf8_general_ci;

--
-- Dumping data for table `diagnostic_tests`
--

INSERT INTO `diagnostic_tests` (`id`, `department_id`, `group_id`, `medicine_id`, `tube_id`, `needle_id`, `name`, `code`, `room_no`, `specimen`, `rate`, `special_discount`, `mbbs`, `vd`, `emp`, `corporate`, `note`, `sort_by`, `status`, `created_at`, `modified_at`, `created_by`, `modified_by`) VALUES
(1, 1, 1, NULL, 3, 1, 'CBC', '1001', 118, 'blood', '600.00', '0.00', '360.00', '360.00', '360.00', '360.00', '', 0, 1, '2020-10-21 17:06:37', '2024-09-11 22:25:15', 1, 273),
(2, 1, 1, NULL, 0, 0, 'HB%', '1002', 118, 'blood', '100.00', '0.00', '90.00', '90.00', '90.00', '90.00', '', 0, 1, '2020-10-21 17:08:44', '2024-09-11 22:25:15', 1, 273),
(3, 1, 1, NULL, 2, 1, 'ESR', '1003', 118, 'blood', '100.00', '0.00', '60.00', '60.00', '60.00', '60.00', '', 0, 1, '2020-10-21 17:14:10', '2024-09-11 22:25:15', 1, 273),
(4, 1, 1, NULL, 2, 1, 'Platelet Count', '1004', 118, 'blood', '200.00', '0.00', '120.00', '120.00', '120.00', '120.00', '', 0, 1, '2020-10-21 17:15:58', '2024-09-11 22:25:15', 1, 273),
(5, 1, 1, NULL, 2, 1, 'RBC Count', '1005', 118, 'blood', '200.00', '0.00', '120.00', '120.00', '120.00', '120.00', '', 0, 1, '2020-10-21 17:24:43', '2024-09-11 22:25:15', 1, 273),
(6, 1, 1, NULL, 3, 1, 'Blood Film(PBF)', '1006', 118, 'blood', '600.00', '0.00', '360.00', '360.00', '360.00', '360.00', '', 0, 1, '2020-10-21 17:25:54', '2024-09-11 22:25:15', 1, 273),
(7, 1, 1, NULL, 0, 0, 'TCE', '1007', 118, 'blood', '500.00', '0.00', '350.00', '350.00', '350.00', '350.00', '', 0, 1, '2020-10-21 17:26:46', '2024-09-16 16:13:26', 1, 211),
(8, 1, 1, NULL, 0, 0, 'BT.CT', '1008', 118, 'blood', '600.00', '0.00', '360.00', '360.00', '360.00', '360.00', '', 0, 1, '2020-10-21 17:27:31', '2024-09-11 22:25:15', 1, 273),
(9, 1, 3, NULL, 0, 0, 'Blood Group & Rh Factor', '1009', 118, 'blood', '100.00', '0.00', '50.00', '50.00', '50.00', '50.00', '', 0, 1, '2020-10-21 17:43:38', '2024-07-09 16:17:25', 1, 211),
(10, 1, 1, NULL, 2, 1, 'HB Electrophoresis', '1010', 118, 'blood', '1800.00', '0.00', '1080.00', '1080.00', '1080.00', '1080.00', '', 0, 1, '2020-10-21 17:46:52', '2024-09-11 22:25:15', 1, 273),
(11, 1, 2, NULL, 0, 1, 'Prothrombin Time', '1013', 118, 'blood', '1200.00', '0.00', '600.00', '600.00', '600.00', '600.00', '', 0, 1, '2020-10-21 17:55:54', '2024-07-09 16:17:25', 1, 211),
(12, 1, 1, NULL, 2, 1, 'Malarial Parasite(MP)', '1012', 118, 'blood', '800.00', '0.00', '480.00', '480.00', '480.00', '480.00', '', 0, 1, '2020-10-22 16:54:58', '2024-09-11 22:25:15', 1, 273),
(13, 1, 2, NULL, 0, 0, 'FBS + 2H.ABF + 2H.AL + 2H.AD', '1013', 118, 'blood', '150.00', '0.00', '90.00', '90.00', '90.00', '90.00', '', 0, 1, '2020-10-22 16:56:56', '2024-09-13 10:29:53', 1, 211),
(14, 1, 2, NULL, 2, 1, 'HBA1C', '1014', 118, 'blood', '1500.00', '0.00', '900.00', '900.00', '900.00', '900.00', '', 0, 1, '2020-10-22 16:57:58', '2024-07-09 16:17:25', 1, 211),
(15, 1, 7, NULL, 2, 1, 'Corresponding Urine Sugar(CUS)', '1015', 118, 'blood', '100.00', '0.00', '60.00', '60.00', '60.00', '60.00', '', 0, 1, '2020-10-22 16:59:34', '2024-07-09 16:17:25', 1, 211),
(16, 1, 2, NULL, 2, 1, 'S.Urea', '1016', 118, 'blood', '500.00', '0.00', '300.00', '300.00', '300.00', '300.00', '', 0, 1, '2020-10-22 17:02:24', '2024-07-09 16:17:25', 1, 211),
(17, 1, 2, NULL, 2, 1, 'S. Creatinine', '1017', 118, 'blood', '600.00', '0.00', '300.00', '300.00', '300.00', '300.00', '', 0, 1, '2020-10-22 17:03:52', '2024-07-09 16:17:25', 1, 211),
(18, 1, 2, NULL, 2, 1, 'SGPT', '1018', 118, 'blood', '500.00', '0.00', '250.00', '250.00', '250.00', '250.00', '', 0, 1, '2020-10-22 17:04:57', '2024-07-09 16:17:25', 1, 211),
(19, 1, 2, NULL, 2, 1, 'SGOT', '1019', 118, 'blood', '500.00', '0.00', '250.00', '250.00', '250.00', '250.00', '', 0, 1, '2020-10-22 17:06:13', '2024-07-09 16:17:25', 1, 211),
(20, 1, 2, NULL, 2, 1, 'Alkaline Phosphatase', '1020', 118, 'blood', '700.00', '0.00', '350.00', '350.00', '350.00', '350.00', '', 0, 1, '2020-10-22 17:07:05', '2024-07-09 16:17:25', 1, 211),
(21, 1, 2, NULL, 2, 1, 'S. Bilirubin(Total)', '1021', 118, 'blood', '500.00', '0.00', '250.00', '250.00', '250.00', '250.00', '', 0, 1, '2020-10-22 17:08:09', '2024-07-09 16:17:25', 1, 211),
(22, 1, 2, NULL, 2, 1, 'S. Bilirubin(Direct/Indirect)', '1022', 118, 'blood', '1300.00', '0.00', '650.00', '650.00', '650.00', '650.00', '', 0, 1, '2020-10-22 17:10:53', '2024-07-09 16:17:25', 1, 211),
(23, 1, 2, NULL, 2, 1, 'S. Albumin', '1023', 118, 'blood', '500.00', '0.00', '300.00', '300.00', '300.00', '300.00', '', 0, 1, '2020-10-22 17:11:55', '2024-07-09 16:17:25', 1, 211),
(24, 1, 2, NULL, 2, 1, 'S. Total Protein With A/G Ratio', '1024', 118, 'blood', '1000.00', '0.00', '500.00', '500.00', '500.00', '500.00', '', 0, 1, '2020-10-22 17:12:51', '2024-07-09 16:17:25', 1, 211),
(25, 1, 2, NULL, 0, 0, 'S. Lipid Profile', '1025', 118, 'blood', '1300.00', '0.00', '1000.00', '1000.00', '1000.00', '1000.00', '', 0, 1, '2020-10-22 17:14:14', '2024-07-09 16:17:25', 1, 211),
(26, 1, 3, NULL, 2, 1, 'Troponin-I(Qualitative)', '1026', 118, 'blood', '1000.00', '0.00', '600.00', '600.00', '600.00', '600.00', '', 0, 1, '2020-10-22 17:15:36', '2024-07-09 16:17:25', 1, 211),
(27, 1, 3, NULL, 2, 1, 'Troponin-I(Quantitative)', '1027', 118, 'blood', '1500.00', '0.00', '900.00', '900.00', '900.00', '900.00', '', 0, 1, '2020-10-22 17:16:39', '2024-07-09 16:17:25', 1, 211),
(28, 1, 2, NULL, 2, 1, 'S. Amylase', '1028', 118, 'blood', '1200.00', '0.00', '700.00', '700.00', '700.00', '700.00', '', 0, 1, '2020-10-22 17:17:45', '2024-07-09 16:17:25', 1, 211),
(29, 1, 2, NULL, 2, 1, 'CPK', '1029', 118, 'blood', '1200.00', '0.00', '600.00', '600.00', '600.00', '600.00', '', 0, 1, '2020-10-22 17:19:27', '2024-07-09 16:17:25', 1, 211),
(30, 1, 2, NULL, 2, 1, 'S. Uric Acid', '1030', 118, 'blood', '600.00', '0.00', '300.00', '300.00', '300.00', '300.00', '', 0, 1, '2020-10-22 17:20:11', '2024-07-09 16:17:25', 1, 211),
(31, 1, 2, NULL, 2, 1, 'S. Calcium', '1031', 118, 'blood', '1200.00', '0.00', '800.00', '800.00', '800.00', '800.00', '', 0, 1, '2020-10-22 17:21:28', '2024-07-09 16:17:25', 1, 211),
(32, 1, 2, NULL, 0, 0, 'S. Electrolytes', '1032', 118, 'blood', '1300.00', '0.00', '1000.00', '1000.00', '1000.00', '1000.00', '', 0, 1, '2020-10-22 17:22:22', '2024-07-09 16:17:25', 1, 211),
(33, 1, 3, NULL, 2, 1, 'ASO Titre', '1033', 118, 'blood', '600.00', '0.00', '300.00', '300.00', '300.00', '300.00', '', 0, 1, '2020-10-22 17:23:16', '2024-07-09 16:17:25', 1, 211),
(34, 1, 3, NULL, 2, 1, 'CRP Titre', '1034', 118, 'blood', '700.00', '0.00', '400.00', '400.00', '400.00', '400.00', '', 0, 1, '2020-10-22 17:24:46', '2024-07-09 16:17:25', 1, 211),
(35, 1, 3, NULL, 2, 1, 'RA/RF', '1035', 118, 'blood', '600.00', '0.00', '300.00', '300.00', '300.00', '300.00', '', 0, 1, '2020-10-22 17:26:02', '2024-07-09 16:17:25', 1, 211),
(36, 1, 3, NULL, 2, 1, 'Widal Test', '1036', 118, 'blood', '600.00', '0.00', '300.00', '300.00', '300.00', '300.00', '', 0, 1, '2020-10-22 17:26:48', '2024-07-09 16:17:25', 1, 211),
(37, 1, 3, NULL, 2, 1, 'VDRL', '1037', 118, 'blood', '600.00', '0.00', '300.00', '300.00', '300.00', '300.00', '', 0, 1, '2020-10-22 17:27:33', '2024-07-09 16:17:25', 1, 211),
(38, 1, 3, NULL, 2, 1, 'TPHA', '1038', 118, 'blood', '600.00', '0.00', '300.00', '300.00', '300.00', '300.00', '', 0, 1, '2020-10-22 17:28:13', '2024-07-09 16:17:25', 1, 211),
(39, 1, 3, NULL, 2, 1, 'HIV', '1039', 118, 'blood', '600.00', '0.00', '300.00', '300.00', '300.00', '300.00', '', 0, 1, '2020-10-22 17:28:51', '2024-07-09 16:17:25', 1, 211),
(40, 1, 3, NULL, 2, 1, 'Triple  Antigen', '1040', 118, 'blood', '1500.00', '0.00', '900.00', '900.00', '900.00', '900.00', '', 0, 1, '2020-10-22 17:29:58', '2024-07-09 16:17:25', 1, 211),
(41, 1, 3, NULL, 2, 1, 'ICT for Malaria', '1041', 118, 'blood', '1000.00', '0.00', '600.00', '600.00', '600.00', '600.00', '', 0, 1, '2020-10-22 17:30:57', '2024-07-09 16:17:25', 1, 211),
(42, 1, 3, NULL, 2, 1, 'ICT for Filaria', '1042', 118, 'blood', '1000.00', '0.00', '600.00', '600.00', '600.00', '600.00', '', 0, 1, '2020-10-22 17:31:40', '2024-07-09 16:17:25', 1, 211),
(43, 1, 3, NULL, 2, 1, 'ICT for Dengue', '1043', 118, 'blood', '300.00', '0.00', '150.00', '150.00', '150.00', '150.00', '', 0, 1, '2020-10-22 17:32:19', '2024-07-09 16:17:25', 1, 211),
(44, 1, 11, NULL, 2, 1, 'H-Pylori', '1044', 118, 'blood', '1600.00', '0.00', '1120.00', '1120.00', '1120.00', '1120.00', '', 0, 1, '2020-10-22 17:32:59', '2024-07-09 16:17:25', 1, 211),
(45, 1, 3, NULL, 2, 1, 'Montoux Test', '1045', 118, 'blood', '600.00', '0.00', '300.00', '300.00', '300.00', '300.00', '', 0, 1, '2020-10-22 17:34:11', '2024-07-09 16:17:25', 1, 211),
(46, 1, 3, NULL, 2, 1, 'HBsAg(Confirm)', '1046', 118, 'blood', '500.00', '0.00', '250.00', '250.00', '250.00', '250.00', '', 0, 1, '2020-10-22 17:34:57', '2024-07-09 16:17:25', 1, 211),
(47, 1, 3, NULL, 2, 1, 'HBsAg(ELISA)', '1047', 118, 'blood', '1000.00', '0.00', '600.00', '600.00', '600.00', '600.00', '', 0, 1, '2020-10-22 17:36:06', '2024-07-09 16:17:25', 1, 211),
(48, 1, 3, NULL, 2, 1, 'HBeAg (ICT)', '1048', 118, 'blood', '600.00', '0.00', '300.00', '300.00', '300.00', '300.00', '', 0, 1, '2020-10-22 17:36:54', '2024-07-09 16:17:25', 1, 211),
(49, 1, 3, NULL, 2, 1, 'IGG', '1049', 118, 'blood', '1500.00', '0.00', '900.00', '900.00', '900.00', '900.00', '', 0, 1, '2020-10-22 17:37:46', '2024-07-09 16:17:25', 1, 211),
(50, 1, 3, NULL, 2, 1, 'IGM', '1050', 118, 'blood', '1500.00', '0.00', '900.00', '900.00', '900.00', '900.00', '', 0, 1, '2020-10-22 17:44:13', '2024-07-09 16:17:25', 1, 211),
(51, 1, 5, NULL, 2, 1, 'T3+T4+TSH', '1051', 118, 'blood', '2800.00', '0.00', '1820.00', '1820.00', '1820.00', '1820.00', '', 0, 1, '2020-10-22 17:46:47', '2024-07-09 16:17:25', 1, 211),
(52, 1, 5, NULL, 2, 1, 'T4+TSH', '1052', 118, 'blood', '1800.00', '0.00', '1170.00', '1170.00', '1170.00', '1170.00', '', 0, 1, '2020-10-22 17:47:31', '2024-07-09 16:17:25', 1, 211),
(53, 1, 5, NULL, 2, 1, 'TSH', '1053', 118, 'blood', '1000.00', '0.00', '650.00', '650.00', '650.00', '650.00', '', 0, 1, '2020-10-22 17:48:07', '2024-07-09 16:17:25', 1, 211),
(54, 1, 5, NULL, 2, 1, 'LH', '1054', 118, 'blood', '1500.00', '0.00', '975.00', '975.00', '975.00', '975.00', '', 0, 1, '2020-10-22 17:48:42', '2024-07-09 16:17:25', 1, 211),
(55, 1, 5, NULL, 2, 1, 'FSH', '1055', 118, 'blood', '1500.00', '0.00', '975.00', '975.00', '975.00', '975.00', '', 0, 1, '2020-10-22 17:50:58', '2024-07-09 16:17:25', 1, 211),
(56, 1, 5, NULL, 2, 1, 'S. Prolactin', '1056', 118, 'blood', '1600.00', '0.00', '1040.00', '1040.00', '1040.00', '1040.00', '', 0, 1, '2020-10-22 17:52:08', '2024-07-09 16:17:25', 1, 211),
(57, 1, 5, NULL, 2, 1, 'S.Testosteron', '1057', 118, 'blood', '1800.00', '0.00', '1170.00', '1170.00', '1170.00', '1170.00', '', 0, 1, '2020-10-22 17:52:54', '2024-07-09 16:17:25', 1, 211),
(58, 1, 5, NULL, 0, 0, 'FT3', '1058', 118, 'blood', '1100.00', '0.00', '715.00', '715.00', '715.00', '715.00', '', 0, 1, '2020-10-22 17:53:58', '2024-07-09 16:17:25', 1, 211),
(59, 1, 5, NULL, 2, 1, 'FT4', '1059', 118, 'blood', '1600.00', '0.00', '1040.00', '1040.00', '1040.00', '1040.00', '', 0, 1, '2020-10-22 17:54:31', '2024-07-09 16:17:25', 1, 211),
(60, 1, 5, NULL, 2, 1, 'S. Cortisol', '1060', 118, 'blood', '1500.00', '0.00', '975.00', '975.00', '975.00', '975.00', '', 0, 1, '2020-10-22 17:55:15', '2024-07-09 16:17:25', 1, 211),
(61, 1, 6, NULL, 2, 1, 'S. PSA', '1061', 118, 'blood', '1800.00', '0.00', '1260.00', '1260.00', '1260.00', '1260.00', '', 0, 1, '2020-10-24 13:24:13', '2024-07-09 16:17:25', 1, 211),
(62, 1, 6, NULL, 2, 1, 'Anti CCP', '1062', 118, 'blood', '3000.00', '0.00', '2100.00', '2100.00', '2100.00', '2100.00', '', 0, 1, '2020-10-24 13:26:19', '2024-07-09 16:17:25', 1, 211),
(63, 1, 7, NULL, 0, 0, 'Urine R/E & M/E', '1063', 118, 'urine', '100.00', '0.00', '90.00', '90.00', '90.00', '90.00', '', 0, 1, '2020-10-24 13:28:38', '2024-07-09 16:17:25', 1, 211),
(64, 1, 7, NULL, 2, 1, 'Urine C/S', '1064', 118, 'urine', '1000.00', '0.00', '650.00', '650.00', '650.00', '650.00', '', 0, 1, '2020-10-24 13:30:09', '2024-07-09 16:17:25', 1, 211),
(65, 1, 7, NULL, 2, 1, 'Urine Pregnancy Test(UPT)', '1065', 118, 'urine', '200.00', '0.00', '100.00', '100.00', '100.00', '100.00', '', 0, 1, '2020-10-24 13:31:10', '2024-07-09 16:17:25', 1, 211),
(66, 1, 2, NULL, 2, 1, 'Urine Amylase', '1066', 118, 'urine', '1000.00', '0.00', '600.00', '600.00', '600.00', '600.00', '', 0, 1, '2020-10-24 13:31:52', '2024-07-09 16:17:25', 1, 211),
(67, 1, 8, NULL, 2, 1, 'Stool R/E M/E', '1067', 118, 'stool', '500.00', '0.00', '0.00', '0.00', '0.00', '0.00', '', 0, 1, '2020-10-24 13:33:50', '2024-07-09 16:17:25', 1, 211),
(68, 1, 8, NULL, 2, 1, 'Stool OBT', '1068', 188, 'stool', '500.00', '0.00', '0.00', '0.00', '0.00', '0.00', '', 0, 1, '2020-10-24 13:37:40', '2024-07-09 16:17:25', 1, 211),
(69, 1, 9, NULL, 2, 1, 'Semen Analysis', '1069', 118, 'semen', '1000.00', '0.00', '650.00', '650.00', '650.00', '650.00', '', 0, 1, '2020-10-24 13:38:52', '2024-07-09 16:17:25', 1, 211),
(71, 3, 0, NULL, 5, 0, 'USG of Whole Abdomen MCC/PVR', '1071', 102, 'usg', '1000.00', '0.00', '650.00', '650.00', '650.00', '650.00', '', 0, 1, '2020-10-24 13:49:05', '2024-07-09 16:15:35', 1, 211),
(76, 3, 0, NULL, 5, 0, 'USG of Both Breast', '1076', 102, 'usg', '1800.00', '0.00', '1170.00', '1170.00', '1170.00', '1170.00', '', 0, 1, '2020-10-24 13:55:24', '2024-07-09 16:15:35', 1, 211),
(77, 3, 0, NULL, 5, 0, 'USG of Right Breast', '1077', 102, 'usg', '1000.00', '0.00', '650.00', '650.00', '650.00', '650.00', '', 0, 1, '2020-10-24 13:56:27', '2024-07-09 16:15:35', 1, 211),
(78, 3, 0, NULL, 0, 0, 'USG of Scrotum', '1078', 102, 'usg', '1000.00', '0.00', '650.00', '650.00', '650.00', '650.00', '', 0, 1, '2020-10-24 13:57:15', '2024-07-09 16:15:35', 1, 211),
(79, 3, 0, NULL, NULL, NULL, 'USG of Both Testes', '1079', 102, 'usg', '1200.00', '0.00', '780.00', '780.00', '780.00', '780.00', '', 0, 1, '2020-10-24 13:58:06', '2024-07-09 16:15:35', 1, 211),
(80, 3, 0, NULL, NULL, NULL, 'USG of Both Testes Left/Right', '1080', 102, 'usg', '1200.00', '0.00', '780.00', '780.00', '780.00', '780.00', '', 0, 1, '2020-10-24 13:59:08', '2024-07-09 16:15:35', 1, 211),
(81, 3, 0, NULL, 0, 0, 'USG of Pregnancy Profile', '1081', 102, 'usg', '600.00', '0.00', '390.00', '390.00', '390.00', '390.00', '', 0, 1, '2020-10-24 14:00:00', '2024-07-09 16:15:35', 1, 211),
(82, 7, 0, NULL, 0, 0, 'X-Ray Chest CXR P/A', '1082', 103, 'xray', '600.00', '0.00', '490.00', '490.00', '490.00', '490.00', '', 0, 1, '2020-10-24 14:01:36', '2024-07-12 16:24:14', 1, 211),
(83, 7, 0, NULL, 0, 0, 'X-Ray Plain KUB', '1083', 103, 'xray', '700.00', '0.00', '490.00', '490.00', '490.00', '490.00', '', 0, 1, '2020-10-24 14:02:27', '2024-07-12 16:24:14', 1, 211),
(84, 7, 0, NULL, 0, 0, 'X-Ray Skull B/V(AP).', '1084', 103, 'xray', '700.00', '0.00', '490.00', '490.00', '490.00', '490.00', '', 0, 1, '2020-10-24 15:56:01', '2024-07-12 16:24:14', 1, 211),
(85, 7, 0, NULL, NULL, NULL, 'X-Ray Skull B/V(AP)', '1085', 103, '', '700.00', '0.00', '490.00', '490.00', '490.00', '490.00', '', 0, 1, '2020-10-24 15:58:09', '2024-07-12 16:24:14', 1, 211),
(86, 7, 0, NULL, NULL, NULL, 'X-Ray Nasopharynx', '1086', 103, 'xray', '500.00', '0.00', '350.00', '350.00', '350.00', '350.00', '', 0, 1, '2020-10-24 15:59:30', '2024-07-12 16:24:14', 1, 211),
(87, 7, 0, NULL, 0, 0, 'X-Ray PNS O/M VIEW', '1087', 103, 'xray', '500.00', '0.00', '350.00', '350.00', '350.00', '350.00', '', 0, 1, '2020-10-24 16:00:15', '2024-07-12 16:24:14', 1, 211),
(88, 7, 0, NULL, NULL, NULL, 'X-Ray Abdomen Supine/Erect, PA/AP', '1088', 103, 'xray', '700.00', '0.00', '490.00', '490.00', '490.00', '490.00', '', 0, 1, '2020-10-24 16:01:26', '2024-07-12 16:24:14', 1, 211),
(89, 7, 0, NULL, 0, 0, 'X-Ray Cervical Spine B/V', '1089', 103, 'xray', '600.00', '0.00', '450.00', '450.00', '450.00', '450.00', '', 0, 1, '2020-10-24 16:02:21', '2024-11-06 14:06:12', 1, 211),
(92, 7, 0, NULL, NULL, NULL, 'X-Ray Clavicle B/V', '1092', 103, 'xray', '500.00', '0.00', '350.00', '350.00', '350.00', '350.00', '', 0, 1, '2020-10-24 16:04:59', '2024-07-12 16:24:14', 1, 211),
(93, 7, 0, NULL, NULL, NULL, 'X-Ray Ba-Meal & Flow Through', '1093', 103, 'xray', '1500.00', '0.00', '1050.00', '1050.00', '1050.00', '1050.00', '', 0, 1, '2020-10-24 16:05:49', '2024-07-12 16:24:14', 1, 211),
(95, 7, 0, NULL, NULL, NULL, 'X-Ray Ba-Meal Stomatch', '1095', 103, 'xray', '1500.00', '0.00', '1050.00', '1050.00', '1050.00', '1050.00', '', 0, 1, '2020-10-24 16:07:45', '2024-07-12 16:24:14', 1, 211),
(96, 7, 0, NULL, 0, 0, 'X-Ray IVU (Without Contrast)', '1096', 103, 'xray', '2000.00', '0.00', '1400.00', '1400.00', '1400.00', '1400.00', '', 0, 1, '2020-10-24 16:08:31', '2024-07-12 16:24:14', 1, 211),
(97, 7, 0, NULL, 0, 0, 'X-Ray RGU, MCU (Without Contrast)', '1097', 103, 'xray', '3500.00', '0.00', '2450.00', '2450.00', '2450.00', '2450.00', '', 0, 1, '2020-10-24 16:09:28', '2024-07-12 16:24:14', 1, 211),
(100, 7, 0, NULL, NULL, NULL, 'X-Ray Pelvis', '1100', 103, 'xray', '700.00', '0.00', '490.00', '490.00', '490.00', '490.00', '', 0, 1, '2020-10-25 11:31:30', '2024-07-12 16:24:14', 1, 211),
(101, 7, 0, NULL, NULL, NULL, 'X-Ray D/L Spine B/V', '1101', 103, 'xray', '700.00', '0.00', '490.00', '490.00', '490.00', '490.00', '', 0, 1, '2020-10-25 11:32:45', '2024-07-12 16:24:14', 1, 211),
(102, 7, 0, NULL, 0, 0, 'X-Ray Lumber Spine B/V', '1102', 103, 'xray', '700.00', '0.00', '560.00', '560.00', '560.00', '560.00', '', 0, 1, '2020-10-25 11:33:35', '2024-07-12 16:24:14', 1, 211),
(103, 7, 0, NULL, 0, 0, 'X-Ray Pelvis.100%', '1103', 103, 'xray', '700.00', '0.00', '490.00', '490.00', '490.00', '490.00', '', 0, 1, '2020-10-25 11:34:22', '2024-07-12 16:24:14', 1, 211),
(104, 7, 0, NULL, NULL, NULL, 'X-Ray D/L Spine B/V.', '1104', 103, 'xray', '700.00', '0.00', '490.00', '490.00', '490.00', '490.00', '', 0, 1, '2020-10-25 11:35:24', '2024-07-12 16:24:14', 1, 211),
(105, 7, 0, NULL, 0, 0, 'X-Ray Lumber Spine B/V.100%', '1105', 103, 'xray', '700.00', '0.00', '490.00', '490.00', '490.00', '490.00', '', 0, 1, '2020-10-25 11:36:28', '2024-07-12 16:24:14', 1, 211),
(110, 4, 0, NULL, 0, 0, 'ECG', '1110', 116, 'ecg', '200.00', '0.00', '150.00', '150.00', '150.00', '150.00', '', 0, 1, '2020-10-26 21:06:34', '2024-07-09 16:18:58', 1, 211),
(111, 5, 0, NULL, 5, 0, 'ECHO', '1111', 204, 'echo', '1500.00', '0.00', '1100.00', '1100.00', '1100.00', '1100.00', '', 0, 1, '2020-10-26 21:07:07', '2024-06-08 13:02:43', 1, 211),
(112, 5, 0, NULL, 5, 0, 'ECHO (Doplar)', '1112', 204, 'echo', '2000.00', '0.00', '1400.00', '1400.00', '1400.00', '1400.00', '', 0, 1, '2020-10-26 21:10:58', '2024-06-08 13:02:43', 1, 211),
(113, 6, 0, NULL, 0, 0, 'Uroflowmetry', '1113', 104, 'urine', '800.00', '0.00', '800.00', '800.00', '800.00', '800.00', '', 0, 1, '2020-10-26 21:11:57', '2023-06-22 12:36:36', 1, 1),
(114, 1, 4, NULL, 2, 1, 'Skin Scarping For Fungus', '1114', 118, 'skin', '1500.00', '0.00', '1000.00', '1000.00', '1000.00', '1000.00', '', 0, 1, '2020-10-26 21:15:39', '2024-07-09 16:17:25', 1, 211),
(115, 1, 11, NULL, 2, 1, 'Vitamin-D3', '1115', 118, 'blood', '3500.00', '0.00', '2450.00', '2450.00', '2450.00', '2450.00', '', 0, 1, '2020-10-26 21:18:42', '2024-07-09 16:17:25', 1, 211),
(116, 1, 9, NULL, 2, 1, 'Gram Staining', '1116', 118, 'blood', '800.00', '0.00', '520.00', '520.00', '520.00', '520.00', '', 0, 1, '2020-10-26 21:20:03', '2024-07-09 16:17:25', 1, 211),
(117, 1, 4, NULL, 2, 1, 'Pus for C/S', '1117', 118, 'blood', '1000.00', '0.00', '700.00', '700.00', '700.00', '700.00', '', 0, 1, '2020-10-26 21:21:45', '2024-07-09 16:17:25', 1, 211),
(118, 1, 2, NULL, 0, 0, 'RBS', '1118', 118, 'blood', '100.00', '0.00', '80.00', '80.00', '80.00', '80.00', '', 0, 1, '2020-10-28 12:10:46', '2024-07-09 16:17:25', 1, 211),
(119, 1, 2, NULL, 2, 1, 'PPBS 2 Hours', '1119', 118, 'blood', '150.00', '0.00', '80.00', '80.00', '80.00', '80.00', '', 0, 1, '2020-10-28 12:11:43', '2024-07-09 16:17:25', 1, 211),
(120, 1, 2, NULL, 2, 1, 'FBS', '1120', 118, 'blood', '150.00', '0.00', '80.00', '80.00', '80.00', '80.00', '', 0, 1, '2020-10-28 12:12:16', '2024-07-09 16:17:25', 1, 211),
(121, 1, 2, NULL, 2, 1, '2 Hours After 75gm Glucose', '1121', 118, 'blood', '150.00', '0.00', '80.00', '80.00', '80.00', '80.00', '', 0, 1, '2020-10-28 12:13:10', '2024-07-09 16:17:25', 1, 211),
(122, 1, 2, NULL, 2, 1, 'GTT', '1122', 118, 'blood', '300.00', '0.00', '180.00', '180.00', '180.00', '180.00', '', 0, 1, '2020-10-28 12:16:52', '2024-07-09 16:17:25', 1, 211),
(123, 1, 2, NULL, 2, 1, 'S. Cholesterol', '1123', 118, 'blood', '600.00', '0.00', '300.00', '300.00', '300.00', '300.00', '', 0, 1, '2020-10-28 12:19:08', '2024-07-09 16:17:25', 1, 211),
(124, 1, 3, NULL, 2, 1, 'S.IGE', '1124', 118, 'blood', '1500.00', '0.00', '900.00', '900.00', '900.00', '900.00', '', 0, 1, '2020-10-28 12:35:11', '2024-07-09 16:17:25', 1, 211),
(125, 1, 3, NULL, 2, 1, 'Rheumatoid Factor(R/A)', '1125', 118, 'blood', '400.00', '0.00', '200.00', '200.00', '200.00', '200.00', '', 0, 1, '2020-10-29 00:51:49', '2024-07-09 16:17:25', 1, 211),
(126, 3, 0, NULL, 4, 0, 'USG of Panis', '1126', 102, 'usg', '1000.00', '0.00', '650.00', '650.00', '650.00', '650.00', '', 0, 1, '2020-10-29 11:00:52', '2024-07-09 16:15:35', 1, 211),
(127, 7, 0, NULL, 0, 0, 'X-Ray L/T Shoulder B/V', '1127', 103, 'xray', '600.00', '0.00', '450.00', '450.00', '450.00', '450.00', '', 0, 1, '2020-10-29 12:21:10', '2024-11-06 14:05:08', 1, 211),
(128, 7, 0, NULL, 0, 0, 'X-Ray R/T Shoulder B/V', '1128', 103, 'xray', '600.00', '0.00', '450.00', '450.00', '450.00', '450.00', '', 0, 1, '2020-10-29 12:21:41', '2024-11-06 14:05:28', 1, 211),
(129, 7, 0, NULL, NULL, NULL, 'X-Ray Both Shoulder B/V', '1129', 103, 'xray', '800.00', '0.00', '560.00', '560.00', '560.00', '560.00', '', 0, 1, '2020-10-29 12:22:29', '2024-07-12 16:24:14', 1, 211),
(130, 1, 11, NULL, 2, 1, 'Anti HBC', '1130', 118, 'blood', '1500.00', '0.00', '1050.00', '1050.00', '1050.00', '1050.00', '', 0, 1, '2020-10-29 13:33:23', '2024-07-09 16:17:25', 1, 211),
(131, 7, 0, NULL, NULL, NULL, 'X-Ray L/T Foot B/V', '1131', 103, 'xray', '500.00', '0.00', '350.00', '350.00', '350.00', '350.00', '', 0, 1, '2020-10-29 14:10:34', '2024-07-12 16:24:14', 1, 211),
(132, 7, 0, NULL, NULL, NULL, 'X-Ray R/T Foot B/V', '1132', 103, 'xray', '500.00', '0.00', '350.00', '350.00', '350.00', '350.00', '', 0, 1, '2020-10-29 14:11:24', '2024-07-12 16:24:14', 1, 211),
(133, 8, 0, NULL, 0, 0, 'Endoscopy Upper Gi', '1133', 204, 'usg', '2000.00', '0.00', '1500.00', '1500.00', '1500.00', '1500.00', '', 0, 1, '2020-10-29 14:15:34', '2023-06-22 12:36:18', 1, 1),
(134, 7, 0, NULL, NULL, NULL, 'Ba Meal  & Through', '1134', 103, 'xray', '1500.00', '0.00', '1050.00', '1050.00', '1050.00', '1050.00', '', 0, 1, '2020-10-29 14:32:16', '2024-07-12 16:24:14', 1, 211),
(135, 7, 0, NULL, 0, 0, 'Be Meal Stomatch', '1135', 103, 'xray', '1500.00', '0.00', '1050.00', '1050.00', '1050.00', '1050.00', '', 0, 1, '2020-10-29 14:36:43', '2024-07-12 16:24:14', 1, 211),
(136, 7, 0, NULL, 0, 0, 'X-Ray R/T HIP Joint B/V', '1136', 103, 'xray', '700.00', '0.00', '490.00', '490.00', '490.00', '490.00', '', 0, 1, '2020-10-29 17:24:29', '2024-07-12 16:24:14', 1, 211),
(137, 7, 0, NULL, 0, 0, 'X-Ray L/T HIP Joint B/V', '1137', 103, 'xray', '700.00', '0.00', '490.00', '490.00', '490.00', '490.00', '', 0, 1, '2020-10-29 17:25:03', '2024-07-12 16:24:14', 1, 211),
(138, 7, 0, NULL, 0, 0, 'X-Ray R/T Knee Joint B/V', '1138', 103, 'xray', '500.00', '0.00', '350.00', '350.00', '350.00', '350.00', '', 0, 1, '2020-10-29 17:27:24', '2024-07-12 16:24:14', 1, 211),
(139, 7, 0, NULL, 0, 0, 'X-Ray L/T Knee Joint B/V', '1139', 103, 'xray', '500.00', '0.00', '350.00', '350.00', '350.00', '350.00', '', 0, 1, '2020-10-29 17:28:26', '2024-07-12 16:24:14', 1, 211),
(140, 7, 0, NULL, 0, 0, 'X-Ray Both Knee Joint B/V', '1140', 103, 'xray', '1000.00', '0.00', '700.00', '700.00', '700.00', '700.00', '', 0, 1, '2020-10-29 17:30:19', '2024-07-12 16:24:14', 1, 211),
(141, 7, 0, NULL, 0, 0, 'X-Ray Both HIP Joint B/V', '1141', 103, 'xray', '1400.00', '0.00', '1200.00', '1200.00', '1200.00', '1200.00', '', 0, 1, '2020-10-29 17:31:31', '2024-11-06 14:04:20', 1, 211),
(142, 7, 0, NULL, 0, 0, 'X-Ray R/T Ankle B/V', '1142', 103, 'xray', '500.00', '0.00', '350.00', '350.00', '350.00', '350.00', '', 0, 1, '2020-10-29 17:37:11', '2024-07-12 16:24:14', 1, 211),
(143, 7, 0, NULL, 0, 0, 'X-Ray L/T Ankle B/V', '1143', 103, 'xray', '500.00', '0.00', '350.00', '350.00', '350.00', '350.00', '', 0, 1, '2020-10-29 17:37:40', '2024-07-12 16:24:14', 1, 211),
(144, 7, 0, NULL, 0, 0, 'X-Ray Both Ankle B/V', '1144', 103, '', '1000.00', '0.00', '700.00', '700.00', '700.00', '700.00', '', 0, 1, '2020-10-29 17:38:42', '2024-07-12 16:24:14', 1, 211),
(145, 7, 0, NULL, 0, 0, 'X-Ray R/T Leg B/V', '1145', 103, 'xray', '700.00', '0.00', '490.00', '490.00', '490.00', '490.00', '', 0, 1, '2020-10-29 17:39:35', '2024-07-12 16:24:14', 1, 211),
(146, 7, 0, NULL, 0, 0, 'X-Ray L/T Leg B/V', '1146', 103, 'xray', '700.00', '0.00', '490.00', '490.00', '490.00', '490.00', '', 0, 1, '2020-10-29 17:40:32', '2024-07-12 16:24:14', 1, 211),
(147, 7, 0, NULL, 0, 0, 'X-Ray Both Leg B/V', '1147', 103, 'xray', '1200.00', '0.00', '560.00', '560.00', '560.00', '560.00', '', 0, 1, '2020-10-29 17:42:15', '2024-07-12 16:24:14', 1, 211),
(148, 7, 0, NULL, 0, 0, 'X-Ray R/T ARM B/V', '1148', 103, 'xray', '500.00', '0.00', '350.00', '350.00', '350.00', '350.00', '', 0, 1, '2020-10-29 17:44:10', '2024-07-12 16:24:14', 1, 211),
(149, 7, 0, NULL, 0, 0, 'X-Ray L/T ARM B/V', '1149', 103, 'xray', '500.00', '0.00', '350.00', '350.00', '350.00', '350.00', '', 0, 1, '2020-10-29 17:44:42', '2024-07-12 16:24:14', 1, 211),
(150, 7, 0, NULL, 0, 0, 'X-Ray Both ARM B/V', '1150', 103, 'xray', '1200.00', '0.00', '560.00', '560.00', '560.00', '560.00', '', 0, 1, '2020-10-29 17:45:23', '2024-07-12 16:24:14', 1, 211),
(151, 7, 0, NULL, 0, 0, 'X-Ray R/T Elbow Joint B/V', '1151', 103, 'xray', '500.00', '0.00', '350.00', '350.00', '350.00', '350.00', '', 0, 1, '2020-10-29 17:46:17', '2024-07-12 16:24:14', 1, 211),
(152, 7, 0, NULL, 0, 0, 'X-Ray  L/T Elbow Joint B/V', '1152', 103, 'xray', '500.00', '0.00', '350.00', '350.00', '350.00', '350.00', '', 0, 1, '2020-10-29 17:46:54', '2024-07-12 16:24:14', 1, 211),
(153, 7, 0, NULL, 0, 0, 'X-Ray Both Elbow Joint B/V', '1153', 103, 'xray', '1200.00', '0.00', '560.00', '560.00', '560.00', '560.00', '', 0, 1, '2020-10-29 17:47:47', '2024-07-12 16:24:14', 1, 211),
(154, 7, 0, NULL, NULL, NULL, 'X-Ray R/T Palam', '1154', 103, 'xray', '700.00', '0.00', '490.00', '490.00', '490.00', '490.00', '', 0, 1, '2020-10-29 17:50:10', '2024-07-12 16:24:14', 1, 211),
(155, 7, 0, NULL, 0, 0, 'X-Ray L/T Palam', '1155', 103, 'xray', '700.00', '0.00', '490.00', '490.00', '490.00', '490.00', '', 0, 1, '2020-10-29 17:51:02', '2024-07-12 16:24:14', 1, 211),
(156, 7, 0, NULL, 0, 0, 'X-Ray Both Palam', '1156', 103, 'xray', '1200.00', '0.00', '560.00', '560.00', '560.00', '560.00', '', 0, 1, '2020-10-29 17:51:50', '2024-07-12 16:24:14', 1, 211),
(157, 7, 0, NULL, 0, 0, 'X-Ray R/T Hand B/V', '1157', 103, 'xray', '500.00', '0.00', '350.00', '350.00', '350.00', '350.00', '', 0, 1, '2020-10-29 17:54:06', '2024-07-12 16:24:14', 1, 211),
(158, 7, 0, NULL, 0, 0, 'X-Ray L/T Hand B/V', '1158', 103, 'xray', '500.00', '0.00', '350.00', '350.00', '350.00', '350.00', '', 0, 1, '2020-10-29 17:55:35', '2024-07-12 16:24:14', 1, 211),
(159, 7, 0, NULL, 0, 0, 'X-Ray Both Hand B/V', '1159', 103, 'xray', '1000.00', '0.00', '700.00', '700.00', '700.00', '700.00', '', 0, 1, '2020-10-29 17:56:21', '2024-07-12 16:24:14', 1, 211),
(160, 7, 0, NULL, 0, 0, 'X-Ray R/T Wrist B/V', '1160', 103, 'xray', '500.00', '0.00', '350.00', '350.00', '350.00', '350.00', '', 0, 1, '2020-10-29 17:57:14', '2024-07-12 16:24:14', 1, 211),
(161, 7, 0, NULL, 0, 0, 'X-Ray L/T Wrist B/V', '1161', 103, 'xray', '500.00', '0.00', '350.00', '350.00', '350.00', '350.00', '', 0, 1, '2020-10-29 17:57:46', '2024-07-12 16:24:14', 1, 211),
(162, 7, 0, NULL, 0, 0, 'X-Ray Both Wrist B/V', '1162', 103, 'xray', '1000.00', '0.00', '700.00', '700.00', '700.00', '700.00', '', 0, 1, '2020-10-29 17:59:06', '2024-07-12 16:24:14', 1, 211),
(163, 2, 0, NULL, 0, 0, 'CT Scan of Brain', '1163', 102, '', '3500.00', '0.00', '2450.00', '2450.00', '2450.00', '2450.00', '', 0, 1, '2020-10-29 20:13:05', '2023-06-22 12:18:11', 1, 1),
(164, 2, 0, NULL, 0, 0, 'CT Scan of Chest', '1164', 102, '', '6000.00', '0.00', '4200.00', '4200.00', '4200.00', '4200.00', '', 0, 1, '2020-10-29 20:21:06', '2023-06-22 12:18:11', 1, 1),
(165, 2, 0, NULL, 0, 0, 'CT Scan of KUB', '1165', 102, '', '10000.00', '0.00', '7000.00', '7000.00', '7000.00', '7000.00', '', 0, 1, '2020-10-29 20:22:45', '2023-06-22 12:18:11', 1, 1),
(166, 7, 0, NULL, NULL, NULL, 'X-Ray R/T Leg - Ankle B/V', '1166', 103, 'xray', '700.00', '0.00', '490.00', '490.00', '490.00', '490.00', '', 0, 1, '2020-10-30 11:07:27', '2024-07-12 16:24:14', 1, 211),
(167, 1, 11, NULL, 2, 1, 'H-Pylori Antibody (Igm, Igg)', '1167', 118, 'blood', '1800.00', '0.00', '1260.00', '1260.00', '1260.00', '1260.00', '', 0, 1, '2020-10-30 11:12:47', '2024-07-09 16:17:25', 1, 211),
(168, 1, 7, NULL, 2, 1, 'Heat Coagulatias', '1168', 118, 'urine', '200.00', '0.00', '120.00', '120.00', '120.00', '120.00', '', 0, 1, '2020-10-30 12:02:35', '2024-07-09 16:17:25', 1, 211),
(169, 1, 7, NULL, 2, 1, 'Urine for PCR', '1169', 118, 'urine', '1000.00', '0.00', '600.00', '600.00', '600.00', '600.00', '', 0, 1, '2020-10-30 12:03:41', '2024-07-09 16:17:25', 1, 211),
(170, 3, 0, NULL, 0, 0, 'USG of TVS', '1170', 102, 'usg', '1800.00', '0.00', '1170.00', '1170.00', '1170.00', '1170.00', '', 0, 1, '2020-10-30 12:34:09', '2024-07-09 16:15:35', 1, 211),
(171, 7, 0, NULL, NULL, NULL, 'X-Ray Mastiad Touns View', '1171', 103, 'xray', '500.00', '0.00', '350.00', '350.00', '350.00', '350.00', '', 0, 1, '2020-10-30 12:57:03', '2024-07-12 16:24:14', 1, 211),
(172, 7, 0, NULL, 0, 0, 'X-Ray  L/T Forem B/V', '1172', 103, 'xray', '700.00', '0.00', '490.00', '490.00', '490.00', '490.00', '', 0, 1, '2020-10-31 12:53:08', '2024-07-12 16:24:14', 1, 211),
(173, 7, 0, NULL, 0, 0, 'X-Ray Chest CXR P/A 100%', '1173', 103, 'xray', '600.00', '0.00', '490.00', '490.00', '490.00', '490.00', '', 0, 1, '2020-10-31 12:55:04', '2024-07-12 16:24:14', 1, 211),
(174, 5, 0, NULL, 4, 0, 'ECHO 2D', '1174', 204, 'echo', '1200.00', '0.00', '840.00', '840.00', '840.00', '840.00', '', 0, 1, '2020-10-31 13:49:20', '2024-06-08 13:02:43', 1, 211),
(175, 1, 2, NULL, 2, 1, 's.Lipase', '1175', 118, 'blood', '1600.00', '0.00', '1200.00', '1200.00', '1200.00', '1200.00', '', 0, 1, '2020-11-04 18:56:18', '2024-07-09 16:17:25', 1, 211),
(176, 7, 0, NULL, 0, 0, 'Coccyex  B/v 100%', '1176', 103, 'xray', '700.00', '0.00', '490.00', '490.00', '490.00', '490.00', '', 0, 1, '2020-11-07 10:15:16', '2024-07-12 16:24:14', 1, 211),
(177, 7, 0, NULL, 0, 0, 'Coccyex  B /v', '1177', 103, '', '700.00', '0.00', '490.00', '490.00', '490.00', '490.00', '', 0, 1, '2020-11-07 10:16:22', '2024-07-12 16:24:14', 1, 211),
(178, 1, 5, NULL, 2, 1, 'T3', '1178', 118, 'blood', '1000.00', '0.00', '650.00', '650.00', '650.00', '650.00', '', 0, 1, '2020-11-09 11:02:29', '2024-07-09 16:17:25', 1, 211),
(179, 1, 5, NULL, 2, 1, 'T3+T4', '1179', 118, 'blood', '1800.00', '0.00', '720.00', '720.00', '720.00', '720.00', '', 0, 1, '2020-11-09 11:03:25', '2024-07-09 16:17:25', 1, 211),
(180, 1, 5, NULL, 2, 1, 'T3+TSH', '1180', 118, 'blood', '1800.00', '0.00', '1170.00', '1170.00', '1170.00', '1170.00', '', 0, 1, '2020-11-09 11:04:29', '2024-07-09 16:17:25', 1, 211),
(181, 1, 7, NULL, 2, 1, 'Urine C/S+Urine R/E', '1181', 118, 'urine', '1200.00', '0.00', '780.00', '780.00', '780.00', '780.00', '', 0, 1, '2020-11-09 11:06:54', '2024-07-09 16:17:25', 1, 211),
(182, 7, 0, NULL, 0, 0, 'Both heel  lateral view', '1182', 103, 'xray', '1000.00', '0.00', '700.00', '700.00', '700.00', '700.00', '', 0, 1, '2020-11-13 08:55:12', '2024-07-12 16:24:14', 1, 211),
(183, 7, 0, NULL, 0, 0, 'Xray RT HEEL LATERAL VIEW ,', '1183', 103, 'xray', '500.00', '0.00', '350.00', '350.00', '350.00', '350.00', '', 0, 1, '2020-11-13 08:56:51', '2024-07-12 16:24:14', 1, 211),
(184, 7, 0, NULL, 0, 0, 'Lt, Leg e`ankle xt B/v', '1184', 103, 'xray', '700.00', '0.00', '490.00', '490.00', '490.00', '490.00', '', 0, 1, '2020-11-13 09:20:00', '2024-07-12 16:24:14', 1, 211),
(185, 7, 0, NULL, 0, 0, 'Lt, Clavicle A/p View', '1185', 103, 'xray', '700.00', '0.00', '490.00', '490.00', '490.00', '490.00', '', 0, 1, '2020-11-13 09:21:14', '2024-07-12 16:24:14', 1, 211),
(186, 7, 0, NULL, 0, 0, 'Both Shoulder A/p View', '1186', 103, 'xray', '1000.00', '0.00', '700.00', '700.00', '700.00', '700.00', '', 0, 1, '2020-11-13 09:31:38', '2024-07-12 16:24:14', 1, 211),
(187, 7, 0, NULL, 0, 0, 'Xray Lt Thigh B/V', '1187', 103, 'xray', '700.00', '0.00', '490.00', '490.00', '490.00', '490.00', '', 0, 1, '2020-11-13 11:38:04', '2024-07-12 16:24:14', 1, 211),
(188, 7, 0, NULL, 0, 0, 'Xray RT Thigh B/v', '1188', 103, 'xray', '700.00', '0.00', '490.00', '490.00', '490.00', '490.00', '', 0, 1, '2020-11-13 11:39:05', '2024-07-12 16:24:14', 1, 211),
(189, 7, 0, NULL, 0, 0, 'Both thigh B/v', '1189', 103, 'xray', '1200.00', '0.00', '560.00', '560.00', '560.00', '560.00', '', 0, 1, '2020-11-13 11:40:20', '2024-07-12 16:24:14', 1, 211),
(190, 1, 2, NULL, 2, 1, '2 Hours ABF', '1190', 118, 'blood', '150.00', '0.00', '80.00', '80.00', '80.00', '80.00', '', 0, 1, '2020-11-14 09:55:32', '2024-07-09 16:17:25', 1, 211),
(191, 7, 0, NULL, 0, 0, 'Pelvis A/p View e~ Both Hip xt-100%', '1191', 103, 'xray', '700.00', '0.00', '490.00', '490.00', '490.00', '490.00', '', 0, 1, '2020-11-14 11:27:40', '2024-07-12 16:24:14', 1, 211),
(192, 3, 0, NULL, 5, 0, 'USG OF NECK', '1192', 102, 'usg', '1800.00', '0.00', '1170.00', '1170.00', '1170.00', '1170.00', '', 0, 1, '2020-11-16 17:49:04', '2024-07-09 16:15:35', 1, 211),
(193, 7, 0, NULL, 0, 0, 'Lt,Foream B/V', '1193', 103, 'xray', '700.00', '0.00', '490.00', '490.00', '490.00', '490.00', '', 0, 1, '2020-11-20 09:09:26', '2024-07-12 16:24:14', 1, 211),
(194, 3, 0, NULL, NULL, NULL, 'Colour Dopler Of Right Lower Limb', '1194', 102, 'usg', '1700.00', '0.00', '1105.00', '1105.00', '1105.00', '1105.00', '', 0, 1, '2020-11-21 13:08:23', '2024-07-09 16:15:35', 1, 211),
(195, 3, 0, NULL, NULL, NULL, 'Colour Dopler Of Both Lower Limb', '1195', 102, 'usg', '3000.00', '0.00', '1950.00', '1950.00', '1950.00', '1950.00', '', 0, 1, '2020-11-21 13:10:09', '2024-07-09 16:15:35', 1, 211),
(196, 7, 0, NULL, 0, 0, 'Rt From Arm B/v', '1196', 103, 'xray', '700.00', '0.00', '490.00', '490.00', '490.00', '490.00', '', 0, 1, '2020-11-26 12:13:56', '2024-07-12 16:24:14', 1, 211),
(197, 7, 0, NULL, 0, 0, 'Pelvis A/p View e~ Both Hip', '1197', 103, 'xray', '700.00', '0.00', '490.00', '490.00', '490.00', '490.00', '', 0, 1, '2020-11-26 14:36:34', '2024-07-12 16:24:14', 1, 211),
(198, 1, 7, NULL, 2, 1, 'Urine for ACR', '1198', 118, 'urine', '1000.00', '0.00', '650.00', '650.00', '650.00', '650.00', '', 0, 1, '2020-11-26 20:49:26', '2024-07-09 16:17:25', 1, 211),
(199, 1, 11, NULL, 2, 1, 'Vitamin D3 Level', '1199', 118, 'blood', '3500.00', '0.00', '2450.00', '2450.00', '2450.00', '2450.00', '', 0, 1, '2020-11-30 15:11:39', '2024-07-09 16:17:25', 1, 211),
(200, 1, 6, NULL, 2, 1, 'Ca -125', '1200', 118, 'blood', '1600.00', '0.00', '1120.00', '1120.00', '1120.00', '1120.00', '', 5, 1, '2020-11-30 18:52:15', '2024-07-09 16:17:25', 1, 211),
(201, 1, 11, NULL, 2, 1, 'S.Ferittin', '1201', 118, 'blood', '1500.00', '0.00', '1050.00', '1050.00', '1050.00', '1050.00', '', 0, 1, '2020-11-30 20:48:43', '2024-07-09 16:17:25', 1, 211),
(202, 7, 0, NULL, 0, 0, 'S/I JOINT B/V', '1202', 103, 'xray', '700.00', '0.00', '490.00', '490.00', '490.00', '490.00', '', 0, 1, '2020-12-02 15:16:12', '2024-07-12 16:24:14', 1, 211),
(203, 1, 11, NULL, 2, 1, 'HLA B 27', '1203', 118, 'blood', '3500.00', '0.00', '2450.00', '2450.00', '2450.00', '2450.00', '', 0, 1, '2020-12-02 15:19:23', '2024-07-09 16:17:25', 1, 211),
(204, 1, 5, NULL, 2, 1, 'T4', '1204', 118, 'blood', '1000.00', '0.00', '650.00', '650.00', '650.00', '650.00', '', 0, 1, '2020-12-02 16:23:47', '2024-07-09 16:17:25', 1, 211),
(205, 3, 0, NULL, 5, 0, 'USG OF THYROID', '1205', 102, 'usg', '1000.00', '0.00', '650.00', '650.00', '650.00', '650.00', '', 0, 1, '2020-12-03 15:29:53', '2024-07-09 16:15:35', 1, 211),
(206, 1, 11, NULL, 2, 1, 'D-Dimer', '1206', 118, 'blood', '2500.00', '0.00', '1750.00', '1750.00', '1750.00', '1750.00', '', 0, 1, '2020-12-05 08:51:33', '2024-07-09 16:17:25', 1, 211),
(207, 1, 11, NULL, 2, 1, 'Anti HCV', '1207', 118, 'blood', '1800.00', '0.00', '1260.00', '1260.00', '1260.00', '1260.00', '', 0, 1, '2020-12-10 16:21:27', '2024-07-09 16:17:25', 1, 211),
(208, 7, 0, NULL, 0, 0, 'Rt,Leg e`Knee  Xt B/V', '1208', 103, 'xray', '700.00', '0.00', '490.00', '490.00', '490.00', '490.00', '', 0, 1, '2020-12-11 11:28:02', '2024-07-12 16:24:14', 1, 211),
(209, 7, 0, NULL, 0, 0, 'Xray-Lt Forearm e~ Wrist  B/V', '1209', 103, 'xray', '700.00', '0.00', '490.00', '490.00', '490.00', '490.00', '', 0, 1, '2020-12-15 14:50:43', '2024-07-12 16:24:14', 1, 211),
(210, 7, 0, NULL, 0, 0, 'Chest Lateral View', '1210', 103, 'xray', '700.00', '0.00', '490.00', '490.00', '490.00', '490.00', '', 0, 1, '2020-12-18 09:06:42', '2024-07-12 16:24:14', 1, 211),
(211, 3, 0, NULL, 0, 0, 'Sub Mental Swelling', '1211', 102, 'usg', '1000.00', '0.00', '650.00', '650.00', '650.00', '650.00', '', 0, 1, '2020-12-18 19:17:02', '2024-07-09 16:15:35', 1, 211),
(212, 7, 0, NULL, 0, 0, 'Both Foot B/V', '1212', 103, 'xray', '1000.00', '0.00', '700.00', '700.00', '700.00', '700.00', '', 0, 1, '2020-12-19 16:35:04', '2024-07-12 16:24:14', 1, 211),
(213, 3, 0, NULL, 5, 0, 'Usg Of Chest', '1213', 102, 'usg', '800.00', '0.00', '520.00', '520.00', '520.00', '520.00', '', 0, 1, '2020-12-20 16:40:12', '2024-07-09 16:15:35', 1, 211),
(214, 1, 2, NULL, 2, 1, 'S.Iron', '1214', 118, 'blood', '1200.00', '0.00', '700.00', '700.00', '700.00', '700.00', '', 0, 1, '2020-12-22 16:34:25', '2024-07-09 16:17:25', 1, 211),
(215, 7, 0, NULL, 0, 0, 'Xray R/t From B/V e`Wrist XT', '1215', 103, 'xray', '700.00', '0.00', '490.00', '490.00', '490.00', '490.00', '', 0, 1, '2020-12-24 18:10:18', '2024-07-12 16:24:14', 1, 211),
(216, 7, 0, NULL, 0, 0, 'Xray Nasal Bone Lateral  View', '1216', 103, 'xray', '500.00', '0.00', '350.00', '350.00', '350.00', '350.00', '', 0, 1, '2020-12-26 19:41:49', '2024-07-12 16:24:14', 1, 211),
(217, 7, 0, NULL, 0, 0, 'Xray- TM Joint', '1217', 103, 'xray', '500.00', '0.00', '350.00', '350.00', '350.00', '350.00', '', 0, 1, '2020-12-30 13:54:54', '2024-07-12 16:24:14', 1, 211),
(218, 3, 0, NULL, 0, 0, 'Duplex Study Of Left Lower Limb', '1218', 102, 'usg', '2500.00', '0.00', '1625.00', '1625.00', '1625.00', '1625.00', '', 0, 1, '2020-12-31 16:13:19', '2024-07-09 16:15:35', 1, 211),
(219, 1, 2, NULL, 2, 1, 'S Phosphate (PO4)', '1219', 118, 'blood', '1500.00', '0.00', '1000.00', '1000.00', '1000.00', '1000.00', '', 0, 1, '2021-01-01 11:15:13', '2024-06-08 10:29:16', 1, 211),
(220, 1, 2, NULL, 2, 1, 'LFT', '1220', 118, 'blood', '1600.00', '0.00', '1000.00', '1000.00', '1000.00', '1000.00', '', 0, 1, '2021-01-02 12:15:55', '2024-06-08 10:29:16', 1, 211),
(221, 7, 0, NULL, 0, 0, 'Xray Nose Lateral View', '1221', 103, 'xray', '500.00', '0.00', '350.00', '350.00', '350.00', '350.00', '', 0, 1, '2021-01-02 15:49:31', '2024-07-12 16:24:14', 1, 211),
(222, 7, 0, NULL, 0, 0, 'Xray Neck', '1222', 103, 'xray', '500.00', '0.00', '350.00', '350.00', '350.00', '350.00', '', 0, 1, '2021-01-03 16:36:38', '2024-07-12 16:24:14', 1, 211),
(223, 7, 0, NULL, 0, 0, 'Xray Soft Tissue Neck Lateral View', '1223', 103, 'xray', '500.00', '0.00', '350.00', '350.00', '350.00', '350.00', '', 0, 1, '2021-01-04 16:13:25', '2024-07-12 16:24:14', 1, 211),
(224, 1, 0, NULL, 2, 1, 'FNAC', '1224', 211, 'blood', '2000.00', '0.00', '0.00', '0.00', '0.00', '0.00', '', 0, 1, '2021-01-05 11:54:43', '2022-12-28 20:12:45', 1, 2),
(225, 1, 11, NULL, 2, 1, 'Dengue NS 1', '1225', 118, 'blood', '600.00', '0.00', '420.00', '420.00', '420.00', '420.00', '', 0, 1, '2021-01-07 15:03:17', '2024-06-08 12:58:53', 1, 211),
(226, 7, 0, NULL, 0, 0, 'Xray PLAIN KUB    100%', '1226', 103, 'xray', '700.00', '0.00', '490.00', '490.00', '490.00', '490.00', '', 0, 1, '2021-01-08 12:49:26', '2024-07-12 16:24:14', 1, 211),
(227, 1, 11, NULL, 2, 1, 'AC TH', '1227', 118, 'blood', '2500.00', '0.00', '1750.00', '1750.00', '1750.00', '1750.00', '', 0, 1, '2021-01-11 20:00:39', '2024-06-08 12:58:53', 1, 211),
(228, 1, 2, NULL, 2, 1, 'S.Iron Profile', '1228', 118, 'blood', '2800.00', '0.00', '2000.00', '2000.00', '2000.00', '2000.00', '', 0, 1, '2021-01-12 14:19:38', '2024-06-08 10:29:16', 1, 211),
(229, 3, 0, NULL, NULL, NULL, 'Colour Dopler USG Of Both Testis', '1229', 102, 'usg', '2000.00', '0.00', '1300.00', '1300.00', '1300.00', '1300.00', '', 0, 1, '2021-01-14 14:22:12', '2024-07-09 16:15:35', 1, 211),
(230, 3, 0, NULL, 5, 0, 'Usg Lt Buttok', '1230', 102, 'usg', '1000.00', '0.00', '650.00', '650.00', '650.00', '650.00', '', 0, 1, '2021-01-25 09:29:37', '2024-07-09 16:15:35', 1, 211),
(231, 1, 11, NULL, 2, 1, 'PRO BNP', '1231', 118, 'blood', '2500.00', '0.00', '1750.00', '1750.00', '1750.00', '1750.00', '', 0, 1, '2021-01-25 15:12:24', '2024-06-08 12:58:53', 1, 211),
(232, 7, 0, NULL, 0, 0, 'Xray Rt Great Toe B/V', '1232', 103, 'xray', '500.00', '0.00', '350.00', '350.00', '350.00', '350.00', '', 0, 1, '2021-01-30 09:06:46', '2024-07-12 16:24:14', 1, 211),
(233, 7, 0, NULL, 0, 0, 'Xray RT Scapola B/V 100%', '1233', 103, 'xray', '500.00', '0.00', '350.00', '350.00', '350.00', '350.00', '', 0, 1, '2021-02-05 09:38:30', '2024-07-12 16:24:14', 1, 211),
(234, 7, 0, NULL, 0, 0, 'Xray RT Scapola B/V', '1234', 103, 'xray', '500.00', '0.00', '350.00', '350.00', '350.00', '350.00', '', 0, 1, '2021-02-05 09:39:21', '2024-07-12 16:24:14', 1, 211),
(235, 1, 11, NULL, 2, 1, 'ANA', '1235', 118, 'blood', '1500.00', '0.00', '1050.00', '1050.00', '1050.00', '1050.00', '', 0, 1, '2021-02-05 11:56:03', '2024-06-08 12:58:53', 1, 211),
(236, 1, 4, NULL, 2, 1, 'NAIL SCRAPING FOR FUNGUS', '1236', 118, 'skin', '1000.00', '0.00', '700.00', '700.00', '700.00', '700.00', '', 0, 1, '2021-02-05 12:06:53', '2024-06-08 11:56:25', 1, 211),
(237, 1, 2, NULL, 2, 1, 'Protein Electroforsis', '1237', 118, 'blood', '3500.00', '0.00', '2700.00', '2700.00', '2700.00', '2700.00', '', 0, 1, '2021-02-07 16:53:16', '2024-06-08 10:29:16', 1, 211),
(238, 1, 2, NULL, 2, 1, 'HBV-DNA (PCR)', '1238', 118, 'blood', '0.00', '0.00', '0.00', '0.00', '0.00', '0.00', '', 0, 1, '2021-02-12 12:01:16', '2024-06-08 10:29:16', 1, 211),
(239, 3, 0, NULL, NULL, NULL, 'Usg Of Neck Mass soft  Tissue', '1239', 102, '', '1000.00', '0.00', '650.00', '650.00', '650.00', '650.00', '', 0, 1, '2021-02-12 16:23:20', '2024-07-09 16:15:35', 1, 211),
(240, 3, 0, NULL, NULL, NULL, 'Scrotum with Colour Doppler Study', '1240', 102, 'usg', '1800.00', '0.00', '1170.00', '1170.00', '1170.00', '1170.00', '', 0, 1, '2021-02-16 15:42:12', '2024-07-09 16:15:35', 1, 211),
(241, 7, 0, NULL, 0, 0, 'Xray- LT Ring Finger B/V', '1241', 103, 'xray', '500.00', '0.00', '350.00', '350.00', '350.00', '350.00', '', 0, 1, '2021-02-19 17:01:06', '2024-07-12 16:24:14', 1, 211),
(242, 1, 9, NULL, 2, 1, 'BLOOD FOR  C/S', '1242', 118, 'blood', '1600.00', '0.00', '1040.00', '1040.00', '1040.00', '1040.00', '', 0, 1, '2021-02-23 11:18:28', '2024-06-08 12:41:14', 1, 211),
(243, 7, 0, NULL, 0, 0, 'Xray- LT HEEL LATERAL VIEW ,', '1243', 103, 'xray', '500.00', '0.00', '350.00', '350.00', '350.00', '350.00', '', 0, 1, '2021-02-26 12:24:10', '2024-07-12 16:24:14', 1, 211),
(244, 7, 0, NULL, 0, 0, 'X-Ray Chest CXR P/A with Report', '1244', 103, 'xray', '700.00', '0.00', '490.00', '490.00', '490.00', '490.00', '', 0, 1, '2021-03-01 21:07:16', '2024-07-12 16:24:14', 1, 211),
(245, 7, 0, NULL, NULL, NULL, 'Xray LT From B/V', '1245', 103, 'xray', '700.00', '0.00', '490.00', '490.00', '490.00', '490.00', '', 0, 1, '2021-03-06 11:21:43', '2024-07-12 16:24:14', 1, 211),
(246, 1, 9, NULL, 2, 1, 'S.Progesteron', '1246', 118, 'blood', '1500.00', '0.00', '975.00', '975.00', '975.00', '975.00', '', 0, 1, '2021-03-06 12:05:10', '2024-06-08 12:41:14', 1, 211),
(247, 7, 0, NULL, 0, 0, 'Xray Soft Tissue Neck Both View', '1247', 103, 'xray', '1000.00', '0.00', '700.00', '700.00', '700.00', '700.00', '', 0, 1, '2021-03-07 14:40:11', '2024-07-12 16:24:14', 1, 211),
(248, 1, 9, NULL, 2, 1, 'S. Esterogen', '1248', 118, 'blood', '1300.00', '0.00', '845.00', '845.00', '845.00', '845.00', '', 0, 1, '2021-03-08 15:22:57', '2024-06-08 12:41:14', 1, 211),
(249, 7, 0, NULL, 0, 0, 'Xray-Lt Hip  e Thigh  A/P View', '1249', 103, 'xray', '700.00', '0.00', '490.00', '490.00', '490.00', '490.00', '', 0, 1, '2021-03-12 10:33:40', '2024-07-12 16:24:14', 1, 211),
(250, 7, 0, NULL, 0, 0, 'Xray-Rt Ankle e Foot B/V', '1250', 103, 'xray', '500.00', '0.00', '350.00', '350.00', '350.00', '350.00', '', 0, 1, '2021-03-13 12:24:39', '2024-07-12 16:24:14', 1, 211),
(251, 3, 0, NULL, 5, 0, 'Usg Of Neck e Doppler', '1251', 102, 'usg', '1800.00', '0.00', '1170.00', '1170.00', '1170.00', '1170.00', '', 0, 1, '2021-03-15 15:26:38', '2024-07-09 16:15:35', 1, 211),
(252, 3, 0, NULL, 5, 0, 'Usg Of Parotid  Swelling', '1252', 102, 'usg', '1000.00', '0.00', '650.00', '650.00', '650.00', '650.00', '', 0, 1, '2021-03-16 16:08:47', '2024-07-09 16:15:35', 1, 211),
(253, 7, 0, NULL, 0, 0, 'xray-Lt Great Toe', '1253', 103, 'xray', '500.00', '0.00', '350.00', '350.00', '350.00', '350.00', '', 0, 1, '2021-03-19 12:24:58', '2024-07-12 16:24:14', 1, 211),
(254, 1, 4, NULL, 0, 0, 'Stool  C/S', '1254', 118, 'stool', '800.00', '0.00', '0.00', '0.00', '0.00', '0.00', '', 0, 1, '2021-03-19 16:04:25', '2024-06-08 11:56:25', 1, 211),
(255, 7, 0, NULL, 0, 0, 'Xray- Rt Leg E Knee Ankle XT B/V', '1255', 103, 'xray', '700.00', '0.00', '490.00', '490.00', '490.00', '490.00', '', 0, 1, '2021-03-20 15:10:33', '2024-07-12 16:24:14', 1, 211),
(256, 2, 0, NULL, 0, 0, 'EEG Of Brain', '1256', 102, '', '3500.00', '0.00', '2450.00', '2450.00', '2450.00', '2450.00', '', 0, 1, '2021-03-21 15:41:16', '2023-06-22 12:18:11', 1, 1),
(257, 1, 0, NULL, 0, 0, 'Throat  For C/S', '1257', 212, '', '800.00', '0.00', '0.00', '0.00', '0.00', '0.00', '', 0, 1, '2021-03-26 11:22:54', '2022-12-28 19:17:06', 1, 2),
(258, 1, 0, NULL, 2, 2, 'B-HCG', '1258', 211, 'blood', '1600.00', '0.00', '0.00', '0.00', '0.00', '0.00', '', 0, 1, '2021-03-29 15:57:22', '2022-12-28 19:21:02', 1, 2),
(259, 1, 0, NULL, 1, 2, 'S.PTH', '1259', 2100, 'blood', '1850.00', '250.00', '1200.00', '1200.00', '1200.00', '0.00', '', 0, 1, '2021-03-29 18:26:03', '2021-06-08 20:47:27', 1, 0),
(260, 1, 9, NULL, 2, 1, 'HBSAG+HIV+VDRL', '1260', 118, 'blood', '800.00', '0.00', '520.00', '520.00', '520.00', '520.00', '', 0, 1, '2021-04-06 21:23:58', '2024-06-08 12:41:14', 1, 211),
(261, 1, 7, NULL, 0, 0, '24 Hours Urine Total protein', '1261', 118, 'urine', '1000.00', '0.00', '650.00', '650.00', '650.00', '650.00', '', 0, 1, '2021-05-08 17:58:52', '2024-06-08 12:22:32', 1, 211),
(262, 1, 9, NULL, 1, 2, 'C-A-19-9', '1262', 118, 'blood', '1600.00', '0.00', '1040.00', '1040.00', '1040.00', '1040.00', '', 0, 1, '2021-05-13 11:16:23', '2024-06-08 12:41:14', 1, 211),
(263, 1, 0, NULL, 2, 0, 'Stool R/S', '1263', 211, '', '500.00', '100.00', '300.00', '300.00', '350.00', '150.00', '', 0, 1, '2021-05-18 14:46:32', '2021-06-08 20:47:27', 1, 0),
(264, 3, 0, NULL, 5, 0, 'USG Of Soft Tissue Sweeling Of Leg', '1264', 102, 'usg', '800.00', '0.00', '520.00', '520.00', '520.00', '520.00', '', 0, 1, '2021-06-02 17:05:00', '2024-07-09 16:15:35', 1, 211),
(265, 1, 9, NULL, 0, 0, 'PM For C/S', '1265', 118, '', '1500.00', '0.00', '975.00', '975.00', '975.00', '975.00', '', 0, 1, '2021-06-18 17:31:43', '2024-06-08 12:41:14', 1, 211),
(266, 3, 0, NULL, 5, 0, 'Usg Both Side Of Perinal Absiess', '1266', 102, '', '1400.00', '0.00', '910.00', '910.00', '910.00', '910.00', '', 0, 1, '2021-06-25 10:11:05', '2024-07-09 16:15:35', 1, 211),
(267, 1, 9, NULL, 3, 1, 'IL-6', '1267', 118, 'blood', '3000.00', '0.00', '1950.00', '1950.00', '1950.00', '1950.00', '', 0, 1, '2021-06-27 10:13:41', '2024-06-08 12:41:14', 1, 211),
(268, 1, 0, NULL, 0, 0, 'C3', '1268', 214, 'blood', '1500.00', '0.00', '900.00', '900.00', '900.00', '0.00', '', 0, 1, '2021-07-09 15:59:10', '0000-00-00 00:00:00', 1, 0),
(269, 1, 0, NULL, 2, 1, 'C4', '1269', 214, 'blood', '1500.00', '0.00', '900.00', '900.00', '900.00', '0.00', '', 0, 1, '2021-07-09 15:59:59', '0000-00-00 00:00:00', 1, 0),
(270, 2, 0, NULL, 0, 0, 'MRI OF BRAIN Without  Contrust', '1270', 102, '', '6500.00', '0.00', '4550.00', '4550.00', '4550.00', '4550.00', '', 0, 1, '2021-07-11 22:08:21', '2023-06-22 12:18:11', 1, 1),
(271, 2, 0, NULL, 0, 0, 'MRI OF WHOLE SPINE Without Contrust', '1271', 102, '', '7000.00', '0.00', '4900.00', '4900.00', '4900.00', '4900.00', '', 0, 1, '2021-07-11 22:10:40', '2023-06-22 12:18:11', 1, 1),
(272, 3, 0, NULL, 5, 0, 'Usg Of Sweeling At Hand', '1272', 102, 'usg', '700.00', '0.00', '455.00', '455.00', '455.00', '455.00', '', 0, 1, '2021-07-15 13:56:17', '2024-07-09 16:15:35', 1, 211),
(273, 1, 9, NULL, 2, 1, 'Chikungunya', '1273', 118, 'blood', '1100.00', '0.00', '715.00', '715.00', '715.00', '715.00', '', 0, 1, '2021-07-22 17:37:11', '2024-06-08 12:41:14', 1, 211),
(274, 7, 0, NULL, 0, 0, 'Sinogram', '1274', 103, 'xray', '3000.00', '0.00', '2100.00', '2100.00', '2100.00', '2100.00', '', 0, 1, '2021-07-25 16:59:09', '2024-07-12 16:24:14', 1, 211),
(276, 1, 7, NULL, 0, 0, 'Bence-Jones Protein (Urine)', '1276', 118, 'urine', '600.00', '0.00', '390.00', '390.00', '390.00', '390.00', '', 0, 1, '2021-08-04 19:51:07', '2024-06-08 12:22:32', 1, 211),
(277, 7, 0, NULL, 0, 0, 'Xray Rt Elbow B/v 100%', '1277', 103, 'xray', '500.00', '0.00', '350.00', '350.00', '350.00', '350.00', '', 0, 1, '2021-08-12 20:11:09', '2024-07-12 16:24:14', 1, 211),
(278, 1, 9, NULL, 0, 0, 'Tzanck Smear test From Skin', '1278', 118, 'skin', '1400.00', '0.00', '910.00', '910.00', '910.00', '910.00', '', 0, 1, '2021-08-23 11:50:02', '2024-06-08 12:41:14', 1, 211),
(279, 2, 0, NULL, 0, 0, 'CT Of PNS', '1279', 102, '', '6000.00', '0.00', '4200.00', '4200.00', '4200.00', '4200.00', '', 0, 1, '2021-08-23 21:50:51', '2023-06-22 12:18:11', 1, 1),
(280, 1, 9, NULL, 0, 0, 'Rapid Antigen', '1280', 118, 'nasopharyngeale-swab', '1000.00', '0.00', '650.00', '650.00', '650.00', '650.00', '', 0, 1, '2021-08-25 17:34:16', '2024-06-08 12:41:14', 1, 211);
INSERT INTO `diagnostic_tests` (`id`, `department_id`, `group_id`, `medicine_id`, `tube_id`, `needle_id`, `name`, `code`, `room_no`, `specimen`, `rate`, `special_discount`, `mbbs`, `vd`, `emp`, `corporate`, `note`, `sort_by`, `status`, `created_at`, `modified_at`, `created_by`, `modified_by`) VALUES
(281, 1, 7, NULL, 0, 0, 'Ketone Bodies (Urine)', '1281', 118, 'urine', '350.00', '0.00', '230.00', '230.00', '230.00', '230.00', '', 0, 1, '2021-09-03 10:53:52', '2024-06-08 12:22:32', 1, 211),
(282, 1, 0, NULL, 0, 0, 'S.LDH', '1282', 211, 'blood', '1200.00', '350.00', '0.00', '0.00', '0.00', '0.00', '', 0, 1, '2021-09-04 08:51:24', '2022-12-28 19:00:24', 1, 2),
(283, 1, 9, NULL, 1, 3, 'ANTI DS DNA', '1283', 118, 'blood', '1500.00', '0.00', '975.00', '975.00', '975.00', '975.00', '', 0, 1, '2021-09-06 11:20:14', '2024-06-08 12:41:14', 1, 211),
(284, 1, 9, NULL, 0, 0, 'Coombs test', '1284', 118, 'blood', '1200.00', '0.00', '780.00', '780.00', '780.00', '780.00', '', 0, 1, '2021-09-09 12:46:00', '2024-06-08 12:41:14', 1, 211),
(285, 1, 9, NULL, 1, 2, 'Anti Hbs', '1285', 118, 'blood', '1800.00', '0.00', '1170.00', '1170.00', '1170.00', '1170.00', '', 0, 1, '2021-09-14 14:55:26', '2024-06-08 12:41:14', 1, 211),
(286, 2, 0, NULL, 0, 0, 'ETT (Treadmill Test)', '1286', 102, '', '3000.00', '0.00', '2250.00', '2250.00', '2250.00', '2250.00', '', 0, 1, '2021-09-24 12:10:54', '2023-06-22 12:18:11', 1, 1),
(287, 1, 0, NULL, 0, 0, 'FNAC From Neck Swelling', '1287', 211, '', '1600.00', '0.00', '1400.00', '1400.00', '1400.00', '0.00', '', 0, 1, '2021-09-26 14:29:35', '0000-00-00 00:00:00', 1, 0),
(288, 1, 2, NULL, 1, 2, 'S.TG', '1288', 118, 'blood', '500.00', '0.00', '250.00', '250.00', '250.00', '250.00', '', 0, 1, '2021-10-04 13:46:20', '2024-06-08 10:29:16', 1, 211),
(289, 3, 0, NULL, 5, 5, 'Duplex Study Of Neck Vessels', '1289', 102, 'usg', '2500.00', '0.00', '1625.00', '1625.00', '1625.00', '1625.00', '', 0, 1, '2021-10-04 16:50:57', '2024-07-09 16:15:35', 1, 211),
(290, 1, 4, NULL, 2, 1, 'Leptospira Antibody (IGG&IGM)', '1290', 118, 'blood', '2400.00', '0.00', '1800.00', '1800.00', '1800.00', '1800.00', '', 0, 1, '2021-10-10 14:39:12', '2024-06-08 11:56:25', 1, 211),
(291, 5, 0, NULL, 5, 0, 'Echo Dr zahid', '1291', 204, 'echo', '1000.00', '0.00', '700.00', '700.00', '700.00', '700.00', '', 0, 1, '2021-10-15 12:01:47', '2024-06-08 13:02:43', 1, 211),
(292, 3, 0, NULL, 4, 0, 'USg Perianal Area', '1292', 102, 'usg', '800.00', '0.00', '520.00', '520.00', '520.00', '520.00', '', 0, 1, '2021-10-19 12:49:04', '2024-07-09 16:15:35', 1, 211),
(293, 1, 12, NULL, 1, 0, 'Dengue IgG&IgM', '1293', 118, 'blood', '600.00', '0.00', '300.00', '300.00', '300.00', '300.00', '', 0, 1, '2021-10-26 10:30:06', '2024-06-08 12:59:56', 1, 211),
(294, 2, 0, NULL, 0, 0, 'CT  Scan Of Abdomen', '1294', 102, '', '14000.00', '0.00', '9800.00', '9800.00', '9800.00', '9800.00', '', 0, 1, '2021-10-27 12:22:51', '2023-06-22 12:18:11', 1, 1),
(295, 1, 4, NULL, 1, 3, 'Antibody TORCH', '1295', 118, 'blood', '7500.00', '0.00', '6000.00', '6000.00', '6000.00', '6000.00', '', 0, 1, '2021-10-27 12:39:04', '2024-06-08 11:56:25', 1, 211),
(296, 1, 9, NULL, 1, 3, 'Anti phospholipid Antibodie', '1296', 118, 'blood', '2500.00', '0.00', '1625.00', '1625.00', '1625.00', '1625.00', '', 0, 1, '2021-10-27 12:49:26', '2024-06-08 12:41:14', 1, 211),
(297, 1, 4, NULL, 1, 3, 'Sputum For AFB', '1297', 118, '', '400.00', '0.00', '200.00', '200.00', '200.00', '200.00', '', 0, 1, '2021-10-28 10:09:15', '2024-06-08 11:56:25', 1, 211),
(298, 3, 0, NULL, 5, 0, 'Duplex Study Of Panis', '1298', 102, 'usg', '1800.00', '0.00', '1170.00', '1170.00', '1170.00', '1170.00', '', 0, 1, '2021-10-28 17:27:13', '2024-07-09 16:15:35', 1, 211),
(299, 1, 3, NULL, 2, 1, 'Vitamin B12', '1299', 118, 'blood', '3000.00', '0.00', '2200.00', '2200.00', '2200.00', '2200.00', '', 0, 1, '2021-10-31 18:33:56', '2024-06-08 10:41:57', 1, 211),
(300, 1, 11, NULL, 1, 2, 'Anti D Antibody', '1300', 118, 'blood', '1500.00', '0.00', '1050.00', '1050.00', '1050.00', '1050.00', '', 0, 1, '2021-11-28 13:11:50', '2024-06-08 12:58:53', 1, 211),
(301, 7, 0, NULL, 0, 0, 'Lt Arm e` Shoulder Xt B/V', '1301', 103, 'xray', '600.00', '0.00', '450.00', '450.00', '450.00', '450.00', '', 0, 1, '2021-12-04 09:17:24', '2024-11-06 14:05:45', 1, 211),
(302, 2, 0, NULL, 0, 0, 'MRI of MRCP', '1302', 102, '', '10000.00', '0.00', '7000.00', '7000.00', '7000.00', '7000.00', '', 0, 1, '2021-12-12 10:11:16', '2023-06-22 12:18:11', 1, 1),
(303, 1, 0, NULL, 1, 0, 'Urethral For C/S', '1303', 211, '', '1000.00', '0.00', '800.00', '800.00', '800.00', '0.00', '', 0, 1, '2021-12-16 10:30:57', '0000-00-00 00:00:00', 1, 0),
(304, 3, 0, NULL, 4, 0, 'Duplex Study Of  Left Hand', '1304', 102, 'usg', '2500.00', '0.00', '1625.00', '1625.00', '1625.00', '1625.00', '', 0, 1, '2021-12-18 16:30:13', '2024-07-09 16:15:35', 1, 211),
(305, 1, 11, NULL, 1, 2, 'S.IgA', '1305', 118, 'blood', '1800.00', '0.00', '1260.00', '1260.00', '1260.00', '1260.00', '', 0, 1, '2022-01-01 09:10:51', '2024-06-08 12:58:53', 1, 211),
(306, 2, 0, NULL, 0, 0, 'DEXA SCAN', '1306', 102, '', '2500.00', '0.00', '1750.00', '1750.00', '1750.00', '1750.00', '', 0, 1, '2022-01-05 15:16:46', '2023-06-22 12:18:11', 1, 1),
(307, 3, 0, NULL, 0, 4, 'Duplex Scan Of Testes To Exclude Torsion', '1307', 102, 'usg', '1300.00', '0.00', '845.00', '845.00', '845.00', '845.00', '', 0, 1, '2022-01-10 19:22:59', '2024-07-09 16:15:35', 1, 211),
(308, 3, 0, NULL, 4, 0, 'Duplex Study Of Left Leg', '1308', 102, 'usg', '2500.00', '0.00', '1625.00', '1625.00', '1625.00', '1625.00', '', 0, 1, '2022-01-11 11:54:00', '2024-07-09 16:15:35', 1, 211),
(309, 1, 3, NULL, 2, 0, 'S.PROCALCITONIN', '1309', 118, 'blood', '3000.00', '0.00', '2200.00', '2200.00', '2200.00', '2200.00', '', 0, 1, '2022-01-16 15:42:58', '2024-06-08 10:41:57', 1, 211),
(310, 1, 0, NULL, 1, 2, 'Anti Hbe', '1310', 211, 'blood', '1500.00', '0.00', '0.00', '0.00', '0.00', '0.00', '', 0, 1, '2022-02-03 16:25:44', '2022-12-28 19:02:03', 1, 2),
(311, 3, 0, NULL, 4, 0, 'USg  Of Inguinal Region', '1311', 102, 'usg', '500.00', '0.00', '325.00', '325.00', '325.00', '325.00', '', 0, 1, '2022-02-04 14:44:17', '2024-07-09 16:15:35', 1, 211),
(312, 1, 2, NULL, 0, 0, 'S.C-Peptide Level', '1312', 118, 'blood', '1500.00', '0.00', '1000.00', '1000.00', '1000.00', '1000.00', '', 0, 1, '2022-02-05 10:44:35', '2024-06-08 10:29:16', 1, 211),
(313, 2, 0, NULL, 0, 0, 'Mri Of Cervical Spine', '1313', 102, '', '7500.00', '0.00', '5250.00', '5250.00', '5250.00', '5250.00', '', 0, 1, '2022-02-09 16:40:18', '2023-06-22 12:18:11', 1, 1),
(314, 1, 2, NULL, 2, 1, 'Anti HSV', '1314', 118, 'blood', '3800.00', '0.00', '3000.00', '3000.00', '3000.00', '3000.00', '', 0, 1, '2022-02-18 13:26:31', '2024-06-08 10:29:16', 1, 211),
(315, 1, 0, NULL, 0, 0, 'High Vajainal Swab Gram', '1315', 211, '', '1000.00', '0.00', '700.00', '700.00', '700.00', '0.00', '', 0, 1, '2022-02-18 13:29:35', '0000-00-00 00:00:00', 1, 0),
(316, 1, 11, NULL, 3, 1, 'Anti HBE (IgG&IgM)', '1316', 118, 'blood', '3000.00', '0.00', '2100.00', '2100.00', '2100.00', '2100.00', '', 0, 1, '2022-02-19 21:04:09', '2024-06-08 12:58:53', 1, 211),
(317, 1, 3, NULL, 2, 1, 'S.Ceruloplasmin', '1317', 118, 'blood', '1500.00', '0.00', '1000.00', '1000.00', '1000.00', '1000.00', '', 0, 1, '2022-02-19 21:10:00', '2024-06-08 10:41:57', 1, 211),
(318, 1, 3, NULL, 1, 3, 'S.CEA', '1318', 118, 'blood', '1600.00', '0.00', '1000.00', '1000.00', '1000.00', '1000.00', '', 0, 1, '2022-02-22 12:36:32', '2024-06-08 10:41:57', 1, 211),
(319, 7, 0, NULL, 0, 0, 'Lt Thigh Hip Xt B/V', '1319', 103, 'xray', '700.00', '0.00', '490.00', '490.00', '490.00', '490.00', '', 0, 1, '2022-03-11 09:54:38', '2024-07-12 16:24:14', 1, 211),
(320, 3, 0, NULL, 4, 0, 'Duplex Study  Of Upper Lip Sweeling', '1320', 102, 'usg', '2500.00', '0.00', '1625.00', '1625.00', '1625.00', '1625.00', '', 0, 1, '2022-03-26 10:14:56', '2024-07-09 16:15:35', 1, 211),
(321, 1, 2, NULL, 2, 1, 'Blood Suger (OGTT)', '1321', 118, 'blood', '500.00', '0.00', '250.00', '250.00', '250.00', '250.00', '', 0, 1, '2022-03-26 11:22:28', '2024-06-08 10:29:16', 1, 211),
(322, 5, 0, NULL, 4, 0, 'Echo  Colour Doplper', '1322', 204, 'echo', '2200.00', '0.00', '1540.00', '1540.00', '1540.00', '1540.00', '', 0, 1, '2022-03-31 21:27:39', '2024-06-08 13:02:43', 1, 211),
(323, 7, 0, NULL, 0, 0, 'X-Ray Report', '1323', 103, 'xray', '200.00', '0.00', '70.00', '70.00', '70.00', '70.00', '', 0, 1, '2022-04-14 12:46:09', '2024-07-12 16:24:14', 1, 211),
(324, 3, 0, NULL, 4, 0, 'Usg Of Rt Thigh', '1324', 102, 'usg', '700.00', '0.00', '455.00', '455.00', '455.00', '455.00', '', 0, 1, '2022-04-17 15:38:21', '2024-07-09 16:15:35', 1, 211),
(325, 3, 0, NULL, 4, 0, 'Usg Inguinal Of Both Region', '1325', 102, 'usg', '1000.00', '0.00', '650.00', '650.00', '650.00', '650.00', '', 0, 1, '2022-04-22 12:03:11', '2024-07-09 16:15:35', 1, 211),
(326, 7, 0, NULL, 0, 0, 'X-Ray Rt Thigh E` Knee Xt B/V', '1326', 103, 'xray', '400.00', '0.00', '280.00', '280.00', '280.00', '280.00', '', 0, 1, '2022-04-23 09:42:23', '2023-06-22 12:23:40', 1, 1),
(327, 7, 0, NULL, 0, 0, 'X-Ray Rt Arm B/V E` Shoulder Xt', '1327', 103, 'xray', '800.00', '0.00', '560.00', '560.00', '560.00', '560.00', '', 0, 1, '2022-04-23 10:11:43', '2023-06-22 12:23:53', 1, 1),
(328, 1, 9, NULL, 0, 1, 'Synovial Fluid Analysis', '1328', 118, 'blood', '3200.00', '0.00', '2080.00', '2080.00', '2080.00', '2080.00', '', 0, 1, '2022-05-07 18:52:21', '2024-06-08 12:41:14', 1, 211),
(329, 7, 0, NULL, 0, 0, 'X-Ray Face A/P Lt Lateral View', '1329', 103, 'xray', '400.00', '0.00', '280.00', '280.00', '280.00', '280.00', '', 0, 1, '2022-05-13 19:13:35', '2023-06-22 12:24:10', 1, 1),
(330, 1, 9, NULL, 1, 2, 'Coomds Test', '1330', 118, 'blood', '2000.00', '0.00', '1300.00', '1300.00', '1300.00', '1300.00', '', 0, 1, '2022-05-15 11:44:23', '2024-06-08 12:41:14', 1, 211),
(334, 1, 6, NULL, 1, 3, 'S.Alpha-Fetoprotein (AFP)', '1334', 118, 'blood', '1600.00', '0.00', '1120.00', '1120.00', '1120.00', '1120.00', '', 0, 1, '2022-05-20 20:48:06', '2024-06-08 12:14:32', 1, 211),
(335, 3, 0, NULL, 0, 0, 'USg  Of Lower Abdomen (Dis.)', '1335', 102, 'usg', '300.00', '0.00', '195.00', '195.00', '195.00', '195.00', '', 0, 0, '2022-05-21 13:39:06', '2024-11-15 10:58:05', 1, 211),
(336, 3, 0, NULL, 4, 0, 'Duplex Study Of Testicular', '1336', 102, 'usg', '1600.00', '0.00', '1040.00', '1040.00', '1040.00', '1040.00', '', 0, 1, '2022-05-23 16:51:15', '2024-07-09 16:15:35', 1, 211),
(337, 1, 6, NULL, 1, 2, 'CA   - 19.9', '1337', 118, 'blood', '1600.00', '0.00', '1120.00', '1120.00', '1120.00', '1120.00', '', 0, 1, '2022-05-24 17:00:12', '2024-06-08 12:14:32', 1, 211),
(338, 1, 0, NULL, 2, 1, 'Ascitic Fluid Study', '1338', 211, 'blood', '1500.00', '0.00', '900.00', '900.00', '900.00', '0.00', '', 0, 1, '2022-05-24 17:05:23', '0000-00-00 00:00:00', 1, 0),
(339, 2, 0, NULL, 0, 0, 'Mri Of Brain With Epilepsy Protocol  Without  Contrust', '1339', 102, '', '7500.00', '0.00', '5250.00', '5250.00', '5250.00', '5250.00', '', 0, 1, '2022-06-01 12:22:03', '2023-06-22 12:18:11', 1, 1),
(340, 5, 0, NULL, 4, 0, 'Echo Doppler  Pediatrics  (< 2Yrs)', '1340', 204, 'echo', '2500.00', '0.00', '1750.00', '1750.00', '1750.00', '1750.00', '', 0, 1, '2022-06-01 12:28:37', '2024-06-08 13:02:43', 1, 211),
(341, 1, 5, NULL, 1, 2, 'Anti TPO Ab Test', '1341', 118, 'blood', '1500.00', '0.00', '975.00', '975.00', '975.00', '975.00', '', 0, 1, '2022-06-07 19:17:01', '2024-06-08 12:09:47', 1, 211),
(342, 1, 5, NULL, 2, 1, 'Anti Tg Ab Test', '1342', 118, 'blood', '1500.00', '0.00', '975.00', '975.00', '975.00', '975.00', '', 0, 1, '2022-06-07 19:17:49', '2024-06-08 12:09:47', 1, 211),
(343, 1, 9, NULL, 1, 0, 'Albumin (Creatine)Ratio (ACR)', '1343', 118, 'urine', '1200.00', '0.00', '780.00', '780.00', '780.00', '780.00', '', 0, 1, '2022-06-09 10:57:38', '2024-06-08 12:41:14', 1, 211),
(344, 2, 0, NULL, 0, 0, 'CT Guided FNAC', '1344', 102, '', '8000.00', '0.00', '5600.00', '5600.00', '5600.00', '5600.00', '', 0, 1, '2022-06-14 12:25:26', '2023-06-22 12:18:11', 1, 1),
(345, 2, 0, NULL, 0, 0, 'CT-HBS (Post Contrast ) Without  Medicine', '1345', 102, '', '8000.00', '0.00', '5600.00', '5600.00', '5600.00', '5600.00', '', 0, 1, '2022-06-14 12:26:49', '2023-06-22 12:18:11', 1, 1),
(346, 2, 0, NULL, 0, 0, 'CT-Contrast Lower /Upper Abdomen  HBS', '1346', 102, '', '8000.00', '0.00', '5600.00', '5600.00', '5600.00', '5600.00', '', 0, 1, '2022-06-14 12:29:02', '2023-06-22 12:18:11', 1, 1),
(347, 7, 0, NULL, 0, 0, 'Rt. Clavicle A/P View', '1347', 103, 'xray', '400.00', '0.00', '280.00', '280.00', '280.00', '280.00', '', 0, 1, '2022-06-17 11:35:43', '2023-06-22 12:24:30', 1, 1),
(348, 3, 0, NULL, 5, 0, 'Doppler  Study Of Scrotum  Of Testicular Vessels', '1348', 102, 'usg', '1300.00', '0.00', '845.00', '845.00', '845.00', '845.00', '', 0, 1, '2022-06-17 15:04:08', '2024-07-09 16:15:35', 1, 211),
(349, 7, 0, NULL, 0, 0, 'Fistulogram', '1349', 103, 'xray', '3000.00', '0.00', '2100.00', '2100.00', '2100.00', '2100.00', '', 0, 1, '2022-06-19 17:53:48', '2023-06-22 12:24:50', 1, 1),
(350, 1, 0, NULL, 0, 0, 'Pleural  Fluaid', '1350', 211, 'blood', '1800.00', '200.00', '1400.00', '1400.00', '1400.00', '0.00', '', 0, 1, '2022-06-20 12:59:22', '0000-00-00 00:00:00', 1, 0),
(351, 1, 0, NULL, 0, 0, 'ADA, (Pleural Fluaid )', '1351', 211, 'blood', '1800.00', '200.00', '1400.00', '1400.00', '1400.00', '0.00', '', 0, 1, '2022-06-20 13:01:13', '0000-00-00 00:00:00', 1, 0),
(352, 1, 0, NULL, 0, 0, 'Pleural Fluaid For ADA,Cytology & For Malignant Cell', '1352', 211, 'blood', '3600.00', '400.00', '3200.00', '3200.00', '3200.00', '0.00', '', 0, 1, '2022-06-20 13:05:59', '0000-00-00 00:00:00', 1, 0),
(354, 1, 9, NULL, 1, 3, 'Anti  HAV', '1354', 118, 'blood', '1500.00', '0.00', '975.00', '975.00', '975.00', '975.00', '', 0, 1, '2022-07-07 17:02:05', '2024-06-08 12:41:14', 1, 211),
(355, 1, 9, NULL, 1, 3, 'Anti HEV', '1355', 118, 'blood', '1500.00', '0.00', '975.00', '975.00', '975.00', '975.00', '', 0, 1, '2022-07-07 17:03:57', '2024-06-08 12:41:14', 1, 211),
(356, 7, 0, NULL, 0, 0, 'X-Ray  Lateral  View OM/CV', '1356', 103, 'xray', '400.00', '0.00', '280.00', '280.00', '280.00', '280.00', '', 0, 1, '2022-07-08 10:37:23', '2023-06-22 12:25:18', 1, 1),
(357, 7, 0, NULL, 0, 0, 'X-Ray  OPG', '1357', 103, 'xray', '600.00', '0.00', '420.00', '420.00', '420.00', '420.00', '', 0, 1, '2022-07-13 15:32:53', '2023-06-22 12:25:31', 1, 1),
(358, 1, 9, NULL, 1, 2, 'S.Aldolase', '1358', 118, 'blood', '1500.00', '0.00', '975.00', '975.00', '975.00', '975.00', '', 0, 1, '2022-07-15 12:29:43', '2024-06-08 12:41:14', 1, 211),
(360, 1, 5, NULL, 1, 2, 'S.Anti-Mullerian Hormone (AMH)', '1360', 118, 'blood', '6000.00', '0.00', '3900.00', '3900.00', '3900.00', '3900.00', '', 0, 1, '2022-07-25 13:04:22', '2024-06-08 12:09:47', 1, 211),
(361, 7, 0, NULL, 0, 0, 'X-Ray  Chest Rt Oblique View', '1361', 103, 'xray', '400.00', '0.00', '280.00', '280.00', '280.00', '280.00', '', 0, 1, '2022-07-28 17:45:20', '2023-06-22 12:25:48', 1, 1),
(362, 1, 0, NULL, 3, 1, 'S. Anti Hev - IgG & IgM', '1362', 211, '', '3780.00', '780.00', '2780.00', '2780.00', '2780.00', '0.00', '', 0, 1, '2022-07-30 16:10:14', '0000-00-00 00:00:00', 1, 0),
(363, 7, 0, NULL, 0, 0, 'X-Ray Sacro iliac Joint  Oblique View', '1363', 103, 'xray', '400.00', '0.00', '280.00', '280.00', '280.00', '280.00', '', 0, 1, '2022-08-02 17:05:40', '2023-06-22 12:26:03', 1, 1),
(364, 1, 9, NULL, 2, 1, 'Rh Antibody Titer', '1364', 118, 'blood', '1000.00', '0.00', '650.00', '650.00', '650.00', '650.00', '', 0, 1, '2022-08-17 18:06:27', '2024-06-08 12:41:14', 1, 211),
(365, 1, 9, NULL, 0, 0, 'Collection Charge', '1365', 118, '', '250.00', '0.00', '170.00', '170.00', '170.00', '170.00', '', 0, 1, '2022-08-18 10:22:50', '2024-06-08 12:41:14', 1, 211),
(366, 3, 0, NULL, 4, 0, 'Usg Of Cervical Region', '1366', 102, 'usg', '500.00', '0.00', '325.00', '325.00', '325.00', '325.00', '', 0, 1, '2022-08-25 17:06:46', '2024-07-09 16:15:35', 1, 211),
(367, 3, 0, NULL, 4, 0, 'Usg Of Brain', '1367', 102, 'usg', '800.00', '0.00', '520.00', '520.00', '520.00', '520.00', '', 0, 1, '2022-08-26 13:17:12', '2024-07-09 16:15:35', 1, 211),
(368, 7, 0, NULL, 0, 0, 'X-Ray Middle Fingre', '1368', 103, 'xray', '400.00', '0.00', '280.00', '280.00', '280.00', '280.00', '', 0, 1, '2022-09-02 12:28:19', '2023-06-22 12:26:22', 1, 1),
(370, 1, 3, NULL, 2, 1, 'Factor 8', '1370', 118, 'blood', '2400.00', '0.00', '1800.00', '1800.00', '1800.00', '1800.00', '', 0, 1, '2022-09-12 19:03:16', '2024-06-08 10:41:57', 1, 211),
(371, 1, 9, NULL, 1, 3, 'ENA Profile', '1371', 118, 'blood', '6000.00', '0.00', '4000.00', '4000.00', '4000.00', '4000.00', '', 0, 1, '2022-09-16 16:40:58', '2024-06-08 12:41:14', 1, 211),
(372, 1, 7, NULL, 1, 0, 'Urine R/E Electrolytes', '1372', 118, 'urine', '2000.00', '0.00', '1300.00', '1300.00', '1300.00', '1300.00', '', 0, 1, '2022-09-18 14:50:04', '2024-06-08 12:22:32', 1, 211),
(373, 3, 0, NULL, 4, 0, 'Usg For Anomaly Scan ( Colour doppler )', '1373', 102, 'usg', '2500.00', '0.00', '1625.00', '1625.00', '1625.00', '1625.00', '', 0, 1, '2022-09-23 17:57:01', '2024-07-09 16:15:35', 1, 211),
(374, 1, 9, NULL, 1, 2, 'S. Reticulocyte count', '1374', 118, 'blood', '1000.00', '0.00', '650.00', '650.00', '650.00', '650.00', '', 0, 1, '2022-09-24 21:33:17', '2024-06-08 12:41:14', 1, 211),
(375, 3, 0, NULL, 5, 0, 'USG Of Lt Infraclavicular Region', '1375', 102, 'usg', '800.00', '0.00', '520.00', '520.00', '520.00', '520.00', '', 0, 1, '2022-10-10 17:24:45', '2024-07-09 16:15:35', 1, 211),
(376, 3, 0, NULL, 4, 0, 'USG Gaided  FNAC Of Hepatic SOZ', '1376', 102, 'usg', '3500.00', '0.00', '2275.00', '2275.00', '2275.00', '2275.00', '', 0, 1, '2022-10-13 15:41:30', '2024-07-09 16:15:35', 1, 211),
(377, 1, 9, NULL, 1, 3, 'S.Anti Cardiolipin Antibody', '1377', 118, 'blood', '4000.00', '0.00', '2600.00', '2600.00', '2600.00', '2600.00', '', 0, 1, '2022-11-03 09:08:51', '2024-06-08 12:41:14', 1, 211),
(378, 7, 0, NULL, 0, 0, 'X-Ray Open Mouth Lateral View', '1378', 103, 'xray', '400.00', '0.00', '280.00', '280.00', '280.00', '280.00', '', 0, 1, '2022-11-03 19:17:15', '2023-06-22 12:26:40', 1, 1),
(379, 7, 0, NULL, 0, 0, 'X-Ray  Both Great Toe B/V', '1379', 103, 'xray', '800.00', '0.00', '560.00', '560.00', '560.00', '560.00', '', 0, 1, '2022-11-04 11:22:45', '2023-06-22 12:27:03', 1, 1),
(380, 1, 9, NULL, 3, 1, 'ICT For Kalajar', '1380', 118, 'blood', '1000.00', '0.00', '650.00', '650.00', '650.00', '650.00', '', 0, 1, '2022-11-04 17:07:52', '2024-06-08 12:41:14', 1, 211),
(381, 3, 0, NULL, 4, 0, 'USG of Pelvic Organ', '1381', 102, 'usg', '600.00', '0.00', '390.00', '390.00', '390.00', '390.00', '', 0, 1, '2022-11-24 13:10:14', '2024-07-09 16:15:35', 1, 211),
(382, 3, 0, NULL, 0, 0, 'USG of Left Breast', '1382', 102, 'usg', '1000.00', '0.00', '650.00', '650.00', '650.00', '650.00', '', 0, 1, '2022-12-28 17:49:33', '2024-07-09 16:15:35', 2, 211),
(383, 1, 2, NULL, 0, 0, '2HABF', '1383', 118, 'blood', '150.00', '0.00', '80.00', '80.00', '80.00', '80.00', '', 0, 1, '2022-12-28 17:58:09', '2024-06-08 10:29:16', 2, 211),
(384, 1, 12, NULL, 2, 1, 'ASO Titre (Q)', '1384', 118, 'blood', '600.00', '0.00', '300.00', '300.00', '300.00', '300.00', '', 0, 1, '2022-12-28 18:09:02', '2024-06-08 12:59:56', 2, 211),
(385, 1, 0, NULL, 2, 1, 'S Triglycerides', '1385', 0, 'blood', '500.00', '0.00', '0.00', '0.00', '0.00', '0.00', '', 0, 1, '2022-12-28 18:13:25', '0000-00-00 00:00:00', 2, 0),
(386, 2, 0, NULL, 2, 1, 'S HDL', '1386', 102, '', '500.00', '0.00', '350.00', '350.00', '350.00', '350.00', '', 0, 1, '2022-12-28 18:14:36', '2023-06-22 12:18:11', 2, 1),
(387, 1, 0, NULL, 2, 1, 'S LDL', '1387', 0, 'blood', '500.00', '0.00', '0.00', '0.00', '0.00', '0.00', '', 0, 1, '2022-12-28 18:15:06', '0000-00-00 00:00:00', 2, 0),
(388, 1, 0, NULL, 2, 1, 'HBeAg (Elisa)', '1388', 0, 'blood', '1500.00', '0.00', '0.00', '0.00', '0.00', '0.00', '', 0, 1, '2022-12-28 18:17:22', '0000-00-00 00:00:00', 2, 0),
(389, 1, 0, NULL, 0, 0, 'Mantoux Test', '1389', 0, 'skin', '500.00', '0.00', '0.00', '0.00', '0.00', '0.00', '', 0, 1, '2022-12-28 18:18:40', '0000-00-00 00:00:00', 2, 0),
(390, 1, 0, NULL, 2, 1, 'RA Test', '1390', 0, 'blood', '600.00', '0.00', '0.00', '0.00', '0.00', '0.00', '', 0, 1, '2022-12-28 18:21:41', '0000-00-00 00:00:00', 2, 0),
(391, 1, 0, NULL, 2, 1, 'RA Test (Q)', '1391', 0, 'blood', '800.00', '0.00', '0.00', '0.00', '0.00', '0.00', '', 0, 1, '2022-12-28 18:22:12', '0000-00-00 00:00:00', 2, 0),
(392, 1, 12, NULL, 2, 1, 'ICT for TB', '1392', 118, 'blood', '1000.00', '0.00', '600.00', '600.00', '600.00', '600.00', '', 0, 1, '2022-12-28 18:23:23', '2024-06-08 12:59:56', 2, 211),
(393, 1, 11, NULL, 2, 1, 'HIV (ICT)', '1393', 118, 'blood', '2000.00', '0.00', '1400.00', '1400.00', '1400.00', '1400.00', '', 0, 1, '2022-12-28 18:24:30', '2024-06-08 12:58:53', 2, 211),
(394, 1, 2, NULL, 2, 1, 'S Protein', '1394', 118, 'blood', '700.00', '0.00', '400.00', '400.00', '400.00', '400.00', '', 0, 1, '2022-12-28 18:31:36', '2024-06-08 10:29:16', 2, 211),
(395, 1, 2, NULL, 2, 1, 'Total Iron-Binding Capacity', '1395', 118, 'blood', '1500.00', '0.00', '1000.00', '1000.00', '1000.00', '1000.00', '', 0, 1, '2022-12-28 18:46:26', '2024-06-08 10:29:16', 2, 211),
(396, 1, 11, NULL, 2, 1, 'Estrogen', '1396', 118, 'blood', '1500.00', '0.00', '1050.00', '1050.00', '1050.00', '1050.00', '', 0, 1, '2022-12-28 18:56:19', '2024-06-08 12:58:53', 2, 211),
(397, 1, 0, NULL, 0, 0, 'Sputum C/S', '1397', 0, '', '700.00', '0.00', '0.00', '0.00', '0.00', '0.00', '', 0, 1, '2022-12-28 19:16:24', '0000-00-00 00:00:00', 2, 0),
(398, 1, 11, NULL, 0, 0, 'CA-15.3', '1398', 118, 'blood', '1600.00', '0.00', '1120.00', '1120.00', '1120.00', '1120.00', '', 0, 1, '2022-12-28 19:22:59', '2024-06-08 12:58:53', 2, 211),
(399, 1, 11, NULL, 0, 0, 'CA-19.9', '1399', 118, 'blood', '1600.00', '0.00', '1120.00', '1120.00', '1120.00', '1120.00', '', 0, 1, '2022-12-28 19:23:25', '2024-06-08 12:58:53', 2, 211),
(400, 1, 11, NULL, 2, 1, 'CA-24.2', '1400', 118, '', '1600.00', '0.00', '1120.00', '1120.00', '1120.00', '1120.00', '', 0, 1, '2022-12-28 19:24:05', '2024-06-08 12:58:53', 2, 211),
(401, 1, 7, NULL, 0, 0, 'Urine for Micro Albumin', '1401', 118, 'urine', '1500.00', '0.00', '975.00', '975.00', '975.00', '975.00', '', 0, 1, '2022-12-28 19:26:05', '2024-06-08 12:22:32', 2, 211),
(402, 7, 0, NULL, 0, 0, 'X-Ray Femur (B/V)', '1402', 103, 'xray', '700.00', '0.00', '490.00', '490.00', '490.00', '490.00', '', 0, 1, '2022-12-28 19:42:53', '2023-06-22 12:27:20', 2, 1),
(403, 7, 0, NULL, 0, 0, 'X-Ray Dorsal Spine B/V', '1403', 103, 'xray', '800.00', '0.00', '560.00', '560.00', '560.00', '560.00', '', 0, 1, '2022-12-28 19:45:54', '2023-06-22 12:27:33', 2, 1),
(404, 7, 0, NULL, 0, 0, 'Mammography of Both Breast', '1404', 103, 'xray', '2500.00', '0.00', '1750.00', '1750.00', '1750.00', '1750.00', '', 0, 1, '2022-12-28 19:52:29', '2023-06-22 12:27:47', 2, 1),
(405, 7, 0, NULL, 0, 0, 'Mammography of Right Breast', '1405', 103, 'xray', '1500.00', '0.00', '1050.00', '1050.00', '1050.00', '1050.00', '', 0, 1, '2022-12-28 19:52:52', '2023-06-22 12:28:03', 2, 1),
(406, 7, 0, NULL, 0, 0, 'Mammography of Left Breast', '1406', 103, 'xray', '1500.00', '0.00', '1050.00', '1050.00', '1050.00', '1050.00', '', 0, 1, '2022-12-28 19:53:14', '2023-06-22 12:28:17', 2, 1),
(407, 2, 0, NULL, 0, 0, 'CT Scan of Whole Abdomen', '1407', 102, '', '12000.00', '0.00', '8400.00', '8400.00', '8400.00', '8400.00', '', 0, 1, '2022-12-28 20:06:29', '2023-06-22 12:18:11', 2, 1),
(408, 2, 0, NULL, 0, 0, 'MRI Of L/S Spine', '1408', 102, '', '7500.00', '0.00', '5250.00', '5250.00', '5250.00', '5250.00', '', 0, 1, '2022-12-28 20:09:42', '2023-06-22 12:18:11', 2, 1),
(409, 2, 0, NULL, 0, 0, 'MRI of Knee Joint', '1409', 102, '', '8000.00', '0.00', '5600.00', '5600.00', '5600.00', '5600.00', '', 0, 1, '2022-12-28 20:11:08', '2023-06-22 12:18:11', 2, 1),
(410, 2, 0, NULL, 0, 0, 'HR CT Of Chest', '1410', 102, '', '6000.00', '0.00', '4200.00', '4200.00', '4200.00', '4200.00', '', 0, 1, '2022-12-28 20:12:18', '2023-06-22 12:18:11', 2, 1),
(411, 10, 0, NULL, 0, 0, 'Biopsy', '1411', 0, '', '2000.00', '0.00', '1800.00', '1800.00', '1800.00', '1800.00', '', 0, 1, '2022-12-28 20:14:52', '2024-06-08 13:03:29', 2, 211),
(412, 1, 11, NULL, 0, 0, 'TORCH Panel', '1412', 118, 'blood', '12000.00', '0.00', '8400.00', '8400.00', '8400.00', '8400.00', '', 0, 1, '2022-12-28 20:16:03', '2024-06-08 12:58:53', 2, 211),
(416, 1, 1, NULL, 1, 2, 'Total Cir. Eisonophile', '1416', 118, 'blood', '500.00', '0.00', '180.00', '180.00', '180.00', '180.00', '', 0, 1, '2023-04-01 11:52:23', '2024-09-11 22:25:15', 1, 273),
(417, 7, 0, NULL, 0, 0, 'X-Ray Dental Single', '1417', 103, 'xray', '150.00', '0.00', '75.00', '75.00', '75.00', '75.00', '', 0, 1, '2023-04-01 12:18:09', '2023-06-22 12:28:29', 1, 1),
(418, 7, 0, NULL, 0, 0, 'X-Ray Dental OPG', '1418', 103, 'xray', '700.00', '0.00', '400.00', '400.00', '400.00', '400.00', '', 0, 1, '2023-04-01 12:18:52', '2023-06-22 12:28:43', 1, 1),
(419, 3, 0, NULL, 0, 0, 'USG Whole Abdomen (Dis.)', '1419', 102, 'usg', '300.00', '0.00', '200.00', '200.00', '200.00', '200.00', '', 0, 0, '2023-04-01 14:31:00', '2024-11-12 13:01:58', 1, 211),
(423, 8, 0, NULL, 0, 0, 'FOL', '1423', 204, '', '2000.00', '0.00', '1500.00', '1500.00', '1500.00', '1500.00', '', 0, 1, '2023-04-16 13:07:49', '2023-06-22 12:36:04', 2, 1),
(424, 1, 9, NULL, 1, 2, 'FNAC Histopathology', '1424', 118, 'skin', '3000.00', '0.00', '1950.00', '1950.00', '1950.00', '1950.00', '', 0, 1, '2023-05-13 11:29:10', '2024-06-08 12:41:14', 1, 211),
(425, 1, 3, NULL, 0, 0, 'PFT', '1425', 118, '', '1200.00', '0.00', '800.00', '800.00', '800.00', '800.00', '', 0, 1, '2023-06-15 16:57:32', '2024-06-08 10:41:57', 1, 211),
(426, 1, 3, NULL, 0, 0, 'Cross Matching', '1426', 118, 'blood', '400.00', '25.00', '0.00', '0.00', '0.00', '0.00', '', 0, 1, '2024-06-26 10:26:33', '2024-07-06 15:37:26', 211, 211),
(427, 12, 13, NULL, 0, 0, 'Dressing', '1427', 0, '', '50.00', '0.00', '0.00', '0.00', '0.00', '0.00', '', 0, 1, '2024-07-06 16:47:55', '0000-00-00 00:00:00', 211, 0),
(428, 12, 13, NULL, 0, 0, 'Dressing (Anaesthesia)', '1428', 0, '', '1000.00', '0.00', '0.00', '0.00', '0.00', '0.00', '', 0, 1, '2024-07-06 16:48:39', '0000-00-00 00:00:00', 211, 0),
(429, 12, 13, NULL, 0, 0, 'Full Plaster', '1429', 0, '', '500.00', '0.00', '0.00', '0.00', '0.00', '0.00', '', 0, 1, '2024-07-06 16:49:10', '0000-00-00 00:00:00', 211, 0),
(430, 12, 13, NULL, 0, 0, 'Half Plaster', '1430', 0, '', '250.00', '0.00', '0.00', '0.00', '0.00', '0.00', '', 0, 1, '2024-07-06 16:49:27', '0000-00-00 00:00:00', 211, 0),
(431, 12, 13, NULL, 0, 0, 'Plaster CAT-1', '1431', 0, '', '100.00', '0.00', '0.00', '0.00', '0.00', '0.00', '', 0, 1, '2024-07-06 16:50:09', '0000-00-00 00:00:00', 211, 0),
(432, 12, 13, NULL, 0, 0, 'Emergency Service', '1432', 0, '', '500.00', '0.00', '0.00', '0.00', '0.00', '0.00', '', 0, 1, '2024-07-06 16:50:33', '0000-00-00 00:00:00', 211, 0),
(433, 12, 13, NULL, 0, 0, 'Emergency Service-1', '1433', 0, '', '1000.00', '0.00', '0.00', '0.00', '0.00', '0.00', '', 0, 1, '2024-07-06 16:52:07', '0000-00-00 00:00:00', 211, 0),
(434, 3, 0, NULL, 0, 0, 'USG of Lower Abdomen MCC/PVR', '1434', 102, 'usg', '1500.00', '0.00', '1150.00', '1150.00', '1150.00', '1150.00', '', 0, 1, '2024-07-28 11:08:27', '0000-00-00 00:00:00', 211, 0),
(435, 3, 0, NULL, 0, 0, 'USG of Arm', '1435', 102, 'usg', '1200.00', '0.00', '800.00', '600.00', '800.00', '800.00', '', 0, 1, '2024-08-29 10:50:05', '0000-00-00 00:00:00', 211, 0),
(436, 3, 0, NULL, 0, 0, 'USG of Upper Abdomen', '1436', 102, 'usg', '500.00', '0.00', '325.00', '325.00', '325.00', '325.00', '', 0, 1, '2024-08-30 11:10:59', '2024-10-21 13:13:31', 211, 211),
(437, 3, 0, NULL, 0, 0, 'USG of Lower Abdomen', '1437', 102, 'usg', '500.00', '0.00', '390.00', '390.00', '390.00', '390.00', '', 0, 1, '2024-08-30 11:12:20', '2024-10-21 13:16:28', 211, 211),
(438, 3, 0, NULL, 0, 0, 'USG Whole Abdomen', '1438', 102, 'usg', '700.00', '0.00', '650.00', '650.00', '650.00', '650.00', '', 0, 1, '2024-08-30 11:13:39', '2024-10-21 13:06:21', 211, 211),
(439, 3, 0, NULL, 0, 0, 'USG Of W/A Specially HBS', '1439', 102, 'usg', '700.00', '0.00', '500.00', '500.00', '500.00', '500.00', '', 0, 1, '2024-08-30 11:16:51', '2024-10-21 13:18:18', 211, 211),
(440, 3, 0, NULL, 0, 0, 'USG of KUB', '1440', 102, 'usg', '700.00', '0.00', '455.00', '455.00', '455.00', '455.00', '', 0, 1, '2024-08-30 11:37:51', '2024-10-21 13:07:26', 211, 211),
(441, 3, 0, NULL, 0, 0, 'USG of KUB MCC/PVR', '1441', 102, 'ecg', '800.00', '0.00', '600.00', '600.00', '600.00', '600.00', '', 0, 1, '2024-08-30 11:45:01', '2024-10-21 13:10:01', 211, 211),
(442, 7, 0, NULL, 0, 0, 'X-Ray Chest CXR A/P', '1442', 103, 'xray', '600.00', '0.00', '490.00', '490.00', '490.00', '490.00', '', 0, 1, '2024-09-20 11:53:37', '0000-00-00 00:00:00', 211, 0),
(443, 1, 2, NULL, 0, 0, '2H.AL', '1443', 118, '', '150.00', '0.00', '100.00', '100.00', '100.00', '100.00', '', 0, 1, '2024-10-10 18:01:51', '0000-00-00 00:00:00', 211, 0);

-- --------------------------------------------------------

--
-- Table structure for table `diagnostic_tests_option`
--

CREATE TABLE `diagnostic_tests_option` (
  `id` smallint(6) UNSIGNED NOT NULL,
  `test_id` smallint(5) UNSIGNED NOT NULL,
  `template_id` smallint(6) NOT NULL,
  `option_name` varchar(15) NOT NULL,
  `status` smallint(6) NOT NULL,
  `created_at` datetime NOT NULL,
  `modified_at` datetime NOT NULL,
  `created_by` int(11) NOT NULL DEFAULT 0,
  `modified_by` int(6) NOT NULL DEFAULT 0
) ENGINE=InnoDB DEFAULT CHARSET=utf8 COLLATE=utf8_general_ci;

--
-- Dumping data for table `diagnostic_tests_option`
--

INSERT INTO `diagnostic_tests_option` (`id`, `test_id`, `template_id`, `option_name`, `status`, `created_at`, `modified_at`, `created_by`, `modified_by`) VALUES
(7, 46, 14, 'Positive', 1, '2025-04-27 19:30:33', '0000-00-00 00:00:00', 2, 0),
(8, 46, 14, 'Negative', 1, '2025-04-27 19:30:57', '0000-00-00 00:00:00', 2, 0),
(9, 37, 68, 'Non Reactive', 1, '2025-05-21 16:01:21', '0000-00-00 00:00:00', 35857, 0),
(10, 37, 68, 'Reactive', 1, '2025-05-21 16:01:44', '0000-00-00 00:00:00', 35857, 0),
(11, 38, 69, 'Negative', 1, '2025-05-21 16:04:19', '0000-00-00 00:00:00', 35857, 0),
(12, 38, 69, 'Positive', 1, '2025-05-21 16:04:53', '0000-00-00 00:00:00', 35857, 0),
(13, 39, 70, 'Negative', 1, '2025-05-21 16:25:29', '0000-00-00 00:00:00', 35857, 0),
(14, 39, 70, 'Positive', 1, '2025-05-21 16:25:49', '0000-00-00 00:00:00', 35857, 0),
(15, 44, 71, 'Negative', 1, '2025-05-21 16:30:54', '0000-00-00 00:00:00', 35857, 0),
(16, 44, 71, 'Positive', 1, '2025-05-21 16:31:07', '0000-00-00 00:00:00', 35857, 0),
(17, 48, 72, 'Negative', 1, '2025-05-21 16:49:22', '0000-00-00 00:00:00', 35857, 0),
(18, 48, 72, 'Positive', 1, '2025-05-21 16:49:36', '0000-00-00 00:00:00', 35857, 0),
(19, 65, 73, 'Negative', 1, '2025-05-21 16:57:14', '0000-00-00 00:00:00', 35857, 0),
(20, 65, 73, 'Positive', 1, '2025-05-21 16:57:28', '0000-00-00 00:00:00', 35857, 0),
(21, 125, 74, 'Negative', 1, '2025-05-21 16:59:58', '0000-00-00 00:00:00', 35857, 0),
(22, 125, 74, 'Positive', 1, '2025-05-21 17:00:17', '0000-00-00 00:00:00', 35857, 0),
(23, 263, 75, 'Absent', 1, '2025-05-21 17:05:23', '0000-00-00 00:00:00', 35857, 0),
(24, 263, 75, 'Present', 1, '2025-05-21 17:05:54', '0000-00-00 00:00:00', 35857, 0),
(25, 281, 76, 'Absent', 1, '2025-05-21 17:08:45', '0000-00-00 00:00:00', 35857, 0),
(26, 281, 76, 'Present', 1, '2025-05-21 17:09:19', '0000-00-00 00:00:00', 35857, 0),
(27, 26, 77, 'Negative', 1, '2025-05-21 17:27:18', '0000-00-00 00:00:00', 35857, 0),
(28, 26, 77, 'Positive', 1, '2025-05-21 17:27:40', '0000-00-00 00:00:00', 35857, 0),
(29, 68, 78, 'Negative', 1, '2025-05-21 17:33:59', '0000-00-00 00:00:00', 35857, 0),
(30, 68, 78, 'Positive', 1, '2025-05-21 17:34:22', '0000-00-00 00:00:00', 35857, 0);

-- --------------------------------------------------------

--
-- Table structure for table `diagnostic_tests_result`
--

CREATE TABLE `diagnostic_tests_result` (
  `id` smallint(6) UNSIGNED NOT NULL,
  `invoice_id` int(11) NOT NULL,
  `template_id` smallint(6) NOT NULL,
  `result` varchar(30) DEFAULT NULL,
  `result_option_id` varchar(20) DEFAULT NULL,
  `status` smallint(6) NOT NULL,
  `created_at` datetime NOT NULL,
  `modified_at` datetime NOT NULL,
  `created_by` int(11) NOT NULL DEFAULT 0,
  `modified_by` int(6) NOT NULL DEFAULT 0
) ENGINE=InnoDB DEFAULT CHARSET=utf8 COLLATE=utf8_general_ci;

--
-- Dumping data for table `diagnostic_tests_result`
--

INSERT INTO `diagnostic_tests_result` (`id`, `invoice_id`, `template_id`, `result`, `result_option_id`, `status`, `created_at`, `modified_at`, `created_by`, `modified_by`) VALUES
(1, 29, 14, '10', '', 1, '2025-06-28 10:42:00', '2025-06-28 10:42:00', 1, 1),
(2, 29, 15, '1.3', '', 1, '2025-06-28 10:44:52', '2025-06-28 10:44:52', 1, 1),
(3, 29, 18, '1.57', '', 1, '2025-06-28 10:44:52', '2025-06-28 10:44:52', 1, 1),
(4, 32, 14, '12', '', 1, '2025-07-02 07:36:32', '2025-07-02 07:36:32', 1, 1),
(5, 32, 15, '1.5', '', 1, '2025-07-02 07:36:32', '2025-07-02 07:36:32', 1, 1),
(6, 33, 14, '13', '', 1, '2025-07-02 13:41:34', '2025-07-02 13:41:34', 1, 1),
(7, 33, 15, '', '', 1, '2025-07-02 13:41:34', '2025-07-02 13:41:34', 1, 1),
(8, 33, 18, '', '', 1, '2025-07-02 13:41:34', '2025-07-02 13:41:34', 1, 1),
(9, 35, 14, '12', '', 1, '2025-07-02 14:35:39', '2025-07-02 14:35:39', 1, 1),
(10, 35, 15, '1.3', '', 1, '2025-07-02 14:35:39', '2025-07-02 14:35:39', 1, 1),
(11, 35, 18, '1.57', '', 1, '2025-07-02 14:35:39', '2025-07-02 14:35:39', 1, 1),
(12, 36, 13, '', '7', 1, '2025-07-02 16:32:17', '2025-07-02 16:32:17', 1, 1),
(13, 36, 14, '12', '', 1, '2025-07-02 16:32:17', '2025-07-02 16:32:17', 1, 1),
(14, 36, 15, '1.3', '', 1, '2025-07-02 16:32:17', '2025-07-02 16:32:17', 1, 1),
(15, 36, 18, '1.87', '', 1, '2025-07-02 16:32:17', '2025-07-02 16:32:17', 1, 1),
(16, 37, 15, '1.57', '', 1, '2025-07-02 18:24:10', '2025-07-02 18:24:10', 1, 1),
(17, 38, 13, '', '', 1, '2025-07-06 17:10:27', '2025-07-06 17:10:27', 1, 1),
(18, 38, 14, '20', '', 1, '2025-07-06 17:10:27', '2025-07-06 17:10:27', 1, 1),
(19, 38, 15, '', '', 1, '2025-07-06 17:10:27', '2025-07-06 17:10:27', 1, 1),
(20, 38, 18, '', '', 1, '2025-07-06 17:10:27', '2025-07-06 17:10:27', 1, 1);

-- --------------------------------------------------------

--
-- Table structure for table `diagnostic_tests_template`
--

CREATE TABLE `diagnostic_tests_template` (
  `id` smallint(6) UNSIGNED NOT NULL,
  `department_id` int(11) NOT NULL,
  `group_id` int(11) DEFAULT NULL,
  `test_id` int(10) UNSIGNED NOT NULL,
  `investigation` varchar(150) NOT NULL,
  `unit_id` smallint(6) DEFAULT NULL,
  `normal_value` text DEFAULT NULL,
  `sort_by` smallint(6) NOT NULL DEFAULT 0,
  `status` smallint(6) NOT NULL,
  `created_at` datetime NOT NULL,
  `modified_at` datetime NOT NULL,
  `created_by` int(11) NOT NULL DEFAULT 0,
  `modified_by` int(6) NOT NULL DEFAULT 0
) ENGINE=InnoDB DEFAULT CHARSET=utf8 COLLATE=utf8_general_ci;

--
-- Dumping data for table `diagnostic_tests_template`
--

INSERT INTO `diagnostic_tests_template` (`id`, `department_id`, `group_id`, `test_id`, `investigation`, `unit_id`, `normal_value`, `sort_by`, `status`, `created_at`, `modified_at`, `created_by`, `modified_by`) VALUES
(12, 1, 2, 118, 'Random Blood Sugar', 3, '<p>&lt;7.8 mmol/L</p>', 0, 1, '2025-04-27 19:18:04', '0000-00-00 00:00:00', 2, 0),
(13, 1, 5, 53, 'TSH', 4, '<p>0.3 - 4.5 &micro;IU/ml</p>', 0, 1, '2025-04-27 19:21:18', '0000-00-00 00:00:00', 2, 0),
(14, 1, 3, 46, 'HBsAg', NULL, '<p>ICT</p>', 0, 1, '2025-04-27 19:29:51', '0000-00-00 00:00:00', 2, 0),
(15, 1, 5, 178, 'T3', 6, '<p>0.75 - 2.10 ng/ml</p>', 0, 1, '2025-05-17 19:36:29', '0000-00-00 00:00:00', 2, 0),
(16, 1, 5, 204, 'T4', 5, '<p>5.0 - 13.0 &micro;g/dl</p>', 0, 1, '2025-05-17 19:49:38', '0000-00-00 00:00:00', 2, 0),
(17, 1, 1, 3, 'ESR', 7, '<p><strong>Male: 0-10 mm/1st&nbsp;hr<br /></strong><strong>Female:0-20 mm/1st&nbsp;hr</strong></p>', 0, 1, '2025-05-19 10:03:46', '2025-05-19 10:22:25', 35857, 1),
(18, 1, 1, 4, 'Platelets Count (PC):', 8, '<p>150,000 - 450,000/cumm</p>', 0, 1, '2025-05-20 18:43:28', '0000-00-00 00:00:00', 35857, 0),
(19, 1, 1, 7, 'Total Circulating Eosinophils Count (TCE)', 8, '<p><strong>40-500/cumm</strong></p>', 0, 1, '2025-05-20 18:46:08', '0000-00-00 00:00:00', 35857, 0),
(20, 1, 2, 120, 'Fasting Blood Sugar', 3, '<p>4.2-6.1 mmol/L</p>', 0, 1, '2025-05-20 18:54:30', '0000-00-00 00:00:00', 35857, 0),
(21, 1, 2, 119, 'Blood Sugar 2hrs ABF', 3, '<p>&nbsp;&lt;7.8 mmol/L</p>', 0, 1, '2025-05-20 18:56:34', '0000-00-00 00:00:00', 35857, 0),
(22, 1, 2, 190, 'Blood Sugar 2hrs ABF', 3, '<p>&lt;7.8 mmol/L</p>', 0, 1, '2025-05-20 18:57:53', '0000-00-00 00:00:00', 35857, 0),
(23, 1, 2, 14, 'HAEMOGLOBIN A1c (HbA1c)', 9, '<p><strong>&nbsp;&lt; 6.5 %</strong></p>', 0, 1, '2025-05-20 18:59:36', '0000-00-00 00:00:00', 35857, 0),
(24, 1, 7, 15, 'Corr. Urine Sugar', 10, '<p>Nil</p>', 0, 1, '2025-05-20 19:05:42', '0000-00-00 00:00:00', 35857, 0),
(25, 1, 2, 16, 'Serum Urea', 11, '<p>10-50 mg/dl</p>', 0, 1, '2025-05-20 19:07:06', '0000-00-00 00:00:00', 35857, 0),
(26, 1, 2, 17, 'Serum Creatinine', 11, 'Male: 0.8 - 1.3 mg/dl\r\nFemale: 0.5 - 0.9 mg/dl', 0, 1, '2025-05-21 09:55:31', '0000-00-00 00:00:00', 35857, 0),
(27, 1, 2, 18, 'Serum ALT(SGPT)', 12, '<p>M Up to 45 U/L<br />F Up to 34 U/L</p>', 0, 1, '2025-05-21 09:57:22', '0000-00-00 00:00:00', 35857, 0),
(28, 1, 2, 19, 'Serum AST(SGOT)', 12, '<p>Male : Up to 37 U/L<br />Female : Up to 31 U/L</p>', 0, 1, '2025-05-21 09:57:54', '0000-00-00 00:00:00', 35857, 0),
(29, 1, 2, 20, 'Serum Alkaline Phosphatase', 12, 'Adult: Male:- 40 &ndash; 130 U/L<br />Female:- 55 &ndash; 105 U/L\r\n0-3 Years:- 89-334 U/L&nbsp;\r\n13 - 17 Years: 75 - 363 U/L', 0, 1, '2025-05-21 09:59:08', '0000-00-00 00:00:00', 35857, 0),
(30, 1, 2, 21, 'Serum Bilirubin (Total)', 11, '<p>Adult: 0.4 - 1.2 mg/dl<br />Newborn (upto 10 days): 13.3 mg/dl</p>', 0, 1, '2025-05-21 10:00:56', '0000-00-00 00:00:00', 35857, 0),
(31, 1, 2, 23, 'Serum Albumin', 13, '<p>3.8 - 5.1 g/dl</p>', 0, 1, '2025-05-21 10:02:20', '0000-00-00 00:00:00', 35857, 0),
(32, 1, 2, 24, 'Serum Total Protein', 13, '<p>Child/Adult : 4.6 &ndash; 8.7 g/dl</p>\r\n<p>New Born : 4.6 &ndash; 7.0 g/dl</p>', 0, 1, '2025-05-21 10:04:33', '0000-00-00 00:00:00', 35857, 0),
(33, 1, 11, 27, 'Troponin I', 6, '<p>0 - 0.3 ng/mL</p>', 0, 1, '2025-05-21 10:06:59', '0000-00-00 00:00:00', 35857, 0),
(34, 1, 2, 28, 'Serum Amylase', 12, '<p>30-90 U/L (37℃)</p>', 0, 1, '2025-05-21 10:08:35', '0000-00-00 00:00:00', 35857, 0),
(35, 1, 2, 29, 'Serum CPK', 12, '<p>Male : 39 - 308 U/L</p>\r\n<p>Female : 26 - 192 U/L</p>', 0, 1, '2025-05-21 10:09:47', '0000-00-00 00:00:00', 35857, 0),
(36, 1, 2, 30, 'Serum Uric Acid', 11, '<p>Women: 2.5 - 6.8 mg/dl<br />Men : 3.6 - 7.7 mg/dl</p>', 0, 1, '2025-05-21 10:11:33', '0000-00-00 00:00:00', 35857, 0),
(37, 1, 2, 31, 'Serum Calcium', 11, '<p>8.8-10.2 mg/dl</p>', 0, 1, '2025-05-21 10:12:45', '0000-00-00 00:00:00', 35857, 0),
(38, 1, 12, 33, 'ASO Titre', 14, '<p>Upto 200 IU/ml</p>', 0, 1, '2025-05-21 10:19:57', '0000-00-00 00:00:00', 35857, 0),
(39, 1, 12, 34, 'CRP Titre', 15, '<p>Upto 6 mg/L</p>', 0, 1, '2025-05-21 10:21:39', '0000-00-00 00:00:00', 35857, 0),
(40, 1, 5, 54, 'LH', 16, '<strong>Men:</strong>&nbsp; &nbsp; &nbsp; &nbsp; &nbsp; &nbsp; &nbsp; &nbsp; 1.70 &ndash; 8.60 mIU /ml.\r\n<strong>Women:</strong>&nbsp; &nbsp; &nbsp; &nbsp; &nbsp; &nbsp; &nbsp; &nbsp; &nbsp; &nbsp; &nbsp; &nbsp; &nbsp; &nbsp; &nbsp; &nbsp;\r\nFollicular period&nbsp; &nbsp; 2.95&ndash;13.65 mIU /ml.\r\nOvulation period&nbsp; 13.65 &ndash; 95.75 mIU /ml.\r\nLuteal period&nbsp; &nbsp; &nbsp; &nbsp;1.25 &ndash; 11.0 mIU /ml.\r\nManopause phase&nbsp; &nbsp; 8.24 &ndash; 55.23 mIU /ml.', 0, 1, '2025-05-21 10:27:23', '0000-00-00 00:00:00', 35857, 0),
(41, 1, 5, 55, 'FSH', 16, '&nbsp;\r\n<strong>Men:&nbsp;</strong> &nbsp; &nbsp; &nbsp; &nbsp; &nbsp; &nbsp; 1.50 &ndash; 12.40 mIU /ml.\r\n<strong>Women:&nbsp;</strong> &nbsp; &nbsp; &nbsp; &nbsp; &nbsp; &nbsp; &nbsp; &nbsp; &nbsp; &nbsp; &nbsp; &nbsp; &nbsp; &nbsp; &nbsp;\r\nFollicular period&nbsp; 4.46 &ndash; 12.43 mIU /ml.\r\nOvulation period&nbsp; &nbsp;4.88 &ndash; 20.96 mIU /ml.\r\nLuteal period&nbsp; &nbsp; &nbsp; &nbsp;1.96 &ndash; 7.70 mIU /ml.\r\nManopause phase&nbsp; &nbsp; 22.70&ndash;130.00 mIU /ml.', 0, 1, '2025-05-21 10:28:29', '0000-00-00 00:00:00', 35857, 0),
(42, 1, 5, 56, 'S. Prolactin', 6, '<p>Female: 4.60 &ndash; 25.07 ng/mL<br />Male: 3.45 - 17.42 ng/mL</p>', 0, 1, '2025-05-21 10:35:52', '0000-00-00 00:00:00', 35857, 0),
(43, 1, 5, 57, 'Testosterone', 6, '<strong>Male: 1.71 &ndash; 7.89 ng/ml</strong>\r\n<strong>Female: &nbsp;0.47 - 0.92 ng/ml&nbsp;&nbsp;</strong>', 0, 1, '2025-05-21 10:44:09', '0000-00-00 00:00:00', 35857, 0),
(44, 1, 5, 58, 'FT3', 17, '<p>1.82 -4.61&nbsp; Pg/ml</p>', 0, 1, '2025-05-21 11:18:57', '0000-00-00 00:00:00', 35857, 0),
(45, 1, 5, 59, 'FT4', 18, '<p>0.94 -1.72&nbsp; ng/dl</p>', 0, 1, '2025-05-21 11:19:59', '0000-00-00 00:00:00', 35857, 0),
(46, 1, 11, 61, 'Prostatic Specific Antigen (PSA)', 6, '<p>Upto: 4.0 ng/ml</p>', 0, 1, '2025-05-21 11:21:36', '0000-00-00 00:00:00', 35857, 0),
(47, 1, 11, 62, 'Anti-Cyclic Citrullinated Peptide (Anti–CCP)', 19, '<p>Up to 17.0 U/mL</p>', 0, 1, '2025-05-21 11:24:11', '0000-00-00 00:00:00', 35857, 0),
(48, 1, 11, 115, '25 OH Vitamin D Total', 6, '<p>Deficiency: &lt;10&nbsp;ng/ml<br />Insufficiency: 10 - 29&nbsp;ng/ml<br />Sufficiency: 30 - 100&nbsp;ng/ml<br />Toxicity: &gt; 100&nbsp;ng/ml</p>', 0, 1, '2025-05-21 11:28:22', '0000-00-00 00:00:00', 35857, 0),
(49, 1, 11, 199, '25 OH Vitamin D Total', 6, '<p>Deficiency: &lt;10&nbsp;ng/ml<br />Insufficiency: 10 - 29&nbsp;ng/ml<br />Sufficiency: 30 - 100&nbsp;ng/ml<br />Toxicity: &gt; 100&nbsp;ng/ml</p>', 0, 1, '2025-05-21 11:29:08', '0000-00-00 00:00:00', 35857, 0),
(50, 1, 2, 123, 'Serum Cholesterol', 11, '<p>Up to 200 mg/dl</p>', 0, 1, '2025-05-21 11:31:10', '0000-00-00 00:00:00', 35857, 0),
(51, 1, 3, 124, 'Total IgE', 14, '<p>Age : IU/mL</p>\r\n<p>Neonatal : &lt;1.5</p>\r\n<p>&lt;1 : &lt;15.0<br />1-5 : &lt;60.0<br />6-9 : &lt;90.0<br />10-17 : &lt;200.0<br />&ge;18 : &lt;100.0</p>', 0, 1, '2025-05-21 11:32:37', '0000-00-00 00:00:00', 35857, 0),
(52, 1, 2, 175, 'Serum Lipase', 12, '<p>13 - 60 U/L</p>', 0, 1, '2025-05-21 11:41:39', '0000-00-00 00:00:00', 35857, 0),
(53, 1, 11, 201, 'Serum Ferritin', 6, '<p>Male: 30 &ndash; 400 ng/ml<br />Female: 13 &ndash; 150 ng/ml</p>', 0, 1, '2025-05-21 11:48:48', '0000-00-00 00:00:00', 35857, 0),
(54, 1, 11, 206, 'D-DIMER', 15, '<p>&lt;0.5 mg/L</p>', 0, 1, '2025-05-21 11:50:09', '0000-00-00 00:00:00', 35857, 0),
(55, 1, 2, 214, 'Serum Iron', 20, 'Male: 10.6 - 28.3 &micro;mol/l\r\nFemale: 6.6&nbsp;- 26.0&nbsp;&micro;mol/l', 0, 1, '2025-05-21 11:53:12', '0000-00-00 00:00:00', 35857, 0),
(56, 1, 11, 235, 'Antinuclear Antibody (ANA)', 21, '&lt; 40.0 AU/mL (Negative)\r\n&nbsp;&gt; 40.0 AU/mL (Positive)', 0, 1, '2025-05-21 11:58:58', '0000-00-00 00:00:00', 35857, 0),
(57, 1, 5, 246, 'Progesterone', 6, 'Men : &lt; 0.25 &ndash; 0.56 ng/ml\r\nWomen :&nbsp;&nbsp;&nbsp;&nbsp;&nbsp;&nbsp;&nbsp;&nbsp;&nbsp;&nbsp;&nbsp;&nbsp;&nbsp;&nbsp;&nbsp;&nbsp;&nbsp;&nbsp;&nbsp;&nbsp;&nbsp;&nbsp;&nbsp;&nbsp;&nbsp;&nbsp;&nbsp;&nbsp;&nbsp;&nbsp;&nbsp;&nbsp;&nbsp;&nbsp;&nbsp;&nbsp;&nbsp;&nbsp;&nbsp;&nbsp;&nbsp;&nbsp;&nbsp;&nbsp;&nbsp;&nbsp;&nbsp;&nbsp;&nbsp;&nbsp;&nbsp;&nbsp;&nbsp;&nbsp;&nbsp;&nbsp;&nbsp;&nbsp;&nbsp;&nbsp;&nbsp;&nbsp;&nbsp;&nbsp;&nbsp;&nbsp;&nbsp;&nbsp;&nbsp;&nbsp;&nbsp;&nbsp;&nbsp;&nbsp;&nbsp;&nbsp; .\r\nFollicular phase : &lt; 0.25 &ndash; 0.54ng /ml.\r\nLuteal phase&nbsp; &nbsp; &nbsp;: 5 &ndash; 20.0 ng /ml.\r\nOvulation&nbsp; &nbsp; &nbsp; &nbsp; &nbsp; : &lt; 0.25 &ndash; 6.22 ng /ml.\r\nMenopause&nbsp; &nbsp; &nbsp; &nbsp; : &lt; 0.41 ng /ml .', 0, 1, '2025-05-21 12:01:28', '0000-00-00 00:00:00', 35857, 0),
(58, 1, 5, 258, 'β –hCG', 22, 'Normal:-\r\nMale/Female:&lt;10\r\nPregnant Female:-\r\n0.2 - 1 week 5 - 50\r\n1 - 2&nbsp;weeks 50 - 500\r\n2 - 3&nbsp;weeks 100 - 5000\r\n3 - 4&nbsp;weeks 500 - 10,000\r\n4 - 5&nbsp;weeks 1000 - 50,000\r\n5 - 6&nbsp;weeks 10,000 - 1,00,000\r\n6 - 8&nbsp;weeks 15,000 - 2,00,000\r\n2 - 3 months 10,000 - 1,00,000', 0, 1, '2025-05-21 12:05:39', '0000-00-00 00:00:00', 35857, 0),
(59, 1, 2, 282, 'S. LDH', 12, 'Male: 85 - 227 U/L\r\nFemale: 81 - 234 U/L', 0, 1, '2025-05-21 12:09:39', '0000-00-00 00:00:00', 35857, 0),
(60, 1, 2, 288, 'Serum Triglycerides', 11, '<p>50 - 160 mg/dl</p>', 0, 1, '2025-05-21 12:13:32', '0000-00-00 00:00:00', 35857, 0),
(61, 1, 2, 328, 'Adenosine Deaminase (ADA)', 12, '<p>Serum, Plasma, Pleural</p>\r\n<p>&amp; Ascitic Fluids:-</p>\r\n<p>Normal: &lt;30 U/L</p>\r\n<p>Suspect: 30 to 40 U/L</p>\r\n<p>Strong Suspect: &gt;40 to 60 U/L</p>\r\n<p>Positive: &gt;60 U/L</p>\r\n<p>CSF:-</p>\r\n<p>Normal: &lt;10 U/L</p>\r\n<p>Positive: &gt;10 U/L</p>', 0, 1, '2025-05-21 12:22:39', '2025-05-21 12:24:32', 35857, 35857),
(62, 1, 2, 338, 'Adenosine Deaminase (ADA)', 12, '<p>Serum, Plasma, Pleural</p>\r\n<p>&amp; Ascitic Fluids:-</p>\r\n<p>Normal: &lt;30 U/L</p>\r\n<p>Suspect: 30 to 40 U/L</p>\r\n<p>Strong Suspect: &gt;40 to 60 U/L</p>\r\n<p>Positive: &gt;60 U/L</p>\r\n<p>CSF:-</p>\r\n<p>Normal: &lt;10 U/L</p>\r\n<p>Positive: &gt;10 U/L</p>', 0, 1, '2025-05-21 12:25:35', '0000-00-00 00:00:00', 35857, 0),
(63, 1, 2, 351, 'Adenosine Deaminase (ADA)', 12, '<p>Serum, Plasma, Pleural</p>\r\n<p>&amp; Ascitic Fluids:-</p>\r\n<p>Normal: &lt;30 U/L</p>\r\n<p>Suspect: 30 to 40 U/L</p>\r\n<p>Strong Suspect: &gt;40 to 60 U/L</p>\r\n<p>Positive: &gt;60 U/L</p>\r\n<p>CSF:-</p>\r\n<p>Normal: &lt;10 U/L</p>\r\n<p>Positive: &gt;10 U/L</p>', 0, 1, '2025-05-21 12:26:24', '0000-00-00 00:00:00', 35857, 0),
(64, 1, 2, 352, 'Adenosine Deaminase (ADA)', 12, '<p>Serum, Plasma, Pleural</p>\r\n<p>&amp; Ascitic Fluids:-</p>\r\n<p>Normal: &lt;30 U/L</p>\r\n<p>Suspect: 30 to 40 U/L</p>\r\n<p>Strong Suspect: &gt;40 to 60 U/L</p>\r\n<p>Positive: &gt;60 U/L</p>\r\n<p>CSF:-</p>\r\n<p>Normal: &lt;10 U/L</p>\r\n<p>Positive: &gt;10 U/L</p>', 0, 1, '2025-05-21 12:27:23', '0000-00-00 00:00:00', 35857, 0),
(65, 1, 2, 446, 'Serum TIBC', 20, '<p>49 &ndash;69 &micro;mol/l</p>', 0, 1, '2025-05-21 12:36:45', '0000-00-00 00:00:00', 35857, 0),
(66, 1, 7, 66, 'Urine Amylase', 12, '<p>Upto 460 U/L (37℃)</p>', 0, 1, '2025-05-21 15:47:26', '0000-00-00 00:00:00', 35857, 0),
(67, 1, 12, 35, 'Rheumatoid Arthritis (R/A) ', 14, '<p><strong>Up to 8 IU/mL</strong></p>', 0, 1, '2025-05-21 15:57:31', '0000-00-00 00:00:00', 35857, 0),
(68, 1, 12, 37, 'VDRL', NULL, '<p>Agglutination</p>', 0, 1, '2025-05-21 15:59:50', '0000-00-00 00:00:00', 35857, 0),
(69, 1, 11, 38, 'TPHA', NULL, '<p>ICT</p>', 0, 1, '2025-05-21 16:03:53', '0000-00-00 00:00:00', 35857, 0),
(70, 1, 11, 39, 'HIV', NULL, '<p>ICT</p>', 0, 1, '2025-05-21 16:24:34', '0000-00-00 00:00:00', 35857, 0),
(71, 1, 11, 44, 'H-Pylori', NULL, '<p>ICT</p>', 0, 1, '2025-05-21 16:30:19', '0000-00-00 00:00:00', 35857, 0),
(72, 1, 11, 48, 'HBeAg', NULL, '<p>ICT</p>', 0, 1, '2025-05-21 16:46:06', '0000-00-00 00:00:00', 35857, 0),
(73, 1, 7, 65, 'Urine For Pregnancy (UPT)', NULL, '<p>ICT</p>', 0, 1, '2025-05-21 16:56:17', '0000-00-00 00:00:00', 35857, 0),
(74, 1, 12, 125, 'Rheumatoid Arthritis (R/A)', NULL, '<p>Agglutination</p>', 0, 1, '2025-05-21 16:59:40', '0000-00-00 00:00:00', 35857, 0),
(75, 1, 8, 263, 'Reducing Substance', NULL, '<p>Absent</p>', 0, 1, '2025-05-21 17:04:52', '0000-00-00 00:00:00', 35857, 0),
(76, 1, 7, 281, 'Urine Ketone Bodies', NULL, '<p>Absent</p>', 0, 1, '2025-05-21 17:08:20', '0000-00-00 00:00:00', 35857, 0),
(77, 1, 11, 26, 'Troponin-I', NULL, '<p>ICT</p>', 0, 1, '2025-05-21 17:26:50', '0000-00-00 00:00:00', 35857, 0),
(78, 1, 8, 68, 'Occult Blood Test (OBT)', NULL, '<p>ICT</p>', 0, 1, '2025-05-21 17:33:22', '0000-00-00 00:00:00', 35857, 0),
(79, 1, 11, 260, 'IMMUNOLOGICAL REPORT', NULL, '<table style=\"border-collapse: collapse; width: 100.043%; height: 100px;\" border=\"1\">\r\n\r\n<tr style=\"height: 46px;\">\r\n<td style=\"width: 33.3333%; text-align: center; height: 46px;\"><strong>Test Name</strong></td>\r\n<td style=\"width: 33.3333%; text-align: center; height: 46px;\"><strong>Result</strong></td>\r\n<td style=\"width: 33.3768%; text-align: center; height: 46px;\" width=\"215\">\r\n<p><strong>Test Method</strong></p>\r\n</td>\r\n</tr>\r\n<tr style=\"height: 18px;\">\r\n<td style=\"width: 33.3333%; height: 18px; text-align: center;\"><strong>HBsAg</strong></td>\r\n<td style=\"width: 33.3333%; height: 18px; text-align: center;\"><strong>Negative</strong></td>\r\n<td style=\"width: 33.3768%; height: 18px; text-align: center;\"><strong>ICT</strong></td>\r\n</tr>\r\n<tr style=\"height: 18px;\">\r\n<td style=\"width: 33.3333%; height: 18px; text-align: center;\"><strong>HIV (1&amp;II)</strong><strong><br /></strong></td>\r\n<td style=\"width: 33.3333%; height: 18px; text-align: center;\"><strong>Negative</strong></td>\r\n<td style=\"width: 33.3768%; height: 18px; text-align: center;\"><strong>ICT</strong></td>\r\n</tr>\r\n<tr style=\"height: 18px;\">\r\n<td style=\"width: 33.3333%; height: 18px; text-align: center;\"><strong>VDRL</strong><strong><br /></strong></td>\r\n<td style=\"width: 33.3333%; height: 18px; text-align: center;\"><strong>Non Reactive</strong></td>\r\n<td style=\"width: 33.3768%; height: 18px; text-align: center;\"><strong>Agglutination</strong></td>\r\n</tr>\r\n\r\n</table>', 0, 1, '2025-06-18 22:38:03', '0000-00-00 00:00:00', 11, 0);

-- --------------------------------------------------------

--
-- Table structure for table `diagnostic_tests_unit`
--

CREATE TABLE `diagnostic_tests_unit` (
  `id` smallint(6) UNSIGNED NOT NULL,
  `unit_name` varchar(15) NOT NULL,
  `status` smallint(6) NOT NULL,
  `created_at` datetime NOT NULL,
  `modified_at` datetime NOT NULL,
  `created_by` int(11) NOT NULL DEFAULT 0,
  `modified_by` int(6) NOT NULL DEFAULT 0
) ENGINE=InnoDB DEFAULT CHARSET=utf8 COLLATE=utf8_general_ci;

--
-- Dumping data for table `diagnostic_tests_unit`
--

INSERT INTO `diagnostic_tests_unit` (`id`, `unit_name`, `status`, `created_at`, `modified_at`, `created_by`, `modified_by`) VALUES
(3, 'mmol/L', 1, '2025-04-27 12:19:49', '0000-00-00 00:00:00', 2405, 0),
(4, 'µIU/ml', 1, '2025-04-27 19:18:46', '0000-00-00 00:00:00', 2, 0),
(5, 'µg/dl', 1, '2025-05-17 19:34:33', '0000-00-00 00:00:00', 2, 0),
(6, 'ng/ml', 1, '2025-05-17 19:34:59', '2025-05-17 19:35:09', 2, 2),
(7, 'mm/1st hr', 1, '2025-05-19 10:03:03', '0000-00-00 00:00:00', 35857, 0),
(8, '/cumm', 1, '2025-05-20 18:42:43', '0000-00-00 00:00:00', 35857, 0),
(9, '%', 1, '2025-05-20 18:58:59', '0000-00-00 00:00:00', 35857, 0),
(10, 'Nil', 1, '2025-05-20 19:05:10', '0000-00-00 00:00:00', 35857, 0),
(11, 'mg/dl', 1, '2025-05-20 19:06:34', '0000-00-00 00:00:00', 35857, 0),
(12, 'U/L', 1, '2025-05-21 09:56:36', '0000-00-00 00:00:00', 35857, 0),
(13, ' g/dl', 1, '2025-05-21 10:01:36', '0000-00-00 00:00:00', 35857, 0),
(14, 'IU/ml', 1, '2025-05-21 10:14:07', '0000-00-00 00:00:00', 35857, 0),
(15, 'mg/L', 1, '2025-05-21 10:21:01', '0000-00-00 00:00:00', 35857, 0),
(16, ' mIU /ml.', 1, '2025-05-21 10:26:37', '0000-00-00 00:00:00', 35857, 0),
(17, 'Pg/ml', 1, '2025-05-21 11:18:01', '0000-00-00 00:00:00', 35857, 0),
(18, 'ng/dl', 1, '2025-05-21 11:19:25', '0000-00-00 00:00:00', 35857, 0),
(19, 'U/mL', 1, '2025-05-21 11:23:33', '0000-00-00 00:00:00', 35857, 0),
(20, 'µmol/l', 1, '2025-05-21 11:52:13', '0000-00-00 00:00:00', 35857, 0),
(21, 'AU/mL', 1, '2025-05-21 11:58:07', '0000-00-00 00:00:00', 35857, 0),
(22, 'mIU/mL', 1, '2025-05-21 12:04:40', '0000-00-00 00:00:00', 35857, 0);

-- --------------------------------------------------------

--
-- Table structure for table `diagnostic_tubes`
--

CREATE TABLE `diagnostic_tubes` (
  `id` int(11) NOT NULL,
  `name` varchar(150) DEFAULT NULL,
  `type` enum('tube','needle') NOT NULL DEFAULT 'tube',
  `price` decimal(10,2) NOT NULL DEFAULT 0.00,
  `note` text DEFAULT NULL,
  `sort_by` int(11) NOT NULL DEFAULT 0,
  `status` int(11) NOT NULL,
  `created_at` datetime NOT NULL,
  `modified_at` datetime NOT NULL,
  `created_by` int(11) NOT NULL DEFAULT 0,
  `modified_by` int(11) NOT NULL DEFAULT 0
) ENGINE=InnoDB DEFAULT CHARSET=utf8 COLLATE=utf8_general_ci;

-- --------------------------------------------------------

--
-- Table structure for table `dispatchs`
--

CREATE TABLE `dispatchs` (
  `id` int(11) NOT NULL,
  `to_title` varchar(100) DEFAULT NULL,
  `reference` varchar(35) DEFAULT NULL,
  `from_title` varchar(100) DEFAULT NULL,
  `address` text DEFAULT NULL,
  `date` date DEFAULT NULL,
  `attachment` varchar(100) DEFAULT NULL,
  `note` text DEFAULT NULL,
  `status` int(11) NOT NULL DEFAULT 0,
  `created_at` datetime NOT NULL,
  `modified_at` datetime NOT NULL,
  `created_by` int(11) NOT NULL DEFAULT 0,
  `modified_by` int(11) NOT NULL DEFAULT 0
) ENGINE=InnoDB DEFAULT CHARSET=utf8 COLLATE=utf8_general_ci;

-- --------------------------------------------------------

--
-- Table structure for table `doctor_charges`
--

CREATE TABLE `doctor_charges` (
  `id` int(11) NOT NULL,
  `doctor_id` int(11) NOT NULL,
  `ipd_charge` decimal(10,2) DEFAULT 0.00,
  `ot_charge` decimal(10,2) DEFAULT 0.00,
  `first_fee` decimal(10,2) DEFAULT NULL,
  `first_fee_day` int(11) DEFAULT NULL,
  `second_fee` decimal(10,2) DEFAULT NULL,
  `hospital_commission` decimal(10,2) DEFAULT 0.00,
  `reference_commission` decimal(6,2) NOT NULL DEFAULT 0.00,
  `discount_limit` decimal(6,2) NOT NULL DEFAULT 0.00,
  `is_discount` tinyint(4) NOT NULL DEFAULT 0 COMMENT '0 = Inactive, 1 = Active',
  `is_limit` tinyint(4) NOT NULL DEFAULT 0 COMMENT '0 = Inactive, 1 = Active',
  `serial_no` int(11) NOT NULL,
  `note` text DEFAULT NULL,
  `sort_by` int(11) NOT NULL DEFAULT 0,
  `status` int(11) NOT NULL,
  `created_at` datetime NOT NULL,
  `modified_at` datetime NOT NULL,
  `created_by` int(11) NOT NULL DEFAULT 0,
  `modified_by` int(11) NOT NULL DEFAULT 0
) ENGINE=InnoDB DEFAULT CHARSET=utf8 COLLATE=utf8_general_ci;

--
-- Dumping data for table `doctor_charges`
--

INSERT INTO `doctor_charges` (`id`, `doctor_id`, `ipd_charge`, `ot_charge`, `first_fee`, `first_fee_day`, `second_fee`, `hospital_commission`, `reference_commission`, `discount_limit`, `is_discount`, `is_limit`, `serial_no`, `note`, `sort_by`, `status`, `created_at`, `modified_at`, `created_by`, `modified_by`) VALUES
(1, 7, '0.00', '0.00', '400.00', 90, '300.00', '0.00', '0.00', '0.00', 0, 0, 30, '', 0, 1, '2025-03-28 15:57:16', '0000-00-00 00:00:00', 1, 0);

-- --------------------------------------------------------

--
-- Table structure for table `doctor_schedules`
--

CREATE TABLE `doctor_schedules` (
  `id` int(11) NOT NULL,
  `doctor_id` int(11) DEFAULT NULL,
  `day` varchar(50) DEFAULT NULL,
  `start_time` time DEFAULT NULL,
  `end_time` time DEFAULT NULL,
  `per_patient_time` varchar(30) DEFAULT '''''''30''''''',
  `serial_visibility` varchar(50) DEFAULT NULL,
  `note` text DEFAULT NULL,
  `sort_by` int(11) NOT NULL DEFAULT 0,
  `status` int(11) NOT NULL,
  `created_at` datetime DEFAULT NULL,
  `modified_at` datetime DEFAULT NULL,
  `created_by` int(11) DEFAULT NULL,
  `modified_by` int(11) DEFAULT NULL
) ENGINE=InnoDB DEFAULT CHARSET=utf8 COLLATE=utf8_general_ci;

-- --------------------------------------------------------

--
-- Table structure for table `email_settings`
--

CREATE TABLE `email_settings` (
  `id` int(11) NOT NULL,
  `mail_protocol` varchar(50) NOT NULL,
  `smtp_host` varchar(100) NOT NULL,
  `smtp_port` varchar(20) NOT NULL,
  `smtp_timeout` tinyint(1) NOT NULL,
  `smtp_user` varchar(100) NOT NULL,
  `smtp_pass` varchar(100) NOT NULL,
  `smtp_crypto` varchar(50) NOT NULL,
  `mail_type` varchar(50) NOT NULL,
  `char_set` varchar(50) NOT NULL,
  `priority` tinyint(1) NOT NULL,
  `from_name` varchar(100) NOT NULL,
  `from_address` varchar(100) NOT NULL,
  `status` tinyint(1) NOT NULL,
  `created_at` datetime NOT NULL,
  `modified_at` datetime NOT NULL,
  `created_by` int(11) NOT NULL,
  `modified_by` int(11) NOT NULL
) ENGINE=InnoDB DEFAULT CHARSET=utf8 COLLATE=utf8_general_ci;

-- --------------------------------------------------------

--
-- Table structure for table `employees`
--

CREATE TABLE `employees` (
  `id` smallint(5) UNSIGNED NOT NULL,
  `user_id` mediumint(8) UNSIGNED NOT NULL,
  `marketing_id` int(10) UNSIGNED DEFAULT NULL,
  `shift_id` smallint(6) DEFAULT NULL,
  `employee_type` enum('other','consultant','staff','') NOT NULL DEFAULT 'other',
  `specialist` varchar(250) DEFAULT NULL,
  `commission_type` enum('mbbs','vd','emp','corporate') NOT NULL DEFAULT 'mbbs',
  `bmdc_reg_no` varchar(50) DEFAULT NULL,
  `department_id` int(11) DEFAULT NULL,
  `designation_id` int(11) DEFAULT NULL,
  `name` varchar(100) DEFAULT NULL,
  `bn_name` varchar(100) DEFAULT NULL,
  `phone` varchar(20) DEFAULT NULL,
  `dob` date DEFAULT NULL,
  `age` varchar(30) DEFAULT NULL,
  `national_id` varchar(100) DEFAULT NULL,
  `gender` varchar(10) DEFAULT NULL,
  `religion` varchar(100) DEFAULT NULL,
  `blood_group` varchar(15) DEFAULT NULL,
  `marital_status` varchar(50) DEFAULT NULL,
  `present_address` text DEFAULT NULL,
  `permanent_address` text DEFAULT NULL,
  `ultrasonography` text DEFAULT NULL,
  `father_name` varchar(100) DEFAULT NULL,
  `father_bn_name` varchar(100) DEFAULT NULL,
  `mother_name` varchar(100) DEFAULT NULL,
  `mother_bn_name` varchar(100) DEFAULT NULL,
  `joining_date` date DEFAULT NULL,
  `email` varchar(100) DEFAULT NULL,
  `facebook_url` varchar(255) DEFAULT NULL,
  `linkedin_url` varchar(255) DEFAULT NULL,
  `twitter_url` varchar(255) DEFAULT NULL,
  `instagram_url` varchar(255) DEFAULT NULL,
  `pinterest_url` varchar(255) DEFAULT NULL,
  `youtube_url` varchar(255) DEFAULT NULL,
  `tubblr_url` varchar(255) DEFAULT NULL,
  `skype` varchar(100) DEFAULT NULL,
  `photo` varchar(100) DEFAULT NULL,
  `signature` varchar(255) DEFAULT NULL,
  `resume` varchar(100) DEFAULT NULL,
  `cover` varchar(100) DEFAULT NULL,
  `about` text DEFAULT NULL,
  `other_info` text DEFAULT NULL,
  `is_view_on_home` tinyint(1) NOT NULL DEFAULT 0,
  `is_view_on_web` tinyint(1) DEFAULT NULL,
  `sort_by` int(11) NOT NULL DEFAULT 0,
  `status` tinyint(1) NOT NULL DEFAULT 1,
  `created_at` datetime DEFAULT NULL,
  `modified_at` datetime DEFAULT NULL,
  `created_by` int(11) DEFAULT NULL,
  `modified_by` int(11) DEFAULT NULL
) ENGINE=InnoDB DEFAULT CHARSET=utf8 COLLATE=utf8_general_ci;

--
-- Dumping data for table `employees`
--

INSERT INTO `employees` (`id`, `user_id`, `marketing_id`, `shift_id`, `employee_type`, `specialist`, `commission_type`, `bmdc_reg_no`, `department_id`, `designation_id`, `name`, `bn_name`, `phone`, `dob`, `age`, `national_id`, `gender`, `religion`, `blood_group`, `marital_status`, `present_address`, `permanent_address`, `ultrasonography`, `father_name`, `father_bn_name`, `mother_name`, `mother_bn_name`, `joining_date`, `email`, `facebook_url`, `linkedin_url`, `twitter_url`, `instagram_url`, `pinterest_url`, `youtube_url`, `tubblr_url`, `skype`, `photo`, `signature`, `resume`, `cover`, `about`, `other_info`, `is_view_on_home`, `is_view_on_web`, `sort_by`, `status`, `created_at`, `modified_at`, `created_by`, `modified_by`) VALUES
(1, 1, NULL, NULL, 'other', NULL, 'mbbs', NULL, NULL, NULL, 'System User', 'মোঃ রবিউল ইসলাম', '01718243103', NULL, NULL, '', 'male', 'islam', 'a_positive', 'Select', 'Narkeltola More, Satkhira-9400, Khulna, Bangladesh', 'Narkeltola More, Satkhira-9400, Khulna, Bangladesh', NULL, 'Foyjul Islam', 'Foyjul Islam', 'Late Momina Begum', 'Late Momina Begum', NULL, '', NULL, NULL, NULL, NULL, NULL, NULL, NULL, NULL, NULL, NULL, NULL, NULL, '', NULL, 0, NULL, 0, 1, NULL, '2025-04-27 14:48:00', 1, 1),
(2, 2, NULL, NULL, 'other', NULL, 'emp', NULL, 0, 0, 'Admin', '', '234567', NULL, NULL, '', 'male', '', '', '', '', '', NULL, NULL, NULL, NULL, NULL, NULL, '', NULL, NULL, NULL, NULL, NULL, NULL, NULL, NULL, NULL, NULL, NULL, NULL, NULL, NULL, 0, 1, 0, 1, '2025-03-28 15:43:27', NULL, 1, NULL),
(3, 7, NULL, NULL, '', 'MBBS', 'mbbs', '', 0, 0, 'Doctor', '', '3456', NULL, NULL, '', 'male', '', '', '', '', '', '', NULL, NULL, NULL, NULL, NULL, '', NULL, NULL, NULL, NULL, NULL, NULL, NULL, NULL, NULL, NULL, NULL, NULL, '', NULL, 1, 1, 0, 1, '2025-03-28 15:55:33', '2025-04-27 15:58:27', 1, 1),
(4, 21, NULL, NULL, 'other', NULL, 'vd', NULL, NULL, NULL, 'demo', NULL, '123456', NULL, NULL, NULL, NULL, NULL, NULL, NULL, NULL, NULL, NULL, NULL, NULL, NULL, NULL, NULL, NULL, NULL, NULL, NULL, NULL, NULL, NULL, NULL, NULL, NULL, NULL, NULL, NULL, NULL, NULL, 0, NULL, 0, 1, '2025-04-27 15:59:15', NULL, 1, NULL),
(5, 22, NULL, NULL, 'other', NULL, 'emp', NULL, 0, 0, 'Samir', '', '234532', NULL, NULL, '', 'male', '', 'Select', 'Select', '', '', NULL, NULL, NULL, NULL, NULL, NULL, '', NULL, NULL, NULL, NULL, NULL, NULL, NULL, NULL, NULL, NULL, NULL, NULL, NULL, NULL, 0, 1, 0, 0, '2025-05-03 15:22:36', '2025-05-21 18:56:43', 1, 1),
(6, 54, NULL, NULL, 'other', NULL, 'emp', NULL, 0, 0, 'Alomgir', '', '234563', NULL, NULL, '', 'male', '', '', '', '', '', NULL, NULL, NULL, NULL, NULL, NULL, '', NULL, NULL, NULL, NULL, NULL, NULL, NULL, NULL, NULL, NULL, NULL, NULL, NULL, NULL, 0, 1, 0, 1, '2025-05-21 11:33:56', NULL, 1, NULL),
(7, 56, NULL, NULL, 'other', NULL, 'vd', NULL, 0, 0, 'tfhv', NULL, '34567', '2025-06-13', '0', '', 'male', '', 'Select', 'Select', '', '', NULL, NULL, NULL, NULL, NULL, NULL, '', NULL, NULL, NULL, NULL, NULL, NULL, NULL, NULL, NULL, NULL, NULL, NULL, NULL, NULL, 0, 1, 0, 1, '2025-06-13 09:49:13', NULL, 1, NULL);

-- --------------------------------------------------------

--
-- Table structure for table `employee_socials`
--

CREATE TABLE `employee_socials` (
  `id` smallint(6) NOT NULL,
  `user_id` int(10) UNSIGNED NOT NULL,
  `facebook_url` text DEFAULT NULL,
  `linkedin_url` text DEFAULT NULL,
  `twitter_url` text DEFAULT NULL,
  `instagram_url` text DEFAULT NULL,
  `pinterest_url` text DEFAULT NULL,
  `youtube_url` text DEFAULT NULL,
  `tubblr_url` text DEFAULT NULL,
  `skype` varchar(50) DEFAULT NULL,
  `is_view_on_web` tinyint(1) NOT NULL DEFAULT 0,
  `sort_by` smallint(5) UNSIGNED NOT NULL DEFAULT 0,
  `status` tinyint(1) NOT NULL DEFAULT 1,
  `created_at` datetime DEFAULT NULL,
  `modified_at` datetime DEFAULT NULL,
  `created_by` int(11) DEFAULT NULL,
  `modified_by` int(11) DEFAULT NULL
) ENGINE=InnoDB DEFAULT CHARSET=utf8 COLLATE=utf8_unicode_ci;

-- --------------------------------------------------------

--
-- Table structure for table `events`
--

CREATE TABLE `events` (
  `id` int(11) NOT NULL,
  `role_id` int(10) UNSIGNED NOT NULL,
  `title` varchar(200) NOT NULL,
  `event_place` varchar(200) DEFAULT NULL,
  `event_from` datetime DEFAULT NULL,
  `event_to` datetime DEFAULT NULL,
  `description` text DEFAULT NULL,
  `image` varchar(100) DEFAULT NULL,
  `is_view_on_web` tinyint(1) NOT NULL DEFAULT 0,
  `status` tinyint(1) NOT NULL,
  `created_at` datetime NOT NULL,
  `modified_at` datetime NOT NULL,
  `created_by` int(11) NOT NULL,
  `modified_by` int(11) NOT NULL
) ENGINE=InnoDB DEFAULT CHARSET=utf8 COLLATE=utf8_general_ci;

-- --------------------------------------------------------

--
-- Table structure for table `expenditures`
--

CREATE TABLE `expenditures` (
  `id` int(11) NOT NULL,
  `type` enum('opd','ipd','other') NOT NULL DEFAULT 'other',
  `custom_invoice_id` varchar(30) DEFAULT NULL,
  `expenditure_head_id` int(10) UNSIGNED NOT NULL,
  `exp_sub_head_id` smallint(6) DEFAULT NULL,
  `name` varchar(100) DEFAULT NULL,
  `reference` varchar(50) DEFAULT NULL,
  `invoice_no` varchar(30) DEFAULT NULL,
  `payment_method` varchar(30) DEFAULT NULL,
  `bank_name` varchar(100) DEFAULT NULL,
  `cheque_no` varchar(30) DEFAULT NULL,
  `amount` decimal(10,2) NOT NULL DEFAULT 0.00,
  `date` datetime DEFAULT NULL,
  `attachment` varchar(100) DEFAULT NULL,
  `note` text DEFAULT NULL,
  `status` tinyint(1) NOT NULL,
  `created_at` datetime NOT NULL,
  `modified_at` datetime NOT NULL,
  `created_by` int(11) NOT NULL,
  `modified_by` int(11) NOT NULL
) ENGINE=InnoDB DEFAULT CHARSET=utf8 COLLATE=utf8_general_ci;

--
-- Dumping data for table `expenditures`
--

INSERT INTO `expenditures` (`id`, `type`, `custom_invoice_id`, `expenditure_head_id`, `exp_sub_head_id`, `name`, `reference`, `invoice_no`, `payment_method`, `bank_name`, `cheque_no`, `amount`, `date`, `attachment`, `note`, `status`, `created_at`, `modified_at`, `created_by`, `modified_by`) VALUES
(1, 'other', 'INV-20250400001', 2, NULL, 'Demo', '', '', 'cash', '', '', '12.00', '2025-04-27 16:55:00', NULL, '', 1, '2025-04-27 16:56:02', '0000-00-00 00:00:00', 1, 0),
(2, 'other', 'INV-20250400002', 2, 13, 'gg', '', '', 'cash', '', '', '200.00', '2025-04-28 06:15:00', NULL, '', 1, '2025-04-28 06:16:08', '0000-00-00 00:00:00', 1, 0),
(3, 'other', 'INV-20250400003', 2, 13, 'hhhhh', '', '', 'cash', '', '', '100.00', '2025-04-28 07:04:00', NULL, '', 1, '2025-04-28 06:32:50', '2025-04-28 07:04:16', 1, 1),
(4, 'other', 'INV-20250400004', 1, 10, 'ggll', '', '', 'cash', '', '', '300.00', '2025-04-28 07:07:00', NULL, '', 1, '2025-04-28 07:06:26', '2025-04-28 07:07:39', 1, 1),
(5, 'other', 'INV-20250400005', 1, 10, 'kkked', '', '', 'cash', '', '', '500.00', '2025-04-27 07:06:00', NULL, '', 1, '2025-04-28 07:07:13', '0000-00-00 00:00:00', 1, 0),
(6, 'other', 'INV-20250400006', 2, 18, '', '', '', 'cash', '', '', '350.00', '2025-04-28 17:20:00', NULL, '', 1, '2025-04-28 17:20:14', '2025-04-28 17:20:26', 1, 1),
(7, 'other', 'INV-20250400007', 1, 19, '', '', '', 'cash', '', '', '230.00', '2025-04-28 17:23:00', NULL, '', 1, '2025-04-28 17:24:03', '0000-00-00 00:00:00', 1, 0),
(8, 'other', 'INV-20250400008', 2, 0, '', '', '', 'cash', '', '', '400.00', '2025-04-28 17:51:00', NULL, '', 1, '2025-04-28 17:29:15', '2025-04-28 17:51:31', 1, 1),
(9, 'other', 'INV-20250400009', 2, 0, '', '', '', 'cash', '', '', '1.00', '2025-04-28 17:53:00', NULL, '', 1, '2025-04-28 17:53:31', '0000-00-00 00:00:00', 1, 0);

-- --------------------------------------------------------

--
-- Table structure for table `expenditure_heads`
--

CREATE TABLE `expenditure_heads` (
  `id` int(11) NOT NULL,
  `name` varchar(100) DEFAULT NULL,
  `bn_name` varchar(100) DEFAULT NULL,
  `note` text DEFAULT NULL,
  `sort_by` int(11) NOT NULL DEFAULT 0,
  `status` tinyint(1) NOT NULL,
  `created_at` datetime NOT NULL,
  `modified_at` datetime NOT NULL,
  `created_by` int(11) NOT NULL,
  `modified_by` int(11) NOT NULL
) ENGINE=InnoDB DEFAULT CHARSET=utf8 COLLATE=utf8_general_ci;

--
-- Dumping data for table `expenditure_heads`
--

INSERT INTO `expenditure_heads` (`id`, `name`, `bn_name`, `note`, `sort_by`, `status`, `created_at`, `modified_at`, `created_by`, `modified_by`) VALUES
(2, 'USG Doctor Fees', '', '', 0, 1, '2025-04-27 15:24:01', '0000-00-00 00:00:00', 1, 0),
(3, 'Transport', '', '', 0, 1, '2025-05-18 23:57:53', '0000-00-00 00:00:00', 1, 0);

-- --------------------------------------------------------

--
-- Table structure for table `exp_sub_heads`
--

CREATE TABLE `exp_sub_heads` (
  `id` int(11) NOT NULL,
  `expenditure_head_id` int(11) NOT NULL,
  `name` varchar(255) NOT NULL,
  `status` tinyint(1) NOT NULL DEFAULT 1,
  `created_at` datetime NOT NULL,
  `modified_at` date DEFAULT NULL,
  `created_by` int(11) NOT NULL,
  `modified_by` int(11) DEFAULT NULL
) ENGINE=InnoDB DEFAULT CHARSET=utf8mb4 COLLATE=utf8mb4_general_ci;

--
-- Dumping data for table `exp_sub_heads`
--

INSERT INTO `exp_sub_heads` (`id`, `expenditure_head_id`, `name`, `status`, `created_at`, `modified_at`, `created_by`, `modified_by`) VALUES
(21, 2, 'hh', 1, '2025-05-12 19:07:44', NULL, 1, NULL),
(22, 2, 'jjjjjj', 1, '2025-05-12 19:07:56', NULL, 1, NULL),
(23, 3, 'Bus', 1, '2025-05-18 23:58:16', NULL, 1, NULL),
(24, 3, 'Motorcycle', 1, '2025-05-18 23:58:28', NULL, 1, NULL);

-- --------------------------------------------------------

--
-- Table structure for table `floors`
--

CREATE TABLE `floors` (
  `id` int(11) NOT NULL,
  `name` varchar(100) DEFAULT NULL,
  `bn_name` varchar(100) DEFAULT NULL,
  `note` text DEFAULT NULL,
  `sort_by` int(11) NOT NULL DEFAULT 0,
  `status` int(11) NOT NULL DEFAULT 0,
  `created_at` datetime NOT NULL,
  `modified_at` datetime NOT NULL,
  `created_by` int(11) NOT NULL DEFAULT 0,
  `modified_by` int(11) NOT NULL DEFAULT 0
) ENGINE=InnoDB DEFAULT CHARSET=utf8 COLLATE=utf8_general_ci;

--
-- Dumping data for table `floors`
--

INSERT INTO `floors` (`id`, `name`, `bn_name`, `note`, `sort_by`, `status`, `created_at`, `modified_at`, `created_by`, `modified_by`) VALUES
(1, '1st F', '1st F', '', 0, 1, '2025-04-19 11:57:14', '0000-00-00 00:00:00', 1, 0);

-- --------------------------------------------------------

--
-- Table structure for table `followup_categories`
--

CREATE TABLE `followup_categories` (
  `id` int(11) NOT NULL,
  `name` varchar(200) DEFAULT NULL,
  `day` smallint(5) UNSIGNED NOT NULL DEFAULT 45,
  `note` text DEFAULT NULL,
  `sort_by` int(11) NOT NULL DEFAULT 0,
  `status` int(11) NOT NULL DEFAULT 0,
  `created_at` datetime NOT NULL,
  `modified_at` datetime NOT NULL,
  `created_by` int(11) NOT NULL DEFAULT 0,
  `modified_by` int(11) NOT NULL DEFAULT 0
) ENGINE=InnoDB DEFAULT CHARSET=utf8 COLLATE=utf8_general_ci;

--
-- Dumping data for table `followup_categories`
--

INSERT INTO `followup_categories` (`id`, `name`, `day`, `note`, `sort_by`, `status`, `created_at`, `modified_at`, `created_by`, `modified_by`) VALUES
(1, 'Diabetic', 30, '', 0, 1, '2025-04-24 12:03:35', '0000-00-00 00:00:00', 1, 0),
(2, 'Hard', 30, '', 0, 1, '2025-05-21 13:47:46', '0000-00-00 00:00:00', 1, 0);

-- --------------------------------------------------------

--
-- Table structure for table `followup_histories`
--

CREATE TABLE `followup_histories` (
  `id` int(11) NOT NULL,
  `followup_id` int(10) UNSIGNED DEFAULT NULL,
  `category_id` int(10) UNSIGNED DEFAULT NULL,
  `patient_id` int(10) UNSIGNED DEFAULT NULL,
  `create_date` date DEFAULT NULL,
  `followup_date` date DEFAULT NULL,
  `note` text DEFAULT NULL,
  `status` int(11) NOT NULL DEFAULT 0,
  `created_at` datetime NOT NULL,
  `modified_at` datetime NOT NULL,
  `created_by` int(11) NOT NULL DEFAULT 0,
  `modified_by` int(11) NOT NULL DEFAULT 0
) ENGINE=InnoDB DEFAULT CHARSET=utf8 COLLATE=utf8_general_ci;

-- --------------------------------------------------------

--
-- Table structure for table `followup_patients`
--

CREATE TABLE `followup_patients` (
  `id` int(11) NOT NULL,
  `category_id` int(10) UNSIGNED DEFAULT NULL,
  `patient_id` int(10) UNSIGNED DEFAULT NULL,
  `create_date` date DEFAULT NULL,
  `followup_date` date DEFAULT NULL,
  `note` text DEFAULT NULL,
  `status` int(11) NOT NULL DEFAULT 0,
  `created_at` datetime NOT NULL,
  `modified_at` datetime NOT NULL,
  `created_by` int(11) NOT NULL DEFAULT 0,
  `modified_by` int(11) NOT NULL DEFAULT 0
) ENGINE=InnoDB DEFAULT CHARSET=utf8 COLLATE=utf8_general_ci;

--
-- Dumping data for table `followup_patients`
--

INSERT INTO `followup_patients` (`id`, `category_id`, `patient_id`, `create_date`, `followup_date`, `note`, `status`, `created_at`, `modified_at`, `created_by`, `modified_by`) VALUES
(1, 1, 8, '2025-04-24', '2025-05-24', '', 1, '2025-04-24 12:03:57', '0000-00-00 00:00:00', 1, 0),
(2, 1, 23, '2025-05-03', '2025-06-02', '', 1, '2025-05-03 15:23:17', '0000-00-00 00:00:00', 22, 0),
(3, 1, 49, '2025-05-21', '2025-06-20', '', 1, '2025-05-21 11:36:11', '0000-00-00 00:00:00', 1, 0),
(4, 1, 48, '2025-05-21', '2025-06-20', '', 1, '2025-05-21 11:42:26', '0000-00-00 00:00:00', 54, 0),
(5, 1, 44, '2025-05-21', '2025-06-20', '', 1, '2025-05-21 11:42:57', '0000-00-00 00:00:00', 54, 0),
(6, 2, 41, '2025-05-21', '2025-06-20', '', 1, '2025-05-21 13:48:07', '0000-00-00 00:00:00', 1, 0);

-- --------------------------------------------------------

--
-- Table structure for table `frontend_settings`
--

CREATE TABLE `frontend_settings` (
  `id` int(11) NOT NULL,
  `theme` varchar(50) DEFAULT NULL,
  `phone` varchar(30) DEFAULT NULL,
  `email` varchar(60) DEFAULT NULL,
  `fax` varchar(30) DEFAULT NULL,
  `web` varchar(50) DEFAULT NULL,
  `address` text DEFAULT NULL,
  `currency` varchar(50) DEFAULT NULL,
  `currency_symbol` varchar(30) DEFAULT NULL,
  `enable_frontend` int(11) NOT NULL DEFAULT 0,
  `facebook_url` varchar(100) DEFAULT NULL,
  `twitter_url` varchar(100) DEFAULT NULL,
  `linkedin_url` varchar(100) DEFAULT NULL,
  `youtube_url` varchar(100) DEFAULT NULL,
  `instagram_url` varchar(100) DEFAULT NULL,
  `pinterest_url` varchar(100) DEFAULT NULL,
  `viber` varchar(50) DEFAULT NULL,
  `skype` varchar(50) DEFAULT NULL,
  `logo` varchar(100) DEFAULT NULL,
  `footer` text DEFAULT NULL,
  `google_analytics` text DEFAULT NULL,
  `status` int(11) NOT NULL,
  `created_at` datetime NOT NULL,
  `modified_at` datetime NOT NULL,
  `created_by` int(11) NOT NULL DEFAULT 0,
  `modified_by` int(11) NOT NULL DEFAULT 0
) ENGINE=InnoDB DEFAULT CHARSET=utf8 COLLATE=utf8_general_ci;

--
-- Dumping data for table `frontend_settings`
--

INSERT INTO `frontend_settings` (`id`, `theme`, `phone`, `email`, `fax`, `web`, `address`, `currency`, `currency_symbol`, `enable_frontend`, `facebook_url`, `twitter_url`, `linkedin_url`, `youtube_url`, `instagram_url`, `pinterest_url`, `viber`, `skype`, `logo`, `footer`, `google_analytics`, `status`, `created_at`, `modified_at`, `created_by`, `modified_by`) VALUES
(6, NULL, NULL, NULL, NULL, NULL, NULL, NULL, NULL, 0, NULL, NULL, NULL, NULL, NULL, NULL, NULL, NULL, NULL, NULL, NULL, 1, '2020-09-16 03:54:09', '0000-00-00 00:00:00', 2, 0);

-- --------------------------------------------------------

--
-- Table structure for table `galleries`
--

CREATE TABLE `galleries` (
  `id` int(11) NOT NULL,
  `title` varchar(100) DEFAULT NULL,
  `bn_title` varchar(150) DEFAULT NULL,
  `description` text DEFAULT NULL,
  `bn_description` text DEFAULT NULL,
  `image` varchar(100) DEFAULT NULL,
  `remark` text DEFAULT NULL,
  `is_view_on_web` tinyint(1) NOT NULL DEFAULT 0,
  `sort_by` smallint(6) NOT NULL DEFAULT 0,
  `status` tinyint(1) NOT NULL DEFAULT 1,
  `created_at` datetime DEFAULT NULL,
  `modified_at` datetime DEFAULT NULL,
  `created_by` int(11) DEFAULT NULL,
  `modified_by` int(11) DEFAULT NULL
) ENGINE=MyISAM DEFAULT CHARSET=utf8 COLLATE=utf8_general_ci;

-- --------------------------------------------------------

--
-- Table structure for table `global_setting`
--

CREATE TABLE `global_setting` (
  `id` int(11) NOT NULL,
  `brand_name` varchar(255) NOT NULL,
  `brand_title` varchar(255) DEFAULT NULL,
  `time_zone` varchar(150) NOT NULL,
  `date_format` varchar(20) NOT NULL,
  `time_format` varchar(20) DEFAULT NULL,
  `is_discount` int(10) UNSIGNED NOT NULL DEFAULT 20,
  `reference_days` smallint(5) UNSIGNED NOT NULL DEFAULT 30,
  `address` text DEFAULT NULL,
  `mobile` varchar(30) DEFAULT NULL,
  `phone` varchar(40) DEFAULT NULL,
  `email` varchar(60) DEFAULT NULL,
  `fax` varchar(50) DEFAULT NULL,
  `currency` varchar(30) DEFAULT NULL,
  `currency_symbol` varchar(10) DEFAULT NULL,
  `lat` varchar(50) DEFAULT NULL,
  `lng` varchar(50) DEFAULT NULL,
  `enable_frontend` int(11) NOT NULL DEFAULT 1 COMMENT '0 = Inactive, 1 = Active',
  `facebook_url` text DEFAULT NULL,
  `twitter_url` text DEFAULT NULL,
  `linkedin_url` text DEFAULT NULL,
  `youtube_url` text DEFAULT NULL,
  `instagram_url` text DEFAULT NULL,
  `skype` varchar(50) DEFAULT NULL,
  `brand_logo` varchar(120) DEFAULT NULL,
  `favicon` varchar(255) DEFAULT NULL,
  `brand_footer` varchar(255) DEFAULT NULL,
  `video_thumbnail` varchar(100) DEFAULT NULL,
  `video_url` text DEFAULT NULL,
  `map` text DEFAULT NULL,
  `custom_css` longtext DEFAULT NULL,
  `status` tinyint(1) NOT NULL,
  `created_by` int(11) NOT NULL,
  `modified_by` int(11) NOT NULL,
  `created_at` datetime NOT NULL,
  `modified_at` datetime NOT NULL
) ENGINE=InnoDB DEFAULT CHARSET=utf8 COLLATE=utf8_unicode_ci;

--
-- Dumping data for table `global_setting`
--

INSERT INTO `global_setting` (`id`, `brand_name`, `brand_title`, `time_zone`, `date_format`, `time_format`, `is_discount`, `reference_days`, `address`, `mobile`, `phone`, `email`, `fax`, `currency`, `currency_symbol`, `lat`, `lng`, `enable_frontend`, `facebook_url`, `twitter_url`, `linkedin_url`, `youtube_url`, `instagram_url`, `skype`, `brand_logo`, `favicon`, `brand_footer`, `video_thumbnail`, `video_url`, `map`, `custom_css`, `status`, `created_by`, `modified_by`, `created_at`, `modified_at`) VALUES
(1, 'HMS', 'HMS', 'Asia/Dhaka', 'j M, Y', 'h:ia', 25, 30, 'Satkhira', '01751199433', '01751199433', 'hms@gmail.com', NULL, 'BDT', '৳', '22.722333', '89.070083', 1, 'https://www.facebook.com/', '#', '#', 'https://www.youtube.com/', '#', '', 'brand_logo-1743900439-sbiz.png', 'favicon-1743900439-sbiz.png', '© 2024-2025 HMS. All Rights Reserved.', 'video_thumbnail-1743900439-sbiz.png', '', '', '.ulockd-main-logo2 img {\r\n    margin-top: 0px;\r\n    width: 80px;\r\n}\r\n.report table{\r\nborder: none;\r\n}\r\n.report table td{\r\nborder: none;\r\nborder-bottom: 1px dashed gray !important;\r\nfont-size: 15px !important;\r\ncolor: #000;\r\n}\r\n.report table th{\r\nborder: 1px solid gray !important;\r\nfont-size: 15px !important;\r\ncolor: #000;\r\nmargin-bottom: 5px;\r\n}\r\n.reportultra table{\r\nborder: none;\r\n}\r\n.reportultra table td{\r\nborder: none;\r\nborder-bottom: 1px dashed gray !important;\r\nfont-size: 15px !important;\r\ncolor: #000;\r\n}\r\n.reportultra table th{\r\nborder: 1px solid gray !important;\r\nfont-size: 15px !important;\r\ncolor: #000;\r\nmargin-bottom: 5px;\r\n}', 1, 1, 1, '2020-09-15 22:57:37', '2025-04-06 06:48:24');

-- --------------------------------------------------------

--
-- Table structure for table `holidays`
--

CREATE TABLE `holidays` (
  `id` int(11) NOT NULL,
  `title` varchar(200) DEFAULT NULL,
  `bn_title` varchar(255) DEFAULT NULL,
  `from_date` date DEFAULT NULL,
  `to_date` date DEFAULT NULL,
  `remark` text DEFAULT NULL,
  `is_view_on_web` tinyint(1) NOT NULL DEFAULT 0 COMMENT '0 = No, 1 = yes',
  `status` tinyint(1) NOT NULL DEFAULT 1,
  `created_at` datetime DEFAULT NULL,
  `modified_at` datetime DEFAULT NULL,
  `created_by` int(11) DEFAULT NULL,
  `modified_by` int(11) DEFAULT NULL
) ENGINE=InnoDB DEFAULT CHARSET=utf8 COLLATE=utf8_general_ci;

-- --------------------------------------------------------

--
-- Table structure for table `incomes`
--

CREATE TABLE `incomes` (
  `id` int(11) NOT NULL,
  `type` enum('opd','ipd','other') NOT NULL DEFAULT 'other',
  `custom_invoice_id` varchar(30) DEFAULT NULL,
  `income_head_id` int(10) UNSIGNED NOT NULL,
  `name` varchar(100) DEFAULT NULL,
  `reference` varchar(50) DEFAULT NULL,
  `invoice_no` varchar(30) DEFAULT NULL,
  `payment_method` varchar(30) DEFAULT NULL,
  `bank_name` varchar(100) DEFAULT NULL,
  `cheque_no` varchar(30) DEFAULT NULL,
  `amount` decimal(10,2) NOT NULL DEFAULT 0.00,
  `date` datetime DEFAULT NULL,
  `attachment` varchar(100) DEFAULT NULL,
  `note` text DEFAULT NULL,
  `status` tinyint(1) NOT NULL,
  `created_at` datetime NOT NULL,
  `modified_at` datetime NOT NULL,
  `created_by` int(11) NOT NULL,
  `modified_by` int(11) NOT NULL
) ENGINE=InnoDB DEFAULT CHARSET=utf8 COLLATE=utf8_general_ci;

-- --------------------------------------------------------

--
-- Table structure for table `income_heads`
--

CREATE TABLE `income_heads` (
  `id` int(11) NOT NULL,
  `name` varchar(100) DEFAULT NULL,
  `bn_name` varchar(100) DEFAULT NULL,
  `note` text DEFAULT NULL,
  `sort_by` int(11) NOT NULL DEFAULT 0,
  `status` tinyint(1) NOT NULL,
  `created_at` datetime NOT NULL,
  `modified_at` datetime NOT NULL,
  `created_by` int(11) NOT NULL,
  `modified_by` int(11) NOT NULL
) ENGINE=InnoDB DEFAULT CHARSET=utf8 COLLATE=utf8_general_ci;

-- --------------------------------------------------------

--
-- Table structure for table `invoices`
--

CREATE TABLE `invoices` (
  `id` mediumint(8) UNSIGNED NOT NULL,
  `custom_invoice_id` varchar(15) NOT NULL,
  `prev_invoice_id` int(11) DEFAULT NULL,
  `invoice_type` varchar(50) NOT NULL DEFAULT 'investigation' COMMENT 'opd,ipd,investigation',
  `patient_id` mediumint(8) UNSIGNED NOT NULL,
  `ref_dr_id` mediumint(8) UNSIGNED DEFAULT NULL,
  `ref_dr_name` varchar(100) DEFAULT NULL,
  `self` int(11) NOT NULL DEFAULT 0 COMMENT '0 = None, 1 = Self',
  `commission_user_id` int(11) DEFAULT NULL,
  `commission_name` varchar(100) DEFAULT NULL,
  `commission_under_marketing` int(10) UNSIGNED DEFAULT NULL,
  `bill_date` datetime NOT NULL,
  `delivery_status` enum('normal','urgent') NOT NULL,
  `total_bill` decimal(10,2) UNSIGNED NOT NULL DEFAULT 0.00,
  `special_discount` decimal(10,2) UNSIGNED NOT NULL DEFAULT 0.00,
  `discount` decimal(10,2) UNSIGNED NOT NULL DEFAULT 0.00,
  `net_payable` decimal(10,2) UNSIGNED NOT NULL DEFAULT 0.00,
  `advanced` decimal(10,2) UNSIGNED NOT NULL DEFAULT 0.00,
  `due_amount` decimal(10,2) UNSIGNED NOT NULL DEFAULT 0.00,
  `commission_amount` decimal(10,2) UNSIGNED NOT NULL DEFAULT 0.00,
  `payable_commission` decimal(10,2) UNSIGNED NOT NULL DEFAULT 0.00,
  `paid_status` varchar(20) NOT NULL DEFAULT 'paid' COMMENT 'paid or unpaid',
  `payment_status` enum('complete','rejected','canceled') NOT NULL DEFAULT 'complete',
  `date` date DEFAULT NULL,
  `month` varchar(20) DEFAULT NULL,
  `year` varchar(20) DEFAULT NULL,
  `note` text DEFAULT NULL,
  `authorized_person` int(10) UNSIGNED DEFAULT NULL,
  `commission_payment` enum('paid','unpaid') NOT NULL DEFAULT 'unpaid',
  `payment_delivery` tinyint(1) NOT NULL DEFAULT 0 COMMENT '0 = No, 1 = Yes',
  `delivery_by` int(11) DEFAULT NULL,
  `delivery_date` datetime DEFAULT NULL,
  `delivery_remark` text DEFAULT NULL,
  `appointment_id` int(11) DEFAULT NULL,
  `marketing_id` int(11) DEFAULT NULL,
  `reference_employee` int(10) UNSIGNED DEFAULT NULL,
  `status` tinyint(1) NOT NULL,
  `created_at` datetime NOT NULL,
  `modified_at` datetime NOT NULL,
  `created_by` int(11) NOT NULL,
  `modified_by` int(11) NOT NULL
) ENGINE=InnoDB DEFAULT CHARSET=utf8 COLLATE=utf8_general_ci;

--
-- Dumping data for table `invoices`
--

INSERT INTO `invoices` (`id`, `custom_invoice_id`, `prev_invoice_id`, `invoice_type`, `patient_id`, `ref_dr_id`, `ref_dr_name`, `self`, `commission_user_id`, `commission_name`, `commission_under_marketing`, `bill_date`, `delivery_status`, `total_bill`, `special_discount`, `discount`, `net_payable`, `advanced`, `due_amount`, `commission_amount`, `payable_commission`, `paid_status`, `payment_status`, `date`, `month`, `year`, `note`, `authorized_person`, `commission_payment`, `payment_delivery`, `delivery_by`, `delivery_date`, `delivery_remark`, `appointment_id`, `marketing_id`, `reference_employee`, `status`, `created_at`, `modified_at`, `created_by`, `modified_by`) VALUES
(1, 'INV-20250400001', 0, 'investigation', 9, 7, NULL, 0, NULL, '', NULL, '2025-04-06 06:49:14', 'normal', '4100.00', '0.00', '0.00', '4100.00', '0.00', '4100.00', '0.00', '0.00', 'unpaid', 'complete', '2025-04-06', '04', '2025', NULL, NULL, 'unpaid', 0, NULL, NULL, NULL, 3, 1, NULL, 1, '2025-04-06 06:49:14', '0000-00-00 00:00:00', 1, 0),
(2, 'INV-20250400002', 0, 'investigation', 9, 7, NULL, 0, NULL, '', NULL, '2025-04-14 14:52:31', 'normal', '1700.00', '0.00', '0.00', '1700.00', '1700.00', '0.00', '0.00', '0.00', 'paid', 'complete', '2025-04-14', '04', '2025', NULL, NULL, 'unpaid', 0, NULL, NULL, NULL, 3, NULL, NULL, 1, '2025-04-14 14:52:31', '0000-00-00 00:00:00', 1, 0),
(3, 'INV-20250400003', 0, 'investigation', 9, 7, NULL, 0, NULL, '', NULL, '2025-04-15 21:51:02', 'normal', '3000.00', '0.00', '0.00', '3000.00', '0.00', '3000.00', '0.00', '0.00', 'unpaid', 'complete', '2025-04-15', '04', '2025', NULL, NULL, 'unpaid', 0, NULL, NULL, NULL, 3, NULL, NULL, 1, '2025-04-15 21:51:02', '0000-00-00 00:00:00', 1, 0),
(4, 'INV-20250400004', 0, 'investigation', 9, 7, NULL, 0, NULL, '', NULL, '2025-04-20 14:51:50', 'normal', '700.00', '0.00', '0.00', '700.00', '0.00', '700.00', '0.00', '0.00', 'unpaid', 'complete', '2025-04-20', '04', '2025', NULL, NULL, 'unpaid', 0, NULL, NULL, NULL, 3, NULL, NULL, 1, '2025-04-20 14:51:50', '0000-00-00 00:00:00', 1, 0),
(5, 'INV-20250400005', 0, 'investigation', 9, 7, NULL, 0, NULL, '', NULL, '2025-04-21 01:15:50', 'normal', '2000.00', '0.00', '0.00', '2000.00', '2000.00', '0.00', '0.00', '0.00', 'paid', 'complete', '2025-04-21', '04', '2025', NULL, NULL, 'unpaid', 0, NULL, NULL, NULL, 3, NULL, NULL, 1, '2025-04-21 01:15:50', '0000-00-00 00:00:00', 1, 0),
(6, 'INV-20250400006', 0, 'investigation', 8, 7, NULL, 0, NULL, '', NULL, '2025-04-21 13:25:16', 'normal', '100.00', '0.00', '0.00', '100.00', '0.00', '100.00', '0.00', '0.00', 'unpaid', 'complete', '2025-04-21', '04', '2025', NULL, NULL, 'unpaid', 0, NULL, NULL, NULL, 1, 1, NULL, 1, '2025-04-21 13:25:16', '0000-00-00 00:00:00', 1, 0),
(7, 'INV-20250400007', 0, 'investigation', 8, 7, NULL, 0, NULL, '', NULL, '2025-04-21 14:48:45', 'normal', '700.00', '0.00', '0.00', '700.00', '700.00', '0.00', '0.00', '0.00', 'paid', 'complete', '2025-04-21', '04', '2025', NULL, NULL, 'unpaid', 0, NULL, NULL, NULL, 1, NULL, NULL, 1, '2025-04-21 14:48:45', '0000-00-00 00:00:00', 1, 0),
(8, 'INV-20250400008', 0, 'investigation', 9, 7, NULL, 0, NULL, '', NULL, '2025-04-22 10:50:25', 'normal', '2000.00', '0.00', '0.00', '2000.00', '2000.00', '0.00', '0.00', '0.00', 'paid', 'complete', '2025-04-22', '04', '2025', NULL, NULL, 'unpaid', 0, NULL, NULL, NULL, 3, NULL, NULL, 1, '2025-04-22 10:50:25', '0000-00-00 00:00:00', 1, 0),
(9, 'INV-20250400009', 0, 'investigation', 8, 7, NULL, 0, NULL, '', NULL, '2025-04-23 09:48:23', 'normal', '100.00', '0.00', '0.00', '100.00', '0.00', '100.00', '0.00', '0.00', 'unpaid', 'complete', '2025-04-23', '04', '2025', NULL, NULL, 'unpaid', 0, NULL, NULL, NULL, 1, NULL, NULL, 1, '2025-04-23 09:48:23', '0000-00-00 00:00:00', 1, 0),
(10, 'INV-20250400010', 0, 'investigation', 9, 7, NULL, 0, NULL, '', NULL, '2025-04-23 12:24:33', 'normal', '600.00', '0.00', '0.00', '600.00', '0.00', '600.00', '0.00', '0.00', 'unpaid', 'complete', '2025-04-23', '04', '2025', NULL, NULL, 'unpaid', 0, NULL, NULL, NULL, 3, NULL, NULL, 1, '2025-04-23 12:24:33', '0000-00-00 00:00:00', 1, 0),
(11, 'INV-20250400011', 0, 'investigation', 8, 7, NULL, 0, NULL, '', NULL, '2025-04-24 21:16:11', 'normal', '1400.00', '0.00', '0.00', '1400.00', '0.00', '1400.00', '0.00', '0.00', 'unpaid', 'complete', '2025-04-24', '04', '2025', NULL, NULL, 'unpaid', 0, NULL, NULL, NULL, 1, NULL, NULL, 1, '2025-04-24 21:16:11', '0000-00-00 00:00:00', 1, 0),
(12, 'INV-20250400012', 0, 'investigation', 9, 7, NULL, 0, NULL, '', NULL, '2025-04-24 21:20:05', 'normal', '500.00', '0.00', '0.00', '500.00', '0.00', '500.00', '0.00', '0.00', 'unpaid', 'complete', '2025-04-24', '04', '2025', NULL, NULL, 'unpaid', 0, NULL, NULL, NULL, 3, NULL, NULL, 1, '2025-04-24 21:20:05', '0000-00-00 00:00:00', 1, 0),
(13, 'INV-20250400013', 0, 'investigation', 9, 7, NULL, 0, NULL, '', NULL, '2025-04-24 21:21:17', 'normal', '600.00', '0.00', '0.00', '600.00', '0.00', '600.00', '0.00', '0.00', 'unpaid', 'complete', '2025-04-24', '04', '2025', NULL, NULL, 'unpaid', 0, NULL, NULL, NULL, 3, NULL, NULL, 1, '2025-04-24 21:21:17', '0000-00-00 00:00:00', 1, 0),
(14, 'INV-20250400014', 0, 'investigation', 9, 7, NULL, 0, NULL, '', NULL, '2025-04-25 16:12:57', 'normal', '600.00', '0.00', '0.00', '600.00', '0.00', '600.00', '0.00', '0.00', 'unpaid', 'complete', '2025-04-25', '04', '2025', NULL, NULL, 'unpaid', 0, NULL, NULL, NULL, 3, NULL, NULL, 1, '2025-04-25 16:12:57', '0000-00-00 00:00:00', 1, 0),
(15, 'INV-20250400015', 0, 'investigation', 9, 7, NULL, 0, NULL, '', NULL, '2025-04-27 11:56:49', 'normal', '600.00', '0.00', '0.00', '600.00', '0.00', '600.00', '0.00', '0.00', 'unpaid', 'complete', '2025-04-27', '04', '2025', NULL, NULL, 'unpaid', 0, NULL, NULL, NULL, 3, NULL, NULL, 1, '2025-04-27 11:56:49', '0000-00-00 00:00:00', 1, 0),
(16, 'INV-20250400016', 0, 'investigation', 20, 21, NULL, 0, 21, '', NULL, '2025-04-27 16:09:38', 'normal', '700.00', '0.00', '0.00', '700.00', '700.00', '0.00', '260.00', '260.00', 'paid', 'complete', '2025-04-27', '04', '2025', '', NULL, 'unpaid', 0, NULL, NULL, NULL, NULL, NULL, NULL, 1, '2025-04-27 16:09:38', '0000-00-00 00:00:00', 1, 1),
(17, 'INV-20250400017', 0, 'investigation', 9, 7, NULL, 0, NULL, '', NULL, '2025-04-30 22:06:12', 'normal', '3200.00', '0.00', '0.00', '3200.00', '0.00', '3200.00', '0.00', '0.00', 'unpaid', 'complete', '2025-04-30', '04', '2025', NULL, NULL, 'unpaid', 0, NULL, NULL, NULL, 3, NULL, NULL, 1, '2025-04-30 22:06:12', '0000-00-00 00:00:00', 1, 0),
(18, 'INV-20250500018', 0, 'investigation', 55, NULL, NULL, 1, NULL, '', NULL, '2025-05-31 12:39:36', 'normal', '100.00', '0.00', '0.00', '100.00', '100.00', '0.00', '0.00', '0.00', 'paid', 'complete', '2025-05-31', '05', '2025', NULL, NULL, 'unpaid', 0, NULL, NULL, NULL, NULL, NULL, NULL, 1, '2025-05-31 12:39:36', '0000-00-00 00:00:00', 1, 0),
(19, 'INV-20250600019', 0, 'investigation', 9, 7, NULL, 0, NULL, '', NULL, '2025-06-16 22:31:00', 'normal', '100.00', '0.00', '0.00', '100.00', '0.00', '100.00', '0.00', '0.00', 'unpaid', 'complete', '2025-06-16', '06', '2025', 'hh', NULL, 'unpaid', 0, NULL, NULL, NULL, 3, NULL, NULL, 1, '2025-06-19 22:35:22', '0000-00-00 00:00:00', 1, 0),
(20, 'INV-20250600020', 0, 'investigation', 9, 7, NULL, 0, NULL, '', NULL, '2025-06-19 22:39:36', 'normal', '100.00', '0.00', '0.00', '100.00', '50.00', '50.00', '0.00', '0.00', 'unpaid', 'complete', '2025-06-19', '06', '2025', 'bb', NULL, 'unpaid', 0, NULL, NULL, NULL, 3, NULL, NULL, 1, '2025-06-19 22:39:36', '0000-00-00 00:00:00', 1, 0),
(21, 'INV-20250600021', 0, 'investigation', 9, 7, NULL, 0, NULL, '', NULL, '2025-06-19 22:40:40', 'normal', '500.00', '0.00', '0.00', '500.00', '0.00', '500.00', '0.00', '0.00', 'unpaid', 'complete', '2025-06-19', '06', '2025', 'hh', NULL, 'unpaid', 0, NULL, NULL, NULL, 3, NULL, NULL, 1, '2025-06-19 22:40:40', '0000-00-00 00:00:00', 1, 0),
(22, 'INV-20250600022', 0, 'investigation', 9, 7, NULL, 0, NULL, '', NULL, '2025-06-22 16:00:14', 'normal', '100.00', '0.00', '0.00', '100.00', '100.00', '0.00', '0.00', '0.00', 'paid', 'complete', '2025-06-22', '06', '2025', NULL, NULL, 'unpaid', 0, NULL, NULL, NULL, 3, NULL, NULL, 1, '2025-06-22 16:00:14', '0000-00-00 00:00:00', 1, 0),
(23, 'INV-20250600023', 21, 'investigation', 9, 7, NULL, 0, NULL, '', NULL, '2025-06-22 16:41:55', 'normal', '500.00', '0.00', '0.00', '500.00', '0.00', '500.00', '0.00', '0.00', 'unpaid', 'complete', '2025-06-22', '06', '2025', 'hh', NULL, 'unpaid', 0, NULL, NULL, NULL, 3, NULL, NULL, 1, '2025-06-22 16:41:55', '0000-00-00 00:00:00', 1, 0),
(24, 'INV-20250600024', 0, 'investigation', 9, 7, NULL, 0, NULL, '', NULL, '2025-06-21 16:46:00', 'normal', '600.00', '0.00', '0.00', '600.00', '600.00', '0.00', '0.00', '0.00', 'paid', 'complete', '2025-06-22', '06', '2025', NULL, NULL, 'unpaid', 0, NULL, NULL, NULL, 3, NULL, NULL, 1, '2025-06-22 16:46:17', '0000-00-00 00:00:00', 1, 0),
(25, 'INV-20250600025', 0, 'investigation', 9, 7, NULL, 0, NULL, '', NULL, '2025-06-22 16:46:00', 'normal', '1000.00', '0.00', '0.00', '1000.00', '1000.00', '0.00', '0.00', '0.00', 'paid', 'complete', '2025-06-22', '06', '2025', NULL, NULL, 'unpaid', 0, NULL, NULL, NULL, 3, NULL, NULL, 1, '2025-06-22 16:46:58', '0000-00-00 00:00:00', 1, 0),
(26, 'INV-20250600026', 24, 'investigation', 9, 7, NULL, 0, NULL, '', NULL, '2025-06-21 16:46:00', 'normal', '600.00', '0.00', '200.00', '400.00', '400.00', '0.00', '0.00', '0.00', 'paid', 'complete', '2025-06-22', '06', '2025', 'null', 2, 'unpaid', 0, NULL, NULL, NULL, 3, NULL, NULL, 1, '2025-06-22 16:47:46', '0000-00-00 00:00:00', 1, 0),
(27, 'INV-20250600027', 0, 'investigation', 9, 7, NULL, 0, NULL, '', NULL, '2025-06-21 16:48:00', 'normal', '500.00', '0.00', '0.00', '500.00', '500.00', '0.00', '0.00', '0.00', 'paid', 'complete', '2025-06-22', '06', '2025', NULL, NULL, 'unpaid', 0, NULL, NULL, NULL, 3, NULL, NULL, 1, '2025-06-22 16:48:31', '0000-00-00 00:00:00', 1, 0),
(28, 'INV-20250600028', 0, 'investigation', 9, 7, NULL, 0, NULL, '', NULL, '2025-06-21 16:51:00', 'normal', '500.00', '0.00', '0.00', '500.00', '350.00', '150.00', '0.00', '0.00', 'unpaid', 'complete', '2025-06-22', '06', '2025', 'ff', NULL, 'unpaid', 0, NULL, NULL, NULL, 3, NULL, NULL, 1, '2025-06-22 16:51:57', '0000-00-00 00:00:00', 1, 0),
(29, 'INV-20250600029', 0, 'investigation', 9, 7, NULL, 0, NULL, '', NULL, '2025-06-28 10:29:44', 'normal', '1700.00', '0.00', '0.00', '1700.00', '1700.00', '0.00', '0.00', '0.00', 'paid', 'complete', '2025-06-28', '06', '2025', NULL, NULL, 'unpaid', 0, NULL, NULL, NULL, 3, NULL, NULL, 1, '2025-06-28 10:29:44', '0000-00-00 00:00:00', 1, 0),
(30, 'INV-20250700030', 0, 'investigation', 9, 7, NULL, 0, NULL, '', NULL, '2025-07-01 09:00:00', 'normal', '700.00', '0.00', '0.00', '700.00', '0.00', '700.00', '0.00', '0.00', 'unpaid', 'complete', '2025-07-02', '07', '2025', 'hh', NULL, 'unpaid', 0, NULL, NULL, NULL, 3, NULL, NULL, 1, '2025-07-02 06:58:27', '0000-00-00 00:00:00', 1, 0),
(31, 'INV-20250700031', 0, 'investigation', 9, 7, NULL, 0, NULL, '', NULL, '2025-07-01 09:00:00', 'normal', '1600.00', '0.00', '0.00', '1600.00', '1600.00', '0.00', '0.00', '0.00', 'paid', 'complete', '2025-07-02', '07', '2025', NULL, NULL, 'unpaid', 0, NULL, NULL, NULL, 3, NULL, NULL, 1, '2025-07-02 06:59:17', '0000-00-00 00:00:00', 1, 0),
(32, 'INV-20250700032', 0, 'investigation', 9, 7, NULL, 0, NULL, '', NULL, '2025-07-02 07:18:17', 'normal', '700.00', '0.00', '0.00', '700.00', '700.00', '0.00', '0.00', '0.00', 'paid', 'complete', '2025-07-02', '07', '2025', NULL, NULL, 'unpaid', 0, NULL, NULL, NULL, 3, NULL, NULL, 1, '2025-07-02 07:18:17', '0000-00-00 00:00:00', 1, 0),
(33, 'INV-20250700033', 0, 'investigation', 8, 7, NULL, 0, NULL, '', NULL, '2025-07-02 07:26:58', 'normal', '1700.00', '0.00', '0.00', '1700.00', '1700.00', '0.00', '0.00', '0.00', 'paid', 'complete', '2025-07-02', '07', '2025', NULL, NULL, 'unpaid', 0, NULL, NULL, NULL, 1, NULL, NULL, 1, '2025-07-02 07:26:58', '0000-00-00 00:00:00', 1, 0),
(34, 'INV-20250700034', 0, 'investigation', 9, 7, NULL, 0, NULL, '', NULL, '2025-07-01 09:00:00', 'normal', '100.00', '0.00', '0.00', '100.00', '0.00', '100.00', '0.00', '0.00', 'unpaid', 'complete', '2025-07-02', '07', '2025', 'rrr', NULL, 'unpaid', 0, NULL, NULL, NULL, 3, NULL, NULL, 1, '2025-07-02 11:42:40', '0000-00-00 00:00:00', 1, 0),
(35, 'INV-20250700035', 0, 'investigation', 57, 7, NULL, 0, NULL, '', NULL, '2025-07-02 14:33:57', 'normal', '1700.00', '0.00', '0.00', '1700.00', '1700.00', '0.00', '0.00', '0.00', 'paid', 'complete', '2025-07-02', '07', '2025', NULL, NULL, 'unpaid', 0, NULL, NULL, NULL, 49, 1, NULL, 1, '2025-07-02 14:33:58', '0000-00-00 00:00:00', 1, 0),
(36, 'INV-20250700036', 0, 'investigation', 12, NULL, NULL, 1, NULL, '', NULL, '2025-07-02 16:31:31', 'normal', '2200.00', '0.00', '0.00', '2200.00', '2200.00', '0.00', '0.00', '0.00', 'paid', 'complete', '2025-07-02', '07', '2025', NULL, NULL, 'unpaid', 0, NULL, NULL, NULL, NULL, NULL, NULL, 1, '2025-07-02 16:31:31', '0000-00-00 00:00:00', 1, 0),
(37, 'INV-20250700037', 0, 'investigation', 57, 7, NULL, 0, 54, '', NULL, '2025-07-02 18:23:08', 'normal', '1200.00', '0.00', '200.00', '1000.00', '1000.00', '0.00', '540.00', '340.00', 'paid', 'complete', '2025-07-02', '07', '2025', '', NULL, 'paid', 0, NULL, NULL, NULL, 49, NULL, NULL, 1, '2025-07-02 18:23:08', '0000-00-00 00:00:00', 1, 1),
(38, 'INV-20250700038', 0, 'investigation', 9, 7, NULL, 0, NULL, '', NULL, '2025-07-06 17:07:26', 'normal', '2200.00', '0.00', '0.00', '2200.00', '0.00', '2200.00', '0.00', '0.00', 'unpaid', 'complete', '2025-07-06', '07', '2025', NULL, NULL, 'unpaid', 0, NULL, NULL, NULL, 3, NULL, NULL, 1, '2025-07-06 17:07:26', '0000-00-00 00:00:00', 1, 0);

-- --------------------------------------------------------

--
-- Table structure for table `invoice_details`
--

CREATE TABLE `invoice_details` (
  `id` int(11) NOT NULL,
  `invoice_id` int(11) NOT NULL,
  `investagation_id` int(11) NOT NULL,
  `unit` int(11) NOT NULL,
  `rate` decimal(10,2) UNSIGNED NOT NULL DEFAULT 0.00,
  `total_rate` decimal(10,2) UNSIGNED NOT NULL DEFAULT 0.00,
  `discount` decimal(10,2) UNSIGNED NOT NULL DEFAULT 0.00,
  `total_discount` decimal(10,2) UNSIGNED NOT NULL DEFAULT 0.00,
  `status` tinyint(1) NOT NULL,
  `created_at` datetime NOT NULL,
  `modified_at` datetime NOT NULL,
  `created_by` int(11) NOT NULL,
  `modified_by` int(11) NOT NULL
) ENGINE=InnoDB DEFAULT CHARSET=utf8 COLLATE=utf8_general_ci;

--
-- Dumping data for table `invoice_details`
--

INSERT INTO `invoice_details` (`id`, `invoice_id`, `investagation_id`, `unit`, `rate`, `total_rate`, `discount`, `total_discount`, `status`, `created_at`, `modified_at`, `created_by`, `modified_by`) VALUES
(1, 1, 1, 1, '600.00', '600.00', '0.00', '0.00', 1, '2025-04-06 06:49:14', '0000-00-00 00:00:00', 1, 0),
(2, 1, 118, 1, '100.00', '100.00', '0.00', '0.00', 1, '2025-04-06 06:49:14', '0000-00-00 00:00:00', 1, 0),
(3, 1, 17, 1, '600.00', '600.00', '0.00', '0.00', 1, '2025-04-06 06:49:14', '0000-00-00 00:00:00', 1, 0),
(4, 1, 53, 1, '1000.00', '1000.00', '0.00', '0.00', 1, '2025-04-06 06:49:14', '0000-00-00 00:00:00', 1, 0),
(5, 1, 21, 1, '500.00', '500.00', '0.00', '0.00', 1, '2025-04-06 06:49:14', '0000-00-00 00:00:00', 1, 0),
(6, 1, 25, 1, '1300.00', '1300.00', '0.00', '0.00', 1, '2025-04-06 06:49:14', '0000-00-00 00:00:00', 1, 0),
(7, 2, 118, 1, '100.00', '100.00', '0.00', '0.00', 1, '2025-04-14 14:52:31', '0000-00-00 00:00:00', 1, 0),
(8, 2, 17, 1, '600.00', '600.00', '0.00', '0.00', 1, '2025-04-14 14:52:31', '0000-00-00 00:00:00', 1, 0),
(9, 2, 53, 1, '1000.00', '1000.00', '0.00', '0.00', 1, '2025-04-14 14:52:31', '0000-00-00 00:00:00', 1, 0),
(10, 3, 25, 1, '1300.00', '1300.00', '0.00', '0.00', 1, '2025-04-15 21:51:02', '0000-00-00 00:00:00', 1, 0),
(11, 3, 63, 1, '100.00', '100.00', '0.00', '0.00', 1, '2025-04-15 21:51:02', '0000-00-00 00:00:00', 1, 0),
(12, 3, 48, 1, '600.00', '600.00', '0.00', '0.00', 1, '2025-04-15 21:51:02', '0000-00-00 00:00:00', 1, 0),
(13, 3, 53, 1, '1000.00', '1000.00', '0.00', '0.00', 1, '2025-04-15 21:51:03', '0000-00-00 00:00:00', 1, 0),
(14, 4, 118, 1, '100.00', '100.00', '0.00', '0.00', 1, '2025-04-20 14:51:50', '0000-00-00 00:00:00', 1, 0),
(15, 4, 17, 1, '600.00', '600.00', '0.00', '0.00', 1, '2025-04-20 14:51:50', '0000-00-00 00:00:00', 1, 0),
(16, 5, 1, 1, '600.00', '600.00', '0.00', '0.00', 1, '2025-04-21 01:15:50', '0000-00-00 00:00:00', 1, 0),
(17, 5, 25, 1, '1300.00', '1300.00', '0.00', '0.00', 1, '2025-04-21 01:15:50', '0000-00-00 00:00:00', 1, 0),
(18, 5, 118, 1, '100.00', '100.00', '0.00', '0.00', 1, '2025-04-21 01:15:50', '0000-00-00 00:00:00', 1, 0),
(19, 6, 118, 1, '100.00', '100.00', '0.00', '0.00', 1, '2025-04-21 13:25:16', '0000-00-00 00:00:00', 1, 0),
(20, 7, 17, 1, '600.00', '600.00', '0.00', '0.00', 1, '2025-04-21 14:48:45', '0000-00-00 00:00:00', 1, 0),
(21, 7, 118, 1, '100.00', '100.00', '0.00', '0.00', 1, '2025-04-21 14:48:45', '0000-00-00 00:00:00', 1, 0),
(22, 8, 118, 1, '100.00', '100.00', '0.00', '0.00', 1, '2025-04-22 10:50:25', '0000-00-00 00:00:00', 1, 0),
(23, 8, 25, 1, '1300.00', '1300.00', '0.00', '0.00', 1, '2025-04-22 10:50:25', '0000-00-00 00:00:00', 1, 0),
(24, 8, 17, 1, '600.00', '600.00', '0.00', '0.00', 1, '2025-04-22 10:50:25', '0000-00-00 00:00:00', 1, 0),
(25, 9, 118, 1, '100.00', '100.00', '0.00', '0.00', 1, '2025-04-23 09:48:23', '0000-00-00 00:00:00', 1, 0),
(26, 10, 46, 1, '500.00', '500.00', '0.00', '0.00', 1, '2025-04-23 12:24:33', '0000-00-00 00:00:00', 1, 0),
(27, 10, 118, 1, '100.00', '100.00', '0.00', '0.00', 1, '2025-04-23 12:24:33', '0000-00-00 00:00:00', 1, 0),
(28, 11, 118, 1, '100.00', '100.00', '0.00', '0.00', 1, '2025-04-24 21:16:11', '0000-00-00 00:00:00', 1, 0),
(29, 11, 25, 1, '1300.00', '1300.00', '0.00', '0.00', 1, '2025-04-24 21:16:11', '0000-00-00 00:00:00', 1, 0),
(30, 12, 46, 1, '500.00', '500.00', '0.00', '0.00', 1, '2025-04-24 21:20:05', '0000-00-00 00:00:00', 1, 0),
(31, 13, 118, 1, '100.00', '100.00', '0.00', '0.00', 1, '2025-04-24 21:21:17', '0000-00-00 00:00:00', 1, 0),
(32, 13, 46, 1, '500.00', '500.00', '0.00', '0.00', 1, '2025-04-24 21:21:17', '0000-00-00 00:00:00', 1, 0),
(33, 14, 46, 1, '500.00', '500.00', '0.00', '0.00', 1, '2025-04-25 16:12:57', '0000-00-00 00:00:00', 1, 0),
(34, 14, 118, 1, '100.00', '100.00', '0.00', '0.00', 1, '2025-04-25 16:12:57', '0000-00-00 00:00:00', 1, 0),
(35, 15, 118, 1, '100.00', '100.00', '0.00', '0.00', 1, '2025-04-27 11:56:49', '0000-00-00 00:00:00', 1, 0),
(36, 15, 46, 1, '500.00', '500.00', '0.00', '0.00', 1, '2025-04-27 11:56:49', '0000-00-00 00:00:00', 1, 0),
(37, 16, 1, 1, '600.00', '600.00', '0.00', '0.00', 1, '2025-04-27 16:09:38', '0000-00-00 00:00:00', 1, 0),
(38, 16, 118, 1, '100.00', '100.00', '0.00', '0.00', 1, '2025-04-27 16:09:38', '0000-00-00 00:00:00', 1, 0),
(39, 17, 118, 1, '100.00', '100.00', '0.00', '0.00', 1, '2025-04-30 22:06:12', '0000-00-00 00:00:00', 1, 0),
(40, 17, 17, 1, '600.00', '600.00', '0.00', '0.00', 1, '2025-04-30 22:06:12', '0000-00-00 00:00:00', 1, 0),
(41, 17, 53, 1, '1000.00', '1000.00', '0.00', '0.00', 1, '2025-04-30 22:06:12', '0000-00-00 00:00:00', 1, 0),
(42, 17, 18, 1, '500.00', '500.00', '0.00', '0.00', 1, '2025-04-30 22:06:12', '0000-00-00 00:00:00', 1, 0),
(43, 17, 21, 1, '500.00', '500.00', '0.00', '0.00', 1, '2025-04-30 22:06:12', '0000-00-00 00:00:00', 1, 0),
(44, 17, 46, 1, '500.00', '500.00', '0.00', '0.00', 1, '2025-04-30 22:06:12', '0000-00-00 00:00:00', 1, 0),
(45, 18, 118, 1, '100.00', '100.00', '0.00', '0.00', 1, '2025-05-31 12:39:36', '0000-00-00 00:00:00', 1, 0),
(46, 19, 118, 1, '100.00', '100.00', '0.00', '0.00', 1, '2025-06-19 22:35:22', '0000-00-00 00:00:00', 1, 0),
(47, 20, 118, 1, '100.00', '100.00', '0.00', '0.00', 1, '2025-06-19 22:39:36', '0000-00-00 00:00:00', 1, 0),
(48, 21, 21, 1, '500.00', '500.00', '0.00', '0.00', 1, '2025-06-19 22:40:40', '0000-00-00 00:00:00', 1, 0),
(49, 22, 118, 1, '100.00', '100.00', '0.00', '0.00', 1, '2025-06-22 16:00:14', '0000-00-00 00:00:00', 1, 0),
(50, 23, 21, 1, '500.00', '500.00', '0.00', '0.00', 1, '2025-06-22 16:41:55', '0000-00-00 00:00:00', 1, 0),
(51, 24, 17, 1, '600.00', '600.00', '0.00', '0.00', 1, '2025-06-22 16:46:17', '0000-00-00 00:00:00', 1, 0),
(52, 25, 53, 1, '1000.00', '1000.00', '0.00', '0.00', 1, '2025-06-22 16:46:58', '0000-00-00 00:00:00', 1, 0),
(53, 26, 17, 1, '600.00', '600.00', '0.00', '0.00', 1, '2025-06-22 16:47:46', '0000-00-00 00:00:00', 1, 0),
(54, 27, 21, 1, '500.00', '500.00', '0.00', '0.00', 1, '2025-06-22 16:48:31', '0000-00-00 00:00:00', 1, 0),
(55, 28, 18, 1, '500.00', '500.00', '0.00', '0.00', 1, '2025-06-22 16:51:57', '0000-00-00 00:00:00', 1, 0),
(56, 29, 118, 1, '100.00', '100.00', '0.00', '0.00', 1, '2025-06-28 10:29:44', '0000-00-00 00:00:00', 1, 0),
(57, 29, 17, 1, '600.00', '600.00', '0.00', '0.00', 1, '2025-06-28 10:29:44', '0000-00-00 00:00:00', 1, 0),
(58, 29, 53, 1, '1000.00', '1000.00', '0.00', '0.00', 1, '2025-06-28 10:29:44', '0000-00-00 00:00:00', 1, 0),
(59, 30, 118, 1, '100.00', '100.00', '0.00', '0.00', 1, '2025-07-02 06:58:27', '0000-00-00 00:00:00', 1, 0),
(60, 30, 17, 1, '600.00', '600.00', '0.00', '0.00', 1, '2025-07-02 06:58:27', '0000-00-00 00:00:00', 1, 0),
(61, 31, 17, 1, '600.00', '600.00', '0.00', '0.00', 1, '2025-07-02 06:59:17', '0000-00-00 00:00:00', 1, 0),
(62, 31, 53, 1, '1000.00', '1000.00', '0.00', '0.00', 1, '2025-07-02 06:59:17', '0000-00-00 00:00:00', 1, 0),
(63, 32, 118, 1, '100.00', '100.00', '0.00', '0.00', 1, '2025-07-02 07:18:17', '0000-00-00 00:00:00', 1, 0),
(64, 32, 17, 1, '600.00', '600.00', '0.00', '0.00', 1, '2025-07-02 07:18:17', '0000-00-00 00:00:00', 1, 0),
(65, 33, 118, 1, '100.00', '100.00', '0.00', '0.00', 1, '2025-07-02 07:26:58', '0000-00-00 00:00:00', 1, 0),
(66, 33, 17, 1, '600.00', '600.00', '0.00', '0.00', 1, '2025-07-02 07:26:58', '0000-00-00 00:00:00', 1, 0),
(67, 33, 53, 1, '1000.00', '1000.00', '0.00', '0.00', 1, '2025-07-02 07:26:58', '0000-00-00 00:00:00', 1, 0),
(68, 34, 118, 1, '100.00', '100.00', '0.00', '0.00', 1, '2025-07-02 11:42:40', '0000-00-00 00:00:00', 1, 0),
(69, 35, 118, 1, '100.00', '100.00', '0.00', '0.00', 1, '2025-07-02 14:33:58', '0000-00-00 00:00:00', 1, 0),
(70, 35, 17, 1, '600.00', '600.00', '0.00', '0.00', 1, '2025-07-02 14:33:58', '0000-00-00 00:00:00', 1, 0),
(71, 35, 53, 1, '1000.00', '1000.00', '0.00', '0.00', 1, '2025-07-02 14:33:58', '0000-00-00 00:00:00', 1, 0),
(72, 36, 118, 1, '100.00', '100.00', '0.00', '0.00', 1, '2025-07-02 16:31:31', '0000-00-00 00:00:00', 1, 0),
(73, 36, 17, 1, '600.00', '600.00', '0.00', '0.00', 1, '2025-07-02 16:31:31', '0000-00-00 00:00:00', 1, 0),
(74, 36, 53, 1, '1000.00', '1000.00', '0.00', '0.00', 1, '2025-07-02 16:31:31', '0000-00-00 00:00:00', 1, 0),
(75, 36, 46, 1, '500.00', '500.00', '0.00', '0.00', 1, '2025-07-02 16:31:31', '0000-00-00 00:00:00', 1, 0),
(76, 37, 1, 1, '600.00', '600.00', '0.00', '0.00', 1, '2025-07-02 18:23:08', '0000-00-00 00:00:00', 1, 0),
(77, 37, 17, 1, '600.00', '600.00', '0.00', '0.00', 1, '2025-07-02 18:23:08', '0000-00-00 00:00:00', 1, 0),
(78, 38, 118, 1, '100.00', '100.00', '0.00', '0.00', 1, '2025-07-06 17:07:26', '0000-00-00 00:00:00', 1, 0),
(79, 38, 17, 1, '600.00', '600.00', '0.00', '0.00', 1, '2025-07-06 17:07:26', '0000-00-00 00:00:00', 1, 0),
(80, 38, 53, 1, '1000.00', '1000.00', '0.00', '0.00', 1, '2025-07-06 17:07:26', '0000-00-00 00:00:00', 1, 0),
(81, 38, 46, 1, '500.00', '500.00', '0.00', '0.00', 1, '2025-07-06 17:07:26', '0000-00-00 00:00:00', 1, 0);

-- --------------------------------------------------------

--
-- Table structure for table `invoice_payments`
--

CREATE TABLE `invoice_payments` (
  `id` int(11) NOT NULL,
  `invoice_id` int(11) NOT NULL,
  `collection_type` varchar(15) NOT NULL DEFAULT '1' COMMENT 'First Time = 1, Due = 2',
  `payment_date` datetime NOT NULL,
  `amount` decimal(10,2) UNSIGNED NOT NULL DEFAULT 0.00,
  `second_less` decimal(10,2) UNSIGNED NOT NULL DEFAULT 0.00,
  `due` decimal(10,2) UNSIGNED NOT NULL DEFAULT 0.00,
  `note` text DEFAULT NULL,
  `date` date DEFAULT NULL,
  `month` varchar(20) DEFAULT NULL,
  `year` varchar(20) DEFAULT NULL,
  `status` tinyint(1) NOT NULL,
  `created_at` datetime NOT NULL,
  `modified_at` datetime NOT NULL,
  `created_by` int(11) NOT NULL,
  `modified_by` int(11) NOT NULL
) ENGINE=InnoDB DEFAULT CHARSET=utf8 COLLATE=utf8_general_ci;

--
-- Dumping data for table `invoice_payments`
--

INSERT INTO `invoice_payments` (`id`, `invoice_id`, `collection_type`, `payment_date`, `amount`, `second_less`, `due`, `note`, `date`, `month`, `year`, `status`, `created_at`, `modified_at`, `created_by`, `modified_by`) VALUES
(1, 1, '1', '2025-04-06 00:00:00', '0.00', '0.00', '0.00', NULL, NULL, NULL, NULL, 1, '2025-04-06 06:49:14', '0000-00-00 00:00:00', 1, 0),
(2, 2, '1', '2025-04-14 00:00:00', '1700.00', '0.00', '0.00', NULL, NULL, NULL, NULL, 1, '2025-04-14 14:52:31', '0000-00-00 00:00:00', 1, 0),
(3, 3, '1', '2025-04-15 00:00:00', '0.00', '0.00', '0.00', NULL, NULL, NULL, NULL, 1, '2025-04-15 21:51:03', '0000-00-00 00:00:00', 1, 0),
(4, 4, '1', '2025-04-20 00:00:00', '0.00', '0.00', '0.00', NULL, NULL, NULL, NULL, 1, '2025-04-20 14:51:50', '0000-00-00 00:00:00', 1, 0),
(5, 5, '1', '2025-04-21 00:00:00', '0.00', '0.00', '0.00', NULL, NULL, NULL, NULL, 1, '2025-04-21 01:15:50', '0000-00-00 00:00:00', 1, 0),
(6, 6, '1', '2025-04-21 00:00:00', '0.00', '0.00', '0.00', NULL, NULL, NULL, NULL, 1, '2025-04-21 13:25:16', '0000-00-00 00:00:00', 1, 0),
(7, 7, '1', '2025-04-21 00:00:00', '0.00', '0.00', '0.00', NULL, NULL, NULL, NULL, 1, '2025-04-21 14:48:45', '0000-00-00 00:00:00', 1, 0),
(8, 8, '1', '2025-04-22 00:00:00', '0.00', '0.00', '0.00', NULL, NULL, NULL, NULL, 1, '2025-04-22 10:50:25', '0000-00-00 00:00:00', 1, 0),
(9, 8, '2', '2025-04-22 00:00:00', '2000.00', '0.00', '0.00', '', NULL, NULL, NULL, 1, '2025-04-22 13:09:34', '0000-00-00 00:00:00', 1, 0),
(10, 7, '2', '2025-04-22 00:00:00', '700.00', '0.00', '0.00', '', NULL, NULL, NULL, 1, '2025-04-22 13:09:58', '0000-00-00 00:00:00', 1, 0),
(11, 5, '2', '2025-04-22 00:00:00', '2000.00', '0.00', '0.00', '', NULL, NULL, NULL, 1, '2025-04-22 13:11:32', '0000-00-00 00:00:00', 1, 0),
(12, 9, '1', '2025-04-23 00:00:00', '0.00', '0.00', '0.00', NULL, NULL, NULL, NULL, 1, '2025-04-23 09:48:23', '0000-00-00 00:00:00', 1, 0),
(13, 10, '1', '2025-04-23 00:00:00', '0.00', '0.00', '0.00', NULL, NULL, NULL, NULL, 1, '2025-04-23 12:24:33', '0000-00-00 00:00:00', 1, 0),
(14, 11, '1', '2025-04-24 00:00:00', '0.00', '0.00', '0.00', NULL, NULL, NULL, NULL, 1, '2025-04-24 21:16:11', '0000-00-00 00:00:00', 1, 0),
(15, 12, '1', '2025-04-24 00:00:00', '0.00', '0.00', '0.00', NULL, NULL, NULL, NULL, 1, '2025-04-24 21:20:05', '0000-00-00 00:00:00', 1, 0),
(16, 13, '1', '2025-04-24 00:00:00', '0.00', '0.00', '0.00', NULL, NULL, NULL, NULL, 1, '2025-04-24 21:21:17', '0000-00-00 00:00:00', 1, 0),
(17, 14, '1', '2025-04-25 00:00:00', '0.00', '0.00', '0.00', NULL, NULL, NULL, NULL, 1, '2025-04-25 16:12:57', '0000-00-00 00:00:00', 1, 0),
(18, 15, '1', '2025-04-27 00:00:00', '0.00', '0.00', '0.00', NULL, NULL, NULL, NULL, 1, '2025-04-27 11:56:49', '0000-00-00 00:00:00', 1, 0),
(19, 16, '1', '2025-04-27 00:00:00', '700.00', '0.00', '0.00', NULL, NULL, NULL, NULL, 1, '2025-04-27 16:09:38', '0000-00-00 00:00:00', 1, 0),
(20, 17, '1', '2025-04-30 00:00:00', '0.00', '0.00', '0.00', NULL, NULL, NULL, NULL, 1, '2025-04-30 22:06:12', '0000-00-00 00:00:00', 1, 0),
(21, 18, '1', '2025-05-31 00:00:00', '100.00', '0.00', '0.00', NULL, NULL, NULL, NULL, 1, '2025-05-31 12:39:36', '0000-00-00 00:00:00', 1, 0),
(22, 19, '1', '2025-06-16 22:31:00', '0.00', '0.00', '0.00', NULL, NULL, NULL, NULL, 1, '2025-06-19 22:35:22', '0000-00-00 00:00:00', 1, 0),
(23, 20, '1', '2025-06-19 22:39:36', '0.00', '0.00', '0.00', NULL, NULL, NULL, NULL, 1, '2025-06-19 22:39:36', '0000-00-00 00:00:00', 1, 0),
(24, 20, '2', '2025-06-17 22:39:00', '50.00', '0.00', '0.00', '', NULL, NULL, NULL, 1, '2025-06-19 22:40:02', '0000-00-00 00:00:00', 1, 0),
(25, 21, '1', '2025-06-19 22:40:40', '0.00', '0.00', '0.00', NULL, NULL, NULL, NULL, 1, '2025-06-19 22:40:40', '0000-00-00 00:00:00', 1, 0),
(26, 22, '1', '2025-06-22 16:00:14', '100.00', '0.00', '0.00', NULL, NULL, NULL, NULL, 1, '2025-06-22 16:00:14', '0000-00-00 00:00:00', 1, 0),
(27, 23, '1', '2025-06-22 16:41:55', '0.00', '0.00', '0.00', NULL, NULL, NULL, NULL, 1, '2025-06-22 16:41:55', '0000-00-00 00:00:00', 1, 0),
(28, 24, '1', '2025-06-21 16:46:00', '600.00', '0.00', '0.00', NULL, NULL, NULL, NULL, 1, '2025-06-22 16:46:17', '0000-00-00 00:00:00', 1, 0),
(29, 25, '1', '2025-06-22 16:46:00', '1000.00', '0.00', '0.00', NULL, NULL, NULL, NULL, 1, '2025-06-22 16:46:58', '0000-00-00 00:00:00', 1, 0),
(30, 26, '1', '2025-06-21 16:46:00', '400.00', '0.00', '0.00', NULL, NULL, NULL, NULL, 1, '2025-06-22 16:47:46', '0000-00-00 00:00:00', 1, 0),
(31, 27, '1', '2025-06-21 16:48:00', '500.00', '0.00', '0.00', NULL, NULL, NULL, NULL, 1, '2025-06-22 16:48:31', '0000-00-00 00:00:00', 1, 0),
(32, 28, '1', '2025-06-21 16:51:00', '350.00', '0.00', '0.00', NULL, NULL, NULL, NULL, 1, '2025-06-22 16:51:57', '0000-00-00 00:00:00', 1, 0),
(33, 29, '1', '2025-06-28 00:00:00', '1700.00', '0.00', '0.00', NULL, NULL, NULL, NULL, 1, '2025-06-28 10:29:44', '0000-00-00 00:00:00', 1, 0),
(34, 30, '1', '2025-07-01 09:00:00', '0.00', '0.00', '0.00', NULL, NULL, NULL, NULL, 1, '2025-07-02 06:58:27', '0000-00-00 00:00:00', 1, 0),
(35, 31, '1', '2025-07-01 09:00:00', '1600.00', '0.00', '0.00', NULL, NULL, NULL, NULL, 1, '2025-07-02 06:59:17', '0000-00-00 00:00:00', 1, 0),
(36, 32, '1', '2025-07-02 00:00:00', '700.00', '0.00', '0.00', NULL, NULL, NULL, NULL, 1, '2025-07-02 07:18:17', '0000-00-00 00:00:00', 1, 0),
(37, 33, '1', '2025-07-02 00:00:00', '1700.00', '0.00', '0.00', NULL, NULL, NULL, NULL, 1, '2025-07-02 07:26:58', '0000-00-00 00:00:00', 1, 0),
(38, 34, '1', '2025-07-01 09:00:00', '0.00', '0.00', '0.00', NULL, NULL, NULL, NULL, 1, '2025-07-02 11:42:40', '0000-00-00 00:00:00', 1, 0),
(39, 35, '1', '2025-07-02 00:00:00', '1700.00', '0.00', '0.00', NULL, NULL, NULL, NULL, 1, '2025-07-02 14:33:58', '0000-00-00 00:00:00', 1, 0),
(40, 36, '1', '2025-07-02 00:00:00', '2200.00', '0.00', '0.00', NULL, NULL, NULL, NULL, 1, '2025-07-02 16:31:31', '0000-00-00 00:00:00', 1, 0),
(41, 37, '1', '2025-07-02 00:00:00', '500.00', '0.00', '0.00', NULL, NULL, NULL, NULL, 1, '2025-07-02 18:23:08', '0000-00-00 00:00:00', 1, 0),
(42, 37, '2', '2025-07-02 00:00:00', '500.00', '0.00', '0.00', '', NULL, NULL, NULL, 1, '2025-07-02 18:24:49', '0000-00-00 00:00:00', 1, 0),
(43, 38, '1', '2025-07-06 00:00:00', '0.00', '0.00', '0.00', NULL, NULL, NULL, NULL, 1, '2025-07-06 17:07:26', '0000-00-00 00:00:00', 1, 0);

-- --------------------------------------------------------

--
-- Table structure for table `invoice_reference_add_details`
--

CREATE TABLE `invoice_reference_add_details` (
  `id` int(11) NOT NULL,
  `invoice_id` int(11) NOT NULL,
  `commission_user_id` int(11) NOT NULL,
  `commission_amount` decimal(10,2) NOT NULL DEFAULT 0.00,
  `payable_commission` decimal(10,2) NOT NULL DEFAULT 0.00,
  `status` tinyint(1) NOT NULL,
  `created_at` datetime NOT NULL,
  `modified_at` datetime NOT NULL,
  `created_by` int(11) NOT NULL,
  `modified_by` int(11) NOT NULL
) ENGINE=InnoDB DEFAULT CHARSET=utf8 COLLATE=utf8_general_ci;

--
-- Dumping data for table `invoice_reference_add_details`
--

INSERT INTO `invoice_reference_add_details` (`id`, `invoice_id`, `commission_user_id`, `commission_amount`, `payable_commission`, `status`, `created_at`, `modified_at`, `created_by`, `modified_by`) VALUES
(1, 16, 21, '260.00', '260.00', 1, '2025-04-27 16:10:01', '0000-00-00 00:00:00', 1, 0),
(2, 37, 54, '540.00', '340.00', 1, '2025-07-02 18:25:07', '0000-00-00 00:00:00', 1, 0);

-- --------------------------------------------------------

--
-- Table structure for table `invoice_tube_details`
--

CREATE TABLE `invoice_tube_details` (
  `id` int(11) NOT NULL,
  `invoice_id` int(11) NOT NULL,
  `tube_id` int(11) NOT NULL,
  `quantity` int(11) NOT NULL,
  `rate` decimal(10,2) UNSIGNED NOT NULL DEFAULT 0.00,
  `total_rate` decimal(10,2) UNSIGNED NOT NULL DEFAULT 0.00,
  `status` tinyint(1) NOT NULL,
  `created_at` datetime NOT NULL,
  `modified_at` datetime NOT NULL,
  `created_by` int(11) NOT NULL,
  `modified_by` int(11) NOT NULL
) ENGINE=InnoDB DEFAULT CHARSET=utf8 COLLATE=utf8_general_ci;

-- --------------------------------------------------------

--
-- Table structure for table `ipd_advance_payments`
--

CREATE TABLE `ipd_advance_payments` (
  `id` int(11) NOT NULL,
  `payment_type` tinyint(4) NOT NULL DEFAULT 0 COMMENT '0 = Advance, 1 = Discharge Amount',
  `custom_invoice_id` varchar(50) DEFAULT NULL,
  `ipd_id` int(11) NOT NULL,
  `patient_id` int(11) NOT NULL,
  `payment_date` datetime NOT NULL,
  `amount` decimal(10,2) UNSIGNED NOT NULL DEFAULT 0.00,
  `note` text DEFAULT NULL,
  `payment_status` enum('complete','rejected','canceled','pending') NOT NULL DEFAULT 'complete',
  `status` tinyint(1) NOT NULL,
  `created_at` datetime NOT NULL,
  `modified_at` datetime NOT NULL,
  `created_by` int(11) NOT NULL,
  `modified_by` int(11) NOT NULL
) ENGINE=InnoDB DEFAULT CHARSET=utf8 COLLATE=utf8_general_ci;

-- --------------------------------------------------------

--
-- Table structure for table `ipd_anesthesias`
--

CREATE TABLE `ipd_anesthesias` (
  `id` int(11) NOT NULL,
  `ipd_id` int(11) DEFAULT NULL,
  `patient_id` int(11) NOT NULL,
  `type` varchar(30) NOT NULL DEFAULT 'anesthesia',
  `doctor_id` int(11) DEFAULT NULL,
  `charge` decimal(10,2) DEFAULT NULL,
  `date` datetime DEFAULT NULL,
  `instruction` text DEFAULT NULL,
  `anesthesia_status` enum('complete','rejected','canceled','pending') NOT NULL DEFAULT 'complete',
  `note` text DEFAULT NULL,
  `status` int(11) NOT NULL DEFAULT 1,
  `created_at` datetime NOT NULL,
  `modified_at` datetime NOT NULL,
  `created_by` int(11) NOT NULL,
  `modified_by` int(11) NOT NULL
) ENGINE=InnoDB DEFAULT CHARSET=utf8 COLLATE=utf8_general_ci;

-- --------------------------------------------------------

--
-- Table structure for table `ipd_assistants`
--

CREATE TABLE `ipd_assistants` (
  `id` int(11) NOT NULL,
  `ipd_id` int(11) DEFAULT NULL,
  `patient_id` int(11) NOT NULL,
  `type` varchar(30) NOT NULL DEFAULT 'assistant',
  `doctor_id` int(11) DEFAULT NULL,
  `charge` decimal(10,2) DEFAULT NULL,
  `date` datetime DEFAULT NULL,
  `instruction` text DEFAULT NULL,
  `assistant_status` enum('complete','rejected','canceled','pending') NOT NULL DEFAULT 'complete',
  `note` text DEFAULT NULL,
  `status` int(11) NOT NULL DEFAULT 1,
  `created_at` datetime NOT NULL,
  `modified_at` datetime NOT NULL,
  `created_by` int(11) NOT NULL,
  `modified_by` int(11) NOT NULL
) ENGINE=InnoDB DEFAULT CHARSET=utf8 COLLATE=utf8_general_ci;

-- --------------------------------------------------------

--
-- Table structure for table `ipd_beds`
--

CREATE TABLE `ipd_beds` (
  `id` int(11) NOT NULL,
  `ipd_id` int(11) NOT NULL,
  `patient_id` int(11) NOT NULL,
  `bed_group_id` int(11) NOT NULL,
  `bed_id` int(11) NOT NULL,
  `from_date` datetime NOT NULL,
  `to_date` datetime DEFAULT NULL,
  `note` text DEFAULT NULL,
  `status` tinyint(3) UNSIGNED NOT NULL DEFAULT 1,
  `created_at` datetime NOT NULL,
  `modified_at` datetime NOT NULL,
  `created_by` int(11) NOT NULL,
  `modified_by` int(11) NOT NULL
) ENGINE=InnoDB DEFAULT CHARSET=utf8 COLLATE=utf8_general_ci;

--
-- Dumping data for table `ipd_beds`
--

INSERT INTO `ipd_beds` (`id`, `ipd_id`, `patient_id`, `bed_group_id`, `bed_id`, `from_date`, `to_date`, `note`, `status`, `created_at`, `modified_at`, `created_by`, `modified_by`) VALUES
(1, 1, 10, 1, 1, '2025-04-19 11:58:00', '2025-04-19 12:06:00', '', 1, '2025-04-19 12:01:36', '2025-04-19 12:06:54', 1, 1),
(2, 2, 11, 1, 1, '2025-04-19 12:07:00', '2025-04-19 12:07:00', '', 1, '2025-04-19 12:07:39', '2025-04-19 12:07:44', 1, 1),
(3, 3, 18, 1, 1, '2025-04-27 15:31:00', '2025-04-27 15:32:00', '', 1, '2025-04-27 15:32:03', '2025-04-27 15:32:08', 1, 1);

-- --------------------------------------------------------

--
-- Table structure for table `ipd_charges`
--

CREATE TABLE `ipd_charges` (
  `id` int(11) NOT NULL,
  `ipd_id` int(11) DEFAULT NULL,
  `patient_id` int(11) NOT NULL,
  `charge_id` int(11) DEFAULT NULL,
  `type` varchar(30) NOT NULL DEFAULT 'charge',
  `rate` decimal(10,2) NOT NULL DEFAULT 0.00,
  `quantity` int(11) NOT NULL DEFAULT 1,
  `charge` decimal(10,2) DEFAULT NULL,
  `date` datetime DEFAULT NULL,
  `charge_status` enum('complete','rejected','canceled','pending') NOT NULL DEFAULT 'complete',
  `note` text DEFAULT NULL,
  `status` int(11) NOT NULL DEFAULT 1,
  `created_at` datetime NOT NULL,
  `modified_at` datetime NOT NULL,
  `created_by` int(11) NOT NULL,
  `modified_by` int(11) NOT NULL
) ENGINE=InnoDB DEFAULT CHARSET=utf8 COLLATE=utf8_general_ci;

-- --------------------------------------------------------

--
-- Table structure for table `ipd_consultant_visits`
--

CREATE TABLE `ipd_consultant_visits` (
  `id` int(11) NOT NULL,
  `ipd_id` int(11) DEFAULT NULL,
  `patient_id` int(11) NOT NULL,
  `type` varchar(30) NOT NULL DEFAULT 'consultant',
  `doctor_id` int(11) DEFAULT NULL,
  `rate` decimal(10,2) NOT NULL DEFAULT 0.00,
  `quantity` int(11) NOT NULL DEFAULT 1,
  `charge` decimal(10,2) DEFAULT NULL,
  `visit_date` datetime DEFAULT NULL,
  `visit_status` enum('complete','rejected','canceled','pending') NOT NULL DEFAULT 'complete',
  `note` text DEFAULT NULL,
  `status` int(11) NOT NULL DEFAULT 1,
  `created_at` datetime NOT NULL,
  `modified_at` datetime NOT NULL,
  `created_by` int(11) NOT NULL,
  `modified_by` int(11) NOT NULL
) ENGINE=InnoDB DEFAULT CHARSET=utf8 COLLATE=utf8_general_ci;

-- --------------------------------------------------------

--
-- Table structure for table `ipd_invoices`
--

CREATE TABLE `ipd_invoices` (
  `id` int(11) NOT NULL,
  `ipd_id` int(11) NOT NULL,
  `custom_invoice_id` varchar(50) NOT NULL,
  `prev_invoice_id` int(11) DEFAULT NULL,
  `invoice_type` varchar(50) NOT NULL DEFAULT 'investigation' COMMENT 'opd,ipd,investigation',
  `patient_id` int(11) NOT NULL,
  `commission_user_id` int(11) DEFAULT NULL,
  `commission_name` varchar(100) DEFAULT NULL,
  `bill_date` datetime NOT NULL,
  `total_bill` decimal(10,2) UNSIGNED NOT NULL DEFAULT 0.00,
  `discount` decimal(10,2) UNSIGNED NOT NULL DEFAULT 0.00,
  `net_payable` decimal(10,2) UNSIGNED NOT NULL DEFAULT 0.00,
  `advanced` decimal(10,2) UNSIGNED NOT NULL DEFAULT 0.00,
  `due_amount` decimal(10,2) UNSIGNED NOT NULL DEFAULT 0.00,
  `commission_amount` decimal(10,2) UNSIGNED NOT NULL DEFAULT 0.00,
  `payable_commission` decimal(10,2) UNSIGNED NOT NULL DEFAULT 0.00,
  `paid_status` varchar(20) NOT NULL DEFAULT 'paid' COMMENT 'paid or unpaid',
  `payment_status` enum('complete','rejected','canceled') NOT NULL DEFAULT 'complete',
  `note` text DEFAULT NULL,
  `status` tinyint(1) NOT NULL,
  `created_at` datetime NOT NULL,
  `modified_at` datetime NOT NULL,
  `created_by` int(11) NOT NULL,
  `modified_by` int(11) NOT NULL
) ENGINE=InnoDB DEFAULT CHARSET=utf8 COLLATE=utf8_general_ci;

--
-- Dumping data for table `ipd_invoices`
--

INSERT INTO `ipd_invoices` (`id`, `ipd_id`, `custom_invoice_id`, `prev_invoice_id`, `invoice_type`, `patient_id`, `commission_user_id`, `commission_name`, `bill_date`, `total_bill`, `discount`, `net_payable`, `advanced`, `due_amount`, `commission_amount`, `payable_commission`, `paid_status`, `payment_status`, `note`, `status`, `created_at`, `modified_at`, `created_by`, `modified_by`) VALUES
(1, 1, 'INV-20250400001', 0, 'ipd', 10, NULL, '', '2025-04-19 12:06:00', '900.00', '0.00', '900.00', '0.00', '900.00', '0.00', '0.00', 'unpaid', 'complete', NULL, 1, '2025-04-19 12:06:58', '0000-00-00 00:00:00', 1, 0),
(2, 2, 'INV-20250400002', 0, 'ipd', 11, NULL, '', '2025-04-19 12:07:00', '900.00', '0.00', '900.00', '0.00', '900.00', '0.00', '0.00', 'unpaid', 'complete', NULL, 1, '2025-04-19 12:07:46', '0000-00-00 00:00:00', 1, 0);

-- --------------------------------------------------------

--
-- Table structure for table `ipd_invoice_details`
--

CREATE TABLE `ipd_invoice_details` (
  `id` int(11) NOT NULL,
  `invoice_id` int(11) NOT NULL,
  `ipd_id` int(11) NOT NULL,
  `name` text DEFAULT NULL,
  `price` text DEFAULT NULL,
  `qty` int(11) NOT NULL,
  `total_rate` decimal(10,2) UNSIGNED NOT NULL DEFAULT 0.00,
  `discount` decimal(10,2) UNSIGNED NOT NULL DEFAULT 0.00,
  `total_discount` decimal(10,2) UNSIGNED NOT NULL DEFAULT 0.00,
  `status` tinyint(1) NOT NULL,
  `created_at` datetime NOT NULL,
  `modified_at` datetime NOT NULL,
  `created_by` int(11) NOT NULL,
  `modified_by` int(11) NOT NULL
) ENGINE=InnoDB DEFAULT CHARSET=utf8 COLLATE=utf8_general_ci;

--
-- Dumping data for table `ipd_invoice_details`
--

INSERT INTO `ipd_invoice_details` (`id`, `invoice_id`, `ipd_id`, `name`, `price`, `qty`, `total_rate`, `discount`, `total_discount`, `status`, `created_at`, `modified_at`, `created_by`, `modified_by`) VALUES
(1, 1, 1, 'Cabin - 1<br>', '900', 1, '900.00', '0.00', '0.00', 1, '2025-04-19 12:06:58', '0000-00-00 00:00:00', 1, 0),
(2, 2, 2, 'Cabin - 1<br>', '900', 1, '900.00', '0.00', '0.00', 1, '2025-04-19 12:07:46', '0000-00-00 00:00:00', 1, 0);

-- --------------------------------------------------------

--
-- Table structure for table `ipd_medicine_charts`
--

CREATE TABLE `ipd_medicine_charts` (
  `id` int(11) NOT NULL,
  `ipd_id` int(11) DEFAULT NULL,
  `patient_id` int(11) NOT NULL,
  `doctor_id` int(11) DEFAULT NULL,
  `date` datetime DEFAULT NULL,
  `dose` varchar(50) DEFAULT NULL,
  `route` varchar(100) DEFAULT NULL,
  `medicine_name` varchar(100) DEFAULT NULL,
  `nurse_id` int(11) DEFAULT NULL,
  `medicine_status` enum('complete','rejected','canceled','pending') NOT NULL DEFAULT 'complete',
  `note` text DEFAULT NULL,
  `status` int(11) NOT NULL DEFAULT 1,
  `created_at` datetime NOT NULL,
  `modified_at` datetime NOT NULL,
  `created_by` int(11) NOT NULL,
  `modified_by` int(11) NOT NULL
) ENGINE=InnoDB DEFAULT CHARSET=utf8 COLLATE=utf8_general_ci;

-- --------------------------------------------------------

--
-- Table structure for table `ipd_packages`
--

CREATE TABLE `ipd_packages` (
  `id` int(11) NOT NULL,
  `name` varchar(200) DEFAULT NULL,
  `bn_name` varchar(100) DEFAULT NULL,
  `note` text DEFAULT NULL,
  `sort_by` int(11) NOT NULL DEFAULT 0,
  `status` int(11) NOT NULL,
  `created_at` datetime NOT NULL,
  `modified_at` datetime NOT NULL,
  `created_by` int(11) NOT NULL DEFAULT 0,
  `modified_by` int(11) NOT NULL DEFAULT 0
) ENGINE=InnoDB DEFAULT CHARSET=utf8 COLLATE=utf8_general_ci;

-- --------------------------------------------------------

--
-- Table structure for table `ipd_patients`
--

CREATE TABLE `ipd_patients` (
  `id` int(11) NOT NULL,
  `ipd_no` varchar(50) DEFAULT NULL,
  `registration_no` varchar(30) DEFAULT NULL,
  `patient_id` int(11) NOT NULL,
  `doctor_id` int(11) DEFAULT NULL,
  `reference_id` int(11) DEFAULT NULL,
  `admission_date` datetime DEFAULT NULL,
  `bed_group_id` int(11) NOT NULL,
  `bed_id` int(11) NOT NULL,
  `contract_person` int(11) NOT NULL,
  `contract_amount` decimal(10,2) DEFAULT NULL,
  `disease` varchar(50) DEFAULT NULL,
  `pulse` varchar(40) DEFAULT NULL,
  `bp` varchar(40) DEFAULT NULL,
  `resp` varchar(40) DEFAULT NULL,
  `temp` varchar(40) DEFAULT NULL,
  `heart` varchar(40) DEFAULT NULL,
  `lungs` varchar(40) DEFAULT NULL,
  `height` varchar(30) DEFAULT NULL,
  `weight` varchar(30) DEFAULT NULL,
  `case` varchar(100) DEFAULT NULL,
  `casualty` varchar(30) DEFAULT NULL,
  `symptoms` varchar(50) DEFAULT NULL,
  `operation_note` text DEFAULT NULL,
  `patient_history` text DEFAULT NULL,
  `credit_limit` decimal(10,0) DEFAULT NULL,
  `date_of_operation` datetime DEFAULT NULL,
  `date_of_stitch` datetime DEFAULT NULL,
  `discharged` int(11) NOT NULL DEFAULT 0 COMMENT '0 = No, 1 = Yes',
  `discharged_date` datetime DEFAULT NULL,
  `remark` text DEFAULT NULL,
  `status` int(11) NOT NULL DEFAULT 1,
  `created_at` datetime NOT NULL,
  `modified_at` datetime NOT NULL,
  `created_by` int(11) NOT NULL,
  `modified_by` int(11) NOT NULL
) ENGINE=InnoDB DEFAULT CHARSET=utf8 COLLATE=utf8_general_ci;

--
-- Dumping data for table `ipd_patients`
--

INSERT INTO `ipd_patients` (`id`, `ipd_no`, `registration_no`, `patient_id`, `doctor_id`, `reference_id`, `admission_date`, `bed_group_id`, `bed_id`, `contract_person`, `contract_amount`, `disease`, `pulse`, `bp`, `resp`, `temp`, `heart`, `lungs`, `height`, `weight`, `case`, `casualty`, `symptoms`, `operation_note`, `patient_history`, `credit_limit`, `date_of_operation`, `date_of_stitch`, `discharged`, `discharged_date`, `remark`, `status`, `created_at`, `modified_at`, `created_by`, `modified_by`) VALUES
(1, 'IPD00001', 'R-00001', 10, 0, 0, '2025-04-19 11:58:00', 1, 1, 0, '0.00', '', '', '', NULL, '', NULL, NULL, '', '', '', '0', '', '', '', NULL, NULL, NULL, 1, '2025-04-19 12:06:00', '', 1, '2025-04-19 12:01:36', '2025-04-19 12:06:54', 1, 1),
(2, 'IPD00002', 'R-00002', 11, 0, 0, '2025-04-19 12:07:00', 1, 1, 0, '0.00', '', '', '', NULL, '', NULL, NULL, '', '', '', '0', '', '', '', NULL, NULL, NULL, 1, '2025-04-19 12:07:00', '', 1, '2025-04-19 12:07:39', '2025-04-19 12:07:44', 1, 1),
(3, 'IPD00003', 'R-00003', 18, 0, 0, '2025-04-27 15:31:00', 1, 1, 0, '0.00', '', '', '', NULL, '', NULL, NULL, '', '', '', '0', '', '', '', NULL, NULL, NULL, 1, '2025-04-27 15:32:00', '', 1, '2025-04-27 15:32:03', '2025-04-27 15:32:08', 1, 1);

-- --------------------------------------------------------

--
-- Table structure for table `ipd_payments`
--

CREATE TABLE `ipd_payments` (
  `id` int(11) NOT NULL,
  `ipd_id` int(11) NOT NULL,
  `invoice_id` int(11) NOT NULL,
  `collection_type` varchar(15) NOT NULL DEFAULT '1' COMMENT 'First Time = 1, Due = 2, Advanced = 3',
  `payment_date` datetime NOT NULL,
  `amount` decimal(10,2) UNSIGNED NOT NULL DEFAULT 0.00,
  `second_less` decimal(10,2) UNSIGNED NOT NULL DEFAULT 0.00,
  `due` decimal(10,2) UNSIGNED NOT NULL DEFAULT 0.00,
  `note` text DEFAULT NULL,
  `payment_status` enum('complete','rejected','canceled','pending') NOT NULL DEFAULT 'complete',
  `status` tinyint(1) NOT NULL,
  `created_at` datetime NOT NULL,
  `modified_at` datetime NOT NULL,
  `created_by` int(11) NOT NULL,
  `modified_by` int(11) NOT NULL
) ENGINE=InnoDB DEFAULT CHARSET=utf8 COLLATE=utf8_general_ci;

--
-- Dumping data for table `ipd_payments`
--

INSERT INTO `ipd_payments` (`id`, `ipd_id`, `invoice_id`, `collection_type`, `payment_date`, `amount`, `second_less`, `due`, `note`, `payment_status`, `status`, `created_at`, `modified_at`, `created_by`, `modified_by`) VALUES
(1, 1, 1, '1', '2025-04-19 12:06:00', '0.00', '0.00', '0.00', NULL, 'complete', 1, '2025-04-19 12:06:58', '0000-00-00 00:00:00', 1, 0),
(2, 2, 2, '1', '2025-04-19 12:07:00', '0.00', '0.00', '0.00', NULL, 'complete', 1, '2025-04-19 12:07:46', '0000-00-00 00:00:00', 1, 0);

-- --------------------------------------------------------

--
-- Table structure for table `ipd_pulsebp_charts`
--

CREATE TABLE `ipd_pulsebp_charts` (
  `id` int(11) NOT NULL,
  `ipd_id` int(11) DEFAULT NULL,
  `patient_id` int(11) NOT NULL,
  `doctor_id` int(11) DEFAULT NULL,
  `date` datetime DEFAULT NULL,
  `bp` varchar(50) DEFAULT NULL,
  `pulse` varchar(100) DEFAULT NULL,
  `temperature` varchar(100) DEFAULT NULL,
  `nurse_id` int(11) DEFAULT NULL,
  `pulsebp_status` enum('complete','rejected','canceled','pending') NOT NULL DEFAULT 'complete',
  `note` text DEFAULT NULL,
  `status` int(11) NOT NULL DEFAULT 1,
  `created_at` datetime NOT NULL,
  `modified_at` datetime NOT NULL,
  `created_by` int(11) NOT NULL,
  `modified_by` int(11) NOT NULL
) ENGINE=InnoDB DEFAULT CHARSET=utf8 COLLATE=utf8_general_ci;

-- --------------------------------------------------------

--
-- Table structure for table `ipd_surgeons`
--

CREATE TABLE `ipd_surgeons` (
  `id` int(11) NOT NULL,
  `ipd_id` int(11) DEFAULT NULL,
  `patient_id` int(11) NOT NULL,
  `type` varchar(30) NOT NULL DEFAULT 'surgeon',
  `doctor_id` int(11) DEFAULT NULL,
  `charge` decimal(10,2) DEFAULT NULL,
  `date` datetime DEFAULT NULL,
  `instruction` text DEFAULT NULL,
  `surgeon_status` enum('complete','rejected','canceled','pending') NOT NULL DEFAULT 'complete',
  `note` text DEFAULT NULL,
  `status` int(11) NOT NULL DEFAULT 1,
  `created_at` datetime NOT NULL,
  `modified_at` datetime NOT NULL,
  `created_by` int(11) NOT NULL,
  `modified_by` int(11) NOT NULL
) ENGINE=InnoDB DEFAULT CHARSET=utf8 COLLATE=utf8_general_ci;

-- --------------------------------------------------------

--
-- Table structure for table `leaves`
--

CREATE TABLE `leaves` (
  `id` int(11) NOT NULL,
  `user_id` int(11) DEFAULT NULL,
  `leave_type_id` smallint(6) DEFAULT NULL,
  `leave_from` date DEFAULT NULL,
  `leave_to` date DEFAULT NULL,
  `total_leave_day` smallint(6) DEFAULT NULL,
  `reason` text DEFAULT NULL,
  `attachment` varchar(100) DEFAULT NULL,
  `remark` text DEFAULT NULL,
  `leave_status` enum('waiting','approved','declined') NOT NULL DEFAULT 'waiting',
  `status` tinyint(1) NOT NULL DEFAULT 1,
  `created_at` datetime DEFAULT NULL,
  `modified_at` datetime DEFAULT NULL,
  `created_by` int(11) DEFAULT NULL,
  `modified_by` int(11) DEFAULT NULL
) ENGINE=InnoDB DEFAULT CHARSET=utf8 COLLATE=utf8_general_ci;

-- --------------------------------------------------------

--
-- Table structure for table `leave_types`
--

CREATE TABLE `leave_types` (
  `id` int(11) NOT NULL,
  `type` varchar(60) DEFAULT NULL,
  `total_leave` smallint(6) NOT NULL DEFAULT 0,
  `remark` text DEFAULT NULL,
  `status` tinyint(1) NOT NULL DEFAULT 1,
  `created_at` datetime DEFAULT NULL,
  `modified_at` datetime DEFAULT NULL,
  `created_by` int(11) DEFAULT NULL,
  `modified_by` int(11) DEFAULT NULL
) ENGINE=InnoDB DEFAULT CHARSET=utf8 COLLATE=utf8_general_ci;

-- --------------------------------------------------------

--
-- Table structure for table `manufacturers`
--

CREATE TABLE `manufacturers` (
  `id` int(11) NOT NULL,
  `name` varchar(200) DEFAULT NULL,
  `phone` varchar(20) DEFAULT NULL,
  `email` varchar(100) DEFAULT NULL,
  `fax` varchar(30) DEFAULT NULL,
  `web` varchar(50) DEFAULT NULL,
  `address` text DEFAULT NULL,
  `established` int(20) DEFAULT NULL,
  `market_share` int(10) DEFAULT NULL,
  `growth` int(10) DEFAULT NULL,
  `headquarter` text DEFAULT NULL,
  `google_map` text DEFAULT NULL,
  `about_us_en` varchar(200) DEFAULT NULL,
  `about_us_bn` varchar(200) DEFAULT NULL,
  `note` text DEFAULT NULL,
  `sort_by` int(11) NOT NULL DEFAULT 0,
  `status` int(11) NOT NULL DEFAULT 0,
  `created_at` datetime NOT NULL,
  `modified_at` datetime NOT NULL,
  `created_by` int(11) NOT NULL DEFAULT 0,
  `modified_by` int(11) NOT NULL DEFAULT 0
) ENGINE=InnoDB DEFAULT CHARSET=utf8 COLLATE=utf8_general_ci;

-- --------------------------------------------------------

--
-- Table structure for table `medicines`
--

CREATE TABLE `medicines` (
  `id` int(11) NOT NULL,
  `code` varchar(30) DEFAULT NULL,
  `barcode` int(11) NOT NULL,
  `type_id` int(11) DEFAULT NULL,
  `category_id` int(11) DEFAULT NULL,
  `manufacturer_id` int(11) DEFAULT NULL,
  `generic_id` int(11) DEFAULT NULL,
  `unit_id` int(11) DEFAULT NULL,
  `strength` varchar(30) DEFAULT NULL,
  `medicine_name` varchar(200) DEFAULT NULL,
  `rack_no` varchar(20) DEFAULT NULL,
  `mrp` decimal(10,2) NOT NULL DEFAULT 0.00,
  `purchase_price` decimal(10,2) NOT NULL DEFAULT 0.00,
  `sell_price` decimal(10,2) NOT NULL DEFAULT 0.00,
  `whole_sale_price` decimal(10,2) NOT NULL DEFAULT 0.00,
  `minimum_stock` int(11) NOT NULL DEFAULT 5,
  `photo` varchar(100) DEFAULT NULL,
  `note` text DEFAULT NULL,
  `status` int(11) NOT NULL,
  `created_at` datetime NOT NULL,
  `modified_at` datetime NOT NULL,
  `created_by` int(11) NOT NULL DEFAULT 0,
  `modified_by` int(11) NOT NULL DEFAULT 0
) ENGINE=InnoDB DEFAULT CHARSET=utf8 COLLATE=utf8_general_ci;

-- --------------------------------------------------------

--
-- Table structure for table `medicine_categories`
--

CREATE TABLE `medicine_categories` (
  `id` int(11) NOT NULL,
  `name` varchar(200) DEFAULT NULL,
  `note` text DEFAULT NULL,
  `sort_by` int(11) NOT NULL DEFAULT 0,
  `status` int(11) NOT NULL DEFAULT 0,
  `created_at` datetime NOT NULL,
  `modified_at` datetime NOT NULL,
  `created_by` int(11) NOT NULL DEFAULT 0,
  `modified_by` int(11) NOT NULL DEFAULT 0
) ENGINE=InnoDB DEFAULT CHARSET=utf8 COLLATE=utf8_general_ci;

--
-- Dumping data for table `medicine_categories`
--

INSERT INTO `medicine_categories` (`id`, `name`, `note`, `sort_by`, `status`, `created_at`, `modified_at`, `created_by`, `modified_by`) VALUES
(1, 'Aerosol Inhalation', '', 0, 1, '2024-06-13 19:12:08', '0000-00-00 00:00:00', 408, 0),
(2, 'Bolus', '', 0, 1, '2024-06-13 19:17:42', '0000-00-00 00:00:00', 408, 0),
(3, 'Capsule', '', 0, 1, '2024-06-13 19:18:08', '0000-00-00 00:00:00', 408, 0),
(4, 'Chewable Tablet', '', 0, 1, '2024-06-13 19:18:54', '0000-00-00 00:00:00', 408, 0),
(5, 'Cozycap', '', 0, 1, '2024-06-13 19:19:16', '0000-00-00 00:00:00', 408, 0),
(6, 'Cr Tablet', '', 0, 1, '2024-06-13 19:20:19', '0000-00-00 00:00:00', 408, 0),
(7, 'Cream', '', 0, 1, '2024-06-13 19:20:37', '0000-00-00 00:00:00', 408, 0),
(8, 'Dialysis Solution', '', 0, 1, '2024-06-13 19:20:59', '0000-00-00 00:00:00', 408, 0),
(9, 'Dispersible Tablet', '', 0, 1, '2024-06-13 19:21:21', '0000-00-00 00:00:00', 408, 0),
(10, 'Dr Tablet', '', 0, 1, '2024-06-13 19:21:45', '0000-00-00 00:00:00', 408, 0),
(11, 'Ear Drop', '', 0, 1, '2024-06-13 19:22:05', '0000-00-00 00:00:00', 408, 0),
(12, 'Elixir', '', 0, 1, '2024-06-13 19:22:25', '0000-00-00 00:00:00', 408, 0),
(13, 'Emulgel', '', 0, 1, '2024-06-13 19:22:44', '0000-00-00 00:00:00', 408, 0),
(14, 'Emulsion', '', 0, 1, '2024-06-13 19:23:42', '0000-00-00 00:00:00', 408, 0),
(15, 'Er Tablet', '', 0, 1, '2024-06-13 19:24:00', '0000-00-00 00:00:00', 408, 0),
(16, 'Eye & Nasal Drops', '', 0, 1, '2024-06-13 19:24:41', '0000-00-00 00:00:00', 408, 0),
(17, 'Eye and Ear Drops', '', 0, 1, '2024-06-13 19:24:59', '0000-00-00 00:00:00', 408, 0),
(18, 'Eye Drops', '', 0, 1, '2024-06-13 19:25:35', '0000-00-00 00:00:00', 408, 0),
(19, 'Eye Gel', '', 0, 1, '2024-06-13 19:25:54', '0000-00-00 00:00:00', 408, 0),
(20, 'Eye Ointment', '', 0, 1, '2024-06-13 19:26:36', '0000-00-00 00:00:00', 408, 0),
(21, 'Eye, Ear & Nasal Drops', '', 0, 1, '2024-06-13 19:26:55', '0000-00-00 00:00:00', 408, 0),
(22, 'Gargle & Mouth Wash', '', 0, 1, '2024-06-13 19:27:25', '0000-00-00 00:00:00', 408, 0),
(23, 'Gel', '', 0, 1, '2024-06-13 19:27:51', '0000-00-00 00:00:00', 408, 0),
(24, 'Granules For Suspension', '', 0, 1, '2024-06-13 19:28:08', '0000-00-00 00:00:00', 408, 0),
(25, 'Hand Rub', '', 0, 1, '2024-06-13 19:28:33', '0000-00-00 00:00:00', 408, 0),
(26, 'IM Injection', '', 0, 1, '2024-06-13 19:31:09', '0000-00-00 00:00:00', 408, 0),
(27, 'Inhalation Capsule', '', 0, 1, '2024-06-13 19:33:38', '0000-00-00 00:00:00', 408, 0),
(28, 'Inhalation Solution', '', 0, 1, '2024-06-13 19:34:09', '0000-00-00 00:00:00', 408, 0),
(29, 'Inhaler', '', 0, 1, '2024-06-13 19:34:48', '0000-00-00 00:00:00', 408, 0),
(30, 'Injection', '', 0, 1, '2024-06-13 19:35:13', '0000-00-00 00:00:00', 408, 0),
(31, 'Irrigation Solution', '', 0, 1, '2024-06-13 19:35:39', '0000-00-00 00:00:00', 408, 0),
(32, 'IV Infusion', '', 0, 1, '2024-06-13 19:36:08', '0000-00-00 00:00:00', 408, 0),
(33, 'IV Injection', '', 0, 1, '2024-06-13 19:36:35', '0000-00-00 00:00:00', 408, 0),
(34, 'IV/IM Injection', '', 0, 1, '2024-06-13 19:37:06', '0000-00-00 00:00:00', 408, 0),
(35, 'Linctus', '', 0, 1, '2024-06-13 19:37:33', '0000-00-00 00:00:00', 408, 0),
(36, 'Liquid', '', 0, 1, '2024-06-13 19:37:56', '0000-00-00 00:00:00', 408, 0),
(37, 'Lotion', '', 0, 1, '2024-06-13 19:38:26', '0000-00-00 00:00:00', 408, 0),
(38, 'Mouth Dissolving Tablet', '', 0, 1, '2024-06-13 19:39:08', '0000-00-00 00:00:00', 408, 0),
(39, 'Mouth Wash', '', 0, 1, '2024-06-13 19:39:37', '0000-00-00 00:00:00', 408, 0),
(40, 'Mouth Wash Antiseptic', '', 0, 1, '2024-06-13 19:40:00', '0000-00-00 00:00:00', 408, 0),
(41, 'Mups Tablet', '', 0, 1, '2024-06-13 19:40:36', '0000-00-00 00:00:00', 408, 0),
(42, 'Nasal Drops', '', 0, 1, '2024-06-13 19:41:10', '0000-00-00 00:00:00', 408, 0),
(43, 'Nasal Spray', '', 0, 1, '2024-06-13 19:41:34', '0000-00-00 00:00:00', 408, 0),
(44, 'Nebuliser Solution', '', 0, 1, '2024-06-13 19:42:19', '0000-00-00 00:00:00', 408, 0),
(45, 'Odt Tablet', '', 0, 1, '2024-06-13 19:43:03', '0000-00-00 00:00:00', 408, 0),
(46, 'Ointment', '', 0, 1, '2024-06-13 19:43:36', '0000-00-00 00:00:00', 408, 0),
(47, 'Ophthalmic Emulsion', '', 0, 1, '2024-06-13 19:44:07', '0000-00-00 00:00:00', 408, 0),
(48, 'Oral Drops', '', 0, 1, '2024-06-13 19:44:34', '0000-00-00 00:00:00', 408, 0),
(49, 'Oral Emulsion', '', 0, 1, '2024-06-13 19:44:58', '0000-00-00 00:00:00', 408, 0),
(50, 'Oral Gel', '', 0, 1, '2024-06-13 19:45:49', '0000-00-00 00:00:00', 408, 0),
(51, 'Oral Paste', '', 0, 1, '2024-06-13 19:46:12', '0000-00-00 00:00:00', 408, 0),
(52, 'Oral Powder', '', 0, 1, '2024-06-13 19:46:36', '0000-00-00 00:00:00', 408, 0),
(53, 'Oral Saline', '', 0, 1, '2024-06-13 19:46:58', '0000-00-00 00:00:00', 408, 0),
(54, 'Oral Soluble Film', '', 0, 1, '2024-06-13 19:47:28', '0000-00-00 00:00:00', 408, 0),
(55, 'Oral Solution', '', 0, 1, '2024-06-13 19:47:56', '0000-00-00 00:00:00', 408, 0),
(56, 'Orodispersible Tablet', '', 0, 1, '2024-06-13 19:48:20', '0000-00-00 00:00:00', 408, 0),
(57, 'Ors Tablet', '', 0, 1, '2024-06-13 19:48:42', '0000-00-00 00:00:00', 408, 0),
(58, 'Paediatric Drops', '', 0, 1, '2024-06-13 19:49:11', '0000-00-00 00:00:00', 408, 0),
(59, 'Pellets', '', 0, 1, '2024-06-13 19:49:37', '0000-00-00 00:00:00', 408, 0),
(60, 'Pellets For Suspension', '', 0, 1, '2024-06-13 19:51:25', '0000-00-00 00:00:00', 408, 0),
(61, 'Per Rectal', '', 0, 1, '2024-06-13 19:51:52', '0000-00-00 00:00:00', 408, 0),
(62, 'Powder', '', 0, 1, '2024-06-13 19:53:33', '0000-00-00 00:00:00', 408, 0),
(63, 'Powder for Pedriatric Drop', '', 0, 1, '2024-06-13 19:54:25', '0000-00-00 00:00:00', 408, 0),
(64, 'Powder For Suspension', '', 0, 1, '2024-06-13 19:54:58', '0000-00-00 00:00:00', 408, 0),
(65, 'Pr Tablet', '', 0, 1, '2024-06-13 19:55:22', '0000-00-00 00:00:00', 408, 0),
(66, 'Rapid Tablet', '', 0, 1, '2024-06-13 19:56:46', '0000-00-00 00:00:00', 408, 0),
(67, 'Raw Materials', '', 0, 1, '2024-06-13 19:57:14', '0000-00-00 00:00:00', 408, 0),
(68, 'Rectal Ointment', '', 0, 1, '2024-06-13 19:57:58', '0000-00-00 00:00:00', 408, 0),
(69, 'Resperitory Solution', '', 0, 1, '2024-06-13 19:58:37', '0000-00-00 00:00:00', 408, 0),
(70, 'Respirator Suspension', '', 0, 1, '2024-06-13 19:59:48', '0000-00-00 00:00:00', 408, 0),
(71, 'Sached Powder', '', 0, 1, '2024-06-13 20:00:15', '0000-00-00 00:00:00', 408, 0),
(72, 'Sachet', '', 0, 1, '2024-06-13 20:00:39', '0000-00-00 00:00:00', 408, 0),
(73, 'Scalp Lotion', '', 0, 1, '2024-06-13 20:01:04', '0000-00-00 00:00:00', 408, 0),
(74, 'Shampoo', '', 0, 1, '2024-06-13 20:02:12', '0000-00-00 00:00:00', 408, 0),
(75, 'Soft Gelatin Capsule', '', 0, 1, '2024-06-13 20:03:21', '0000-00-00 00:00:00', 408, 0),
(76, 'Solution', '', 0, 1, '2024-06-13 20:03:56', '0000-00-00 00:00:00', 408, 0),
(77, 'Solution For Infusion', '', 0, 1, '2024-06-13 20:04:21', '0000-00-00 00:00:00', 408, 0),
(78, 'Solution For Injection', '', 0, 1, '2024-06-13 20:18:09', '0000-00-00 00:00:00', 408, 0),
(79, 'Spray', '', 0, 1, '2024-06-13 20:18:36', '0000-00-00 00:00:00', 408, 0),
(80, 'Sr Capsule', '', 0, 1, '2024-06-13 20:19:39', '0000-00-00 00:00:00', 408, 0),
(81, 'Sr Tablet', '', 0, 1, '2024-06-13 20:20:03', '0000-00-00 00:00:00', 408, 0),
(82, 'Suppository', '', 0, 1, '2024-06-13 20:20:39', '0000-00-00 00:00:00', 408, 0),
(83, 'Surgical product', '', 0, 1, '2024-06-13 20:21:01', '0000-00-00 00:00:00', 408, 0),
(84, 'Suspension', '', 0, 1, '2024-06-13 20:21:19', '0000-00-00 00:00:00', 408, 0),
(85, 'Syringe', '', 0, 1, '2024-06-13 20:21:40', '0000-00-00 00:00:00', 408, 0),
(86, 'Syrup', '', 0, 1, '2024-06-13 20:21:57', '0000-00-00 00:00:00', 408, 0),
(87, 'Tablet', '', 0, 1, '2024-06-13 20:22:23', '0000-00-00 00:00:00', 408, 0),
(88, 'Topical Solution', '', 0, 1, '2024-06-13 20:22:44', '0000-00-00 00:00:00', 408, 0),
(89, 'Vaginal Cream', '', 0, 1, '2024-06-13 20:23:19', '0000-00-00 00:00:00', 408, 0),
(90, 'Vaginal Gel', '', 0, 1, '2024-06-13 20:23:46', '0000-00-00 00:00:00', 408, 0),
(91, 'Vaginal Tablet', '', 0, 1, '2024-06-13 20:24:11', '0000-00-00 00:00:00', 408, 0),
(92, 'Water Soluble Powder', '', 0, 1, '2024-06-13 20:24:39', '0000-00-00 00:00:00', 408, 0),
(93, 'Xr Tablet', '', 0, 1, '2024-06-13 20:25:06', '0000-00-00 00:00:00', 408, 0),
(94, 'Omeprajol iv /im  injection', '', 0, 1, '2024-06-26 21:41:30', '0000-00-00 00:00:00', 408, 0);

-- --------------------------------------------------------

--
-- Table structure for table `medicine_dosages`
--

CREATE TABLE `medicine_dosages` (
  `id` int(11) NOT NULL,
  `category_id` int(11) DEFAULT NULL,
  `name` varchar(200) DEFAULT NULL,
  `short_name` varchar(50) DEFAULT NULL,
  `note` text DEFAULT NULL,
  `sort_by` int(11) NOT NULL DEFAULT 0,
  `status` int(11) NOT NULL DEFAULT 0,
  `created_at` datetime NOT NULL,
  `modified_at` datetime NOT NULL,
  `created_by` int(11) NOT NULL DEFAULT 0,
  `modified_by` int(11) NOT NULL DEFAULT 0
) ENGINE=InnoDB DEFAULT CHARSET=utf8 COLLATE=utf8_general_ci;

-- --------------------------------------------------------

--
-- Table structure for table `medicine_generics`
--

CREATE TABLE `medicine_generics` (
  `id` int(11) NOT NULL,
  `type_id` int(11) DEFAULT NULL,
  `name` varchar(200) DEFAULT NULL,
  `note` text DEFAULT NULL,
  `sort_by` int(11) NOT NULL DEFAULT 0,
  `status` int(11) NOT NULL DEFAULT 0,
  `created_at` datetime NOT NULL,
  `modified_at` datetime NOT NULL,
  `created_by` int(11) NOT NULL DEFAULT 0,
  `modified_by` int(11) NOT NULL DEFAULT 0
) ENGINE=InnoDB DEFAULT CHARSET=utf8 COLLATE=utf8_general_ci;

--
-- Dumping data for table `medicine_generics`
--

INSERT INTO `medicine_generics` (`id`, `type_id`, `name`, `note`, `sort_by`, `status`, `created_at`, `modified_at`, `created_by`, `modified_by`) VALUES
(1, NULL, 'Cefuroxime 500mg & clavulanic Acid 125mg', '', 0, 1, '2024-06-16 16:18:17', '0000-00-00 00:00:00', 210, 0),
(2, NULL, 'Mupirocin BP ointment', '', 0, 1, '2024-06-16 16:27:27', '0000-00-00 00:00:00', 210, 0),
(3, NULL, 'misoprostol', '', 0, 1, '2024-06-16 16:31:45', '0000-00-00 00:00:00', 408, 0),
(4, NULL, 'multivitamin for before', '', 0, 1, '2024-06-16 16:33:43', '0000-00-00 00:00:00', 408, 0),
(5, NULL, 'Cefuroxime 500mg & clavulanic Acid 125mg', '', 0, 1, '2024-06-16 16:34:37', '0000-00-00 00:00:00', 408, 0),
(6, NULL, 'Linezolid 400', '', 0, 1, '2024-06-16 16:35:22', '0000-00-00 00:00:00', 408, 0),
(7, NULL, 'Linezolid 600', '', 0, 1, '2024-06-16 16:36:06', '0000-00-00 00:00:00', 408, 0),
(8, NULL, 'Esomeprazole mups 20', '', 0, 1, '2024-06-16 16:45:33', '0000-00-00 00:00:00', 408, 0),
(9, NULL, 'Esomeprazole 20', '', 0, 1, '2024-06-16 16:46:05', '0000-00-00 00:00:00', 408, 0),
(10, NULL, 'Esomeprazole 40', '', 0, 1, '2024-06-16 16:46:32', '0000-00-00 00:00:00', 408, 0),
(11, NULL, 'Omeprazol 20', '', 0, 1, '2024-06-16 17:14:23', '0000-00-00 00:00:00', 408, 0),
(12, NULL, 'Fexofanadin120', '', 0, 1, '2024-06-16 17:15:21', '0000-00-00 00:00:00', 408, 0),
(13, NULL, 'Montulakust 10', '', 0, 1, '2024-06-16 17:15:52', '0000-00-00 00:00:00', 408, 0),
(14, NULL, 'Ketorolac', '', 0, 1, '2024-06-16 17:17:09', '0000-00-00 00:00:00', 408, 0),
(15, NULL, 'Calcium Carbonate1500 Vitamin 400', '', 0, 1, '2024-06-16 17:18:39', '0000-00-00 00:00:00', 408, 0),
(16, NULL, 'Cefixime 400', '', 0, 1, '2024-06-16 17:19:14', '0000-00-00 00:00:00', 408, 0),
(17, NULL, 'Cefixime 400', '', 0, 1, '2024-06-16 17:19:14', '0000-00-00 00:00:00', 408, 0),
(18, 1, 'Paracetamal', '', 0, 1, '2024-06-16 17:40:26', '0000-00-00 00:00:00', 1, 0),
(19, 1, 'Parcoxib Sodium INN', '', 0, 1, '2024-06-21 15:58:02', '0000-00-00 00:00:00', 408, 0),
(20, 1, 'Hydrocortisone', '', 0, 1, '2024-06-21 15:58:50', '0000-00-00 00:00:00', 408, 0),
(21, 1, 'Nalbuphine Hydrochloride INN', '', 0, 1, '2024-06-21 15:59:50', '0000-00-00 00:00:00', 408, 0),
(22, 1, 'Ipratropium  Bromide 0.5 mg Salbutamol 2.5mg/3ml', '', 0, 1, '2024-06-21 16:07:22', '0000-00-00 00:00:00', 408, 0),
(23, 1, 'Dexamethasone Sodium Phosphate BP 5mg', '', 0, 1, '2024-06-21 16:10:24', '0000-00-00 00:00:00', 408, 0),
(24, 1, 'Gentamicin 80mg/2ml', '', 0, 1, '2024-06-21 16:14:05', '0000-00-00 00:00:00', 408, 0),
(25, 1, 'Tranexamic Acid BP', '', 0, 1, '2024-06-21 16:16:04', '0000-00-00 00:00:00', 408, 0),
(26, 1, 'lidocaine hydrchloride usp', '', 0, 1, '2024-06-21 16:33:37', '0000-00-00 00:00:00', 408, 0),
(27, 0, 'Phytomenadione 2mg', '', 0, 1, '2024-06-21 16:56:28', '0000-00-00 00:00:00', 408, 0),
(28, 0, 'Oxitocine', '', 0, 1, '2024-06-21 16:57:16', '0000-00-00 00:00:00', 408, 0),
(29, 0, 'Tramadol Hydrochloride BP 100mg /2ml', '', 0, 1, '2024-06-21 16:58:55', '0000-00-00 00:00:00', 408, 0),
(30, 0, 'Chlorpromazine Hydrochloride BP 50mg/2ml', '', 0, 1, '2024-06-21 17:00:44', '0000-00-00 00:00:00', 408, 0),
(31, 0, 'Pheniramine Maleate BP', '', 0, 1, '2024-06-21 17:14:08', '0000-00-00 00:00:00', 408, 0),
(32, 0, 'Flucloxacillin Sodium For Injection BP', '', 0, 1, '2024-06-21 17:16:42', '0000-00-00 00:00:00', 408, 0),
(33, 0, 'Furosemide BP', '', 0, 1, '2024-06-21 17:18:01', '0000-00-00 00:00:00', 408, 0),
(34, 0, 'Prochlorperazine Mesilate BP 12.5 mg /ml', '', 0, 1, '2024-06-21 17:21:39', '0000-00-00 00:00:00', 408, 0),
(35, 0, 'Diclofenac Sodium BP 75mg lidocaine Hydrochloride USP 20 mg', '', 0, 1, '2024-06-21 17:23:39', '0000-00-00 00:00:00', 408, 0),
(36, 0, 'Tiemonium Methylsulphate INN 5mg', '', 0, 1, '2024-06-21 17:28:22', '0000-00-00 00:00:00', 408, 0),
(37, 0, 'Ondansetron as Hydrochloride USP 2mg/ml', '', 0, 1, '2024-06-21 17:32:12', '0000-00-00 00:00:00', 408, 0),
(38, 0, 'Ceftriaxone 2gm vial', '', 0, 1, '2024-06-21 17:34:01', '0000-00-00 00:00:00', 408, 0),
(39, 0, 'Ceftriaxone 1gm vail', '', 0, 1, '2024-06-21 17:35:49', '0000-00-00 00:00:00', 408, 0),
(40, 0, 'Ketorolac Tromethamine USP 60mg', '', 0, 1, '2024-06-21 17:37:59', '0000-00-00 00:00:00', 408, 0),
(41, 0, 'Ketorolac Tromethamine USP 30mg', '', 0, 1, '2024-06-21 17:38:27', '0000-00-00 00:00:00', 408, 0),
(42, 0, 'Esomeprazole Sodium BP IV Injection', '', 0, 1, '2024-06-21 17:39:58', '0000-00-00 00:00:00', 408, 0),
(43, 0, 'Omeprazole 40mg IV Injection', '', 0, 1, '2024-06-21 17:41:57', '0000-00-00 00:00:00', 408, 0),
(44, 0, 'Meropenem 1gm IV Injection', '', 0, 1, '2024-06-21 17:44:08', '0000-00-00 00:00:00', 408, 0),
(45, 0, 'Sodium Alginate BP Sodium Bicarbonate BP Calcium Carbonate BP Suspension', '', 0, 1, '2024-06-21 17:45:09', '2024-06-21 17:46:44', 408, 408),
(46, 0, '6%Hydroxyethyl Starch in 0.9% Sodium Chloride Solution', '', 0, 1, '2024-06-21 17:51:04', '0000-00-00 00:00:00', 408, 0),
(47, 0, 'Lactulose USP 3.4mg/5ml', '', 0, 1, '2024-06-21 17:56:29', '0000-00-00 00:00:00', 408, 0),
(48, 0, 'Paracetamol Paediatric Drops', '', 0, 1, '2024-06-21 17:59:14', '0000-00-00 00:00:00', 408, 0),
(49, 0, 'Cefaclor 125mg/1.25ml Powder for Paediatric Drops', '', 0, 1, '2024-06-21 18:01:06', '0000-00-00 00:00:00', 408, 0),
(50, 0, 'Domperidone 5 mg/ml 15 Peadiatric Drops', '', 0, 1, '2024-06-21 18:04:47', '0000-00-00 00:00:00', 408, 0),
(51, 0, 'Flucloxacillin 500 cap', '', 0, 1, '2024-06-21 21:21:20', '0000-00-00 00:00:00', 408, 0),
(52, 1, 'Metronidazole BP 500mg/100ml', '', 0, 1, '2024-06-23 17:06:10', '0000-00-00 00:00:00', 408, 0),
(53, 1, 'Domperidone 10mg', '', 0, 1, '2024-06-23 17:53:00', '0000-00-00 00:00:00', 408, 0),
(54, 1, 'Clonazepam BP 0.5mg', '', 0, 1, '2024-06-23 18:14:41', '0000-00-00 00:00:00', 408, 0),
(55, NULL, 'Opso Saline', '', 0, 1, '2024-06-29 22:06:41', '0000-00-00 00:00:00', 210, 0),
(56, NULL, 'Vitamin c', '', 0, 1, '2024-06-29 22:15:23', '0000-00-00 00:00:00', 210, 0),
(57, NULL, 'Hartmanns s solution', '', 0, 1, '2024-06-30 22:01:15', '0000-00-00 00:00:00', 210, 0),
(58, NULL, 'Loratadin', '', 0, 1, '2024-06-30 22:07:18', '0000-00-00 00:00:00', 210, 0),
(59, NULL, 'Glycerol', '', 0, 1, '2024-06-30 22:12:57', '0000-00-00 00:00:00', 210, 0),
(60, NULL, 'Vitamin A', '', 0, 1, '2024-06-30 22:15:48', '0000-00-00 00:00:00', 210, 0),
(61, NULL, 'Simethicone', '', 0, 1, '2024-06-30 22:21:52', '0000-00-00 00:00:00', 210, 0),
(62, NULL, 'Budesonide 0.1%', '', 0, 1, '2024-06-30 22:33:01', '0000-00-00 00:00:00', 210, 0),
(63, NULL, 'Parecoxib', '', 0, 1, '2024-06-30 23:01:21', '0000-00-00 00:00:00', 210, 0),
(64, 2, 'sobuj serjikal', '', 0, 1, '2024-07-01 10:52:50', '0000-00-00 00:00:00', 408, 0),
(65, 1, 'amikacin', '', 0, 1, '2024-07-02 14:37:34', '0000-00-00 00:00:00', 408, 0),
(66, 1, 'smc', '', 0, 1, '2024-07-02 16:03:31', '0000-00-00 00:00:00', 408, 0),
(67, 1, 'Prerona', '', 0, 1, '2024-07-02 16:06:43', '0000-00-00 00:00:00', 408, 0),
(68, 1, 'meropenem 1gm as meropenem trihydrate USP', '', 0, 1, '2024-07-08 18:59:30', '0000-00-00 00:00:00', 408, 0),
(69, NULL, '5%glucose', '', 0, 1, '2024-07-08 20:03:27', '0000-00-00 00:00:00', 408, 0),
(70, 1, 'Misoprostol BP 200MG', '', 0, 1, '2024-07-12 18:11:17', '0000-00-00 00:00:00', 408, 0);

-- --------------------------------------------------------

--
-- Table structure for table `medicine_invoices`
--

CREATE TABLE `medicine_invoices` (
  `id` int(11) NOT NULL,
  `custom_invoice_id` varchar(50) NOT NULL,
  `prev_invoice_id` int(11) DEFAULT NULL,
  `invoice_type` varchar(50) NOT NULL DEFAULT 'investigation' COMMENT 'opd,ipd,investigation',
  `customer_id` int(11) DEFAULT NULL,
  `customer_name` varchar(100) DEFAULT NULL,
  `walking` tinyint(1) NOT NULL DEFAULT 0 COMMENT '0 = None, 1 = Self',
  `payment_type` varchar(10) NOT NULL DEFAULT 'cash',
  `bill_date` datetime NOT NULL,
  `total_bill` decimal(10,2) UNSIGNED NOT NULL DEFAULT 0.00,
  `special_discount` decimal(10,2) UNSIGNED NOT NULL DEFAULT 0.00,
  `discount` decimal(10,2) UNSIGNED NOT NULL DEFAULT 0.00,
  `net_payable` decimal(10,2) UNSIGNED NOT NULL DEFAULT 0.00,
  `advanced` decimal(10,2) UNSIGNED NOT NULL DEFAULT 0.00,
  `due_amount` decimal(10,2) UNSIGNED NOT NULL DEFAULT 0.00,
  `paid_status` varchar(20) NOT NULL DEFAULT 'paid' COMMENT 'paid or unpaid',
  `payment_status` enum('complete','rejected','canceled') NOT NULL DEFAULT 'complete',
  `note` text DEFAULT NULL,
  `status` tinyint(1) NOT NULL,
  `created_at` datetime NOT NULL,
  `modified_at` datetime NOT NULL,
  `created_by` int(11) NOT NULL,
  `modified_by` int(11) NOT NULL
) ENGINE=InnoDB DEFAULT CHARSET=utf8 COLLATE=utf8_general_ci;

-- --------------------------------------------------------

--
-- Table structure for table `medicine_invoice_details`
--

CREATE TABLE `medicine_invoice_details` (
  `id` int(11) NOT NULL,
  `invoice_id` int(11) NOT NULL,
  `medicine_id` int(11) NOT NULL,
  `batch_no` varchar(15) DEFAULT NULL,
  `quantity` int(11) NOT NULL,
  `rate` decimal(10,2) UNSIGNED NOT NULL DEFAULT 0.00,
  `total_rate` decimal(10,2) UNSIGNED NOT NULL DEFAULT 0.00,
  `discount` decimal(10,2) UNSIGNED NOT NULL DEFAULT 0.00,
  `total_discount` decimal(10,2) UNSIGNED NOT NULL DEFAULT 0.00,
  `status` tinyint(1) NOT NULL,
  `created_at` datetime NOT NULL,
  `modified_at` datetime NOT NULL,
  `created_by` int(11) NOT NULL,
  `modified_by` int(11) NOT NULL
) ENGINE=InnoDB DEFAULT CHARSET=utf8 COLLATE=utf8_general_ci;

-- --------------------------------------------------------

--
-- Table structure for table `medicine_invoice_payments`
--

CREATE TABLE `medicine_invoice_payments` (
  `id` int(11) NOT NULL,
  `invoice_id` int(11) NOT NULL,
  `collection_type` varchar(15) NOT NULL DEFAULT '1' COMMENT 'First Time = 1, Due = 2',
  `payment_date` datetime NOT NULL,
  `amount` decimal(10,2) UNSIGNED NOT NULL DEFAULT 0.00,
  `second_less` decimal(10,2) UNSIGNED NOT NULL DEFAULT 0.00,
  `note` text DEFAULT NULL,
  `status` tinyint(1) NOT NULL,
  `created_at` datetime NOT NULL,
  `modified_at` datetime NOT NULL,
  `created_by` int(11) NOT NULL,
  `modified_by` int(11) NOT NULL
) ENGINE=InnoDB DEFAULT CHARSET=utf8 COLLATE=utf8_general_ci;

-- --------------------------------------------------------

--
-- Table structure for table `medicine_purchases`
--

CREATE TABLE `medicine_purchases` (
  `id` int(11) NOT NULL,
  `custom_invoice_id` varchar(15) DEFAULT NULL,
  `prev_invoice_id` int(11) DEFAULT NULL,
  `invoice_type` varchar(15) DEFAULT NULL,
  `manufacturer_id` tinyint(4) NOT NULL,
  `purchase_date` datetime DEFAULT NULL,
  `invoice_no` varchar(15) DEFAULT NULL,
  `payment_type` varchar(15) DEFAULT NULL,
  `total_bill` decimal(10,2) NOT NULL,
  `special_discount` decimal(10,2) DEFAULT NULL,
  `discount` decimal(10,2) DEFAULT NULL,
  `net_payable` decimal(10,2) DEFAULT NULL,
  `advanced` decimal(10,2) DEFAULT NULL,
  `due_amount` decimal(10,2) DEFAULT NULL,
  `paid_status` varchar(15) DEFAULT 'unpaid' COMMENT 'paid or unpaid',
  `payment_status` enum('complete','rejected','canceled') NOT NULL DEFAULT 'complete',
  `note` text DEFAULT NULL,
  `status` tinyint(1) NOT NULL,
  `created_at` datetime NOT NULL,
  `modified_at` datetime NOT NULL,
  `created_by` int(11) NOT NULL DEFAULT 0,
  `modified_by` int(11) NOT NULL DEFAULT 0
) ENGINE=InnoDB DEFAULT CHARSET=utf8 COLLATE=utf8_general_ci;

-- --------------------------------------------------------

--
-- Table structure for table `medicine_purchase_details`
--

CREATE TABLE `medicine_purchase_details` (
  `id` int(11) NOT NULL,
  `purchase_id` mediumint(9) NOT NULL,
  `medicine_id` int(11) NOT NULL,
  `batch_no` varchar(15) DEFAULT NULL,
  `expiry_date` date DEFAULT NULL,
  `quantity` int(11) NOT NULL,
  `purchase` decimal(10,2) NOT NULL,
  `sale` decimal(10,2) NOT NULL DEFAULT 0.00,
  `wholesale` decimal(10,2) NOT NULL DEFAULT 0.00,
  `total` decimal(10,2) NOT NULL,
  `discount` decimal(10,2) DEFAULT NULL,
  `total_discount` decimal(10,2) NOT NULL DEFAULT 0.00,
  `note` text DEFAULT NULL,
  `status` tinyint(1) NOT NULL,
  `created_at` datetime NOT NULL,
  `modified_at` datetime NOT NULL,
  `created_by` int(11) NOT NULL DEFAULT 0,
  `modified_by` int(11) NOT NULL DEFAULT 0
) ENGINE=InnoDB DEFAULT CHARSET=utf8 COLLATE=utf8_general_ci;

-- --------------------------------------------------------

--
-- Table structure for table `medicine_purchase_payments`
--

CREATE TABLE `medicine_purchase_payments` (
  `id` int(11) NOT NULL,
  `invoice_id` int(11) NOT NULL,
  `collection_type` varchar(15) NOT NULL DEFAULT '1' COMMENT 'First Time = 1, Due = 2',
  `payment_date` datetime NOT NULL,
  `amount` decimal(10,2) UNSIGNED NOT NULL DEFAULT 0.00,
  `second_less` decimal(10,2) UNSIGNED NOT NULL DEFAULT 0.00,
  `note` text DEFAULT NULL,
  `status` tinyint(1) NOT NULL,
  `created_at` datetime NOT NULL,
  `modified_at` datetime NOT NULL,
  `created_by` int(11) NOT NULL,
  `modified_by` int(11) NOT NULL
) ENGINE=InnoDB DEFAULT CHARSET=utf8 COLLATE=utf8_general_ci;

-- --------------------------------------------------------

--
-- Table structure for table `medicine_refunds`
--

CREATE TABLE `medicine_refunds` (
  `id` int(11) NOT NULL,
  `custom_invoice_id` varchar(50) NOT NULL,
  `prev_invoice_id` int(11) DEFAULT NULL,
  `invoice_type` varchar(50) NOT NULL DEFAULT 'refund' COMMENT 'refund',
  `sale_invoice_id` int(11) DEFAULT NULL,
  `purchase_invoice_id` int(11) DEFAULT NULL,
  `payment_type` varchar(10) NOT NULL DEFAULT 'cash',
  `bill_date` datetime NOT NULL,
  `total_bill` decimal(10,2) UNSIGNED NOT NULL DEFAULT 0.00,
  `total_refund` decimal(10,2) NOT NULL,
  `special_discount` decimal(10,2) UNSIGNED NOT NULL DEFAULT 0.00,
  `discount` decimal(10,2) UNSIGNED NOT NULL DEFAULT 0.00,
  `net_payable` decimal(10,2) UNSIGNED NOT NULL DEFAULT 0.00,
  `advanced` decimal(10,2) UNSIGNED NOT NULL DEFAULT 0.00,
  `due_amount` decimal(10,2) UNSIGNED NOT NULL DEFAULT 0.00,
  `paid_status` varchar(20) NOT NULL DEFAULT 'paid' COMMENT 'paid or unpaid',
  `payment_status` enum('complete','rejected','canceled') NOT NULL DEFAULT 'complete',
  `reason` text DEFAULT NULL,
  `return_type` enum('1','2','3') NOT NULL DEFAULT '1' COMMENT '1 = Customer, 2 = Manufacturer, 3 = Wastage',
  `note` text DEFAULT NULL,
  `status` tinyint(1) NOT NULL,
  `created_at` datetime NOT NULL,
  `modified_at` datetime NOT NULL,
  `created_by` int(11) NOT NULL,
  `modified_by` int(11) NOT NULL
) ENGINE=InnoDB DEFAULT CHARSET=utf8 COLLATE=utf8_general_ci;

-- --------------------------------------------------------

--
-- Table structure for table `medicine_refund_details`
--

CREATE TABLE `medicine_refund_details` (
  `id` int(11) NOT NULL,
  `invoice_id` int(11) NOT NULL,
  `medicine_id` int(11) NOT NULL,
  `batch_no` varchar(15) DEFAULT NULL,
  `quantity` int(11) NOT NULL,
  `rate` decimal(10,2) UNSIGNED NOT NULL DEFAULT 0.00,
  `total_rate` decimal(10,2) UNSIGNED NOT NULL DEFAULT 0.00,
  `discount` decimal(10,2) UNSIGNED NOT NULL DEFAULT 0.00,
  `total_discount` decimal(10,2) UNSIGNED NOT NULL DEFAULT 0.00,
  `buy_qty` int(11) NOT NULL,
  `buy_rate` decimal(10,2) NOT NULL,
  `buy_total_rate` decimal(10,2) NOT NULL,
  `status` tinyint(1) NOT NULL,
  `created_at` datetime NOT NULL,
  `modified_at` datetime NOT NULL,
  `created_by` int(11) NOT NULL,
  `modified_by` int(11) NOT NULL
) ENGINE=InnoDB DEFAULT CHARSET=utf8 COLLATE=utf8_general_ci;

-- --------------------------------------------------------

--
-- Table structure for table `medicine_refund_payments`
--

CREATE TABLE `medicine_refund_payments` (
  `id` int(11) NOT NULL,
  `invoice_id` int(11) NOT NULL,
  `collection_type` varchar(15) NOT NULL DEFAULT '1' COMMENT 'First Time = 1, Due = 2',
  `payment_date` datetime NOT NULL,
  `amount` decimal(10,2) UNSIGNED NOT NULL DEFAULT 0.00,
  `second_less` decimal(10,2) UNSIGNED NOT NULL DEFAULT 0.00,
  `note` text DEFAULT NULL,
  `status` tinyint(1) NOT NULL,
  `created_at` datetime NOT NULL,
  `modified_at` datetime NOT NULL,
  `created_by` int(11) NOT NULL,
  `modified_by` int(11) NOT NULL
) ENGINE=InnoDB DEFAULT CHARSET=utf8 COLLATE=utf8_general_ci;

-- --------------------------------------------------------

--
-- Table structure for table `medicine_types`
--

CREATE TABLE `medicine_types` (
  `id` int(11) NOT NULL,
  `name` varchar(200) DEFAULT NULL,
  `note` text DEFAULT NULL,
  `sort_by` int(11) NOT NULL DEFAULT 0,
  `status` int(11) NOT NULL DEFAULT 0,
  `created_at` datetime NOT NULL,
  `modified_at` datetime NOT NULL,
  `created_by` int(11) NOT NULL DEFAULT 0,
  `modified_by` int(11) NOT NULL DEFAULT 0
) ENGINE=InnoDB DEFAULT CHARSET=utf8 COLLATE=utf8_general_ci;

-- --------------------------------------------------------

--
-- Table structure for table `medicine_units`
--

CREATE TABLE `medicine_units` (
  `id` int(11) NOT NULL,
  `name` varchar(200) DEFAULT NULL,
  `note` text DEFAULT NULL,
  `sort_by` int(11) NOT NULL DEFAULT 0,
  `status` int(11) NOT NULL DEFAULT 0,
  `created_at` datetime NOT NULL,
  `modified_at` datetime NOT NULL,
  `created_by` int(11) NOT NULL DEFAULT 0,
  `modified_by` int(11) NOT NULL DEFAULT 0
) ENGINE=InnoDB DEFAULT CHARSET=utf8 COLLATE=utf8_general_ci;

-- --------------------------------------------------------

--
-- Table structure for table `menus`
--

CREATE TABLE `menus` (
  `id` int(11) NOT NULL,
  `name` varchar(150) DEFAULT NULL,
  `bn_name` varchar(100) DEFAULT NULL,
  `location` varchar(100) DEFAULT NULL,
  `note` text DEFAULT NULL,
  `sort_by` int(11) NOT NULL DEFAULT 0,
  `status` tinyint(1) NOT NULL,
  `created_at` datetime NOT NULL,
  `modified_at` datetime NOT NULL,
  `created_by` int(11) NOT NULL,
  `modified_by` int(11) NOT NULL
) ENGINE=InnoDB DEFAULT CHARSET=utf8 COLLATE=utf8_general_ci;

--
-- Dumping data for table `menus`
--

INSERT INTO `menus` (`id`, `name`, `bn_name`, `location`, `note`, `sort_by`, `status`, `created_at`, `modified_at`, `created_by`, `modified_by`) VALUES
(1, 'Main Menu', 'মেইন মেনু', 'main_menu', '', 1, 1, '2021-01-17 11:30:25', '0000-00-00 00:00:00', 1, 0),
(2, 'Quick Links', 'দ্রুত লিঙ্ক', 'footer_menu_1', '', 1, 1, '2021-01-17 12:14:47', '0000-00-00 00:00:00', 1, 0),
(3, 'Departments', 'বিভাগ', 'footer_menu_2', '', 2, 1, '2021-01-17 12:15:21', '0000-00-00 00:00:00', 1, 0);

-- --------------------------------------------------------

--
-- Table structure for table `menu_items`
--

CREATE TABLE `menu_items` (
  `id` int(11) NOT NULL,
  `menu_id` int(11) DEFAULT NULL,
  `name` varchar(150) DEFAULT NULL,
  `bn_name` varchar(100) DEFAULT NULL,
  `external_url` int(11) DEFAULT 0,
  `open_new_tab` int(11) NOT NULL DEFAULT 0,
  `ext_url_link` varchar(65) DEFAULT NULL,
  `page_id` int(11) DEFAULT NULL,
  `parent_id` int(11) DEFAULT 0,
  `sort_by` int(11) NOT NULL DEFAULT 0,
  `status` tinyint(1) NOT NULL,
  `created_at` datetime NOT NULL,
  `modified_at` datetime NOT NULL,
  `created_by` int(11) NOT NULL,
  `modified_by` int(11) NOT NULL
) ENGINE=InnoDB DEFAULT CHARSET=utf8 COLLATE=utf8_general_ci;

--
-- Dumping data for table `menu_items`
--

INSERT INTO `menu_items` (`id`, `menu_id`, `name`, `bn_name`, `external_url`, `open_new_tab`, `ext_url_link`, `page_id`, `parent_id`, `sort_by`, `status`, `created_at`, `modified_at`, `created_by`, `modified_by`) VALUES
(1, 1, 'About Us', 'আমাদের সম্পর্কে', 1, 0, '#', 0, 0, 1, 1, '2021-01-17 11:31:21', '2021-04-26 06:46:45', 1, 0),
(2, 1, 'About  HFICH', 'About  HFICH', 0, 0, NULL, 0, 1, 2, 1, '2021-01-17 11:32:18', '2023-06-20 21:27:52', 1, 1),
(3, 1, 'Goal & Objectives', 'লক্ষ্য এবং উদ্দেশ্য', 0, 0, NULL, 4, 1, 3, 1, '2021-01-17 11:32:57', '2021-04-26 06:46:01', 1, 0),
(4, 1, 'Message of Chairman', 'চেয়ারম্যানের বার্তা', 0, 0, NULL, 2, 1, 4, 1, '2021-01-17 11:33:17', '2021-04-26 06:46:19', 1, 0),
(5, 1, 'Message of Managing Director', 'ব্যবস্থাপনা পরিচালকের বার্তা', 0, 0, NULL, 3, 1, 5, 1, '2021-01-17 11:33:48', '2021-04-26 06:46:35', 1, 0),
(6, 1, 'Doctors', 'ডাক্তার', 1, 0, 'doctors', 0, 0, 6, 1, '2021-01-17 11:34:30', '2021-04-26 06:46:58', 1, 0),
(7, 1, 'Departments', 'বিভাগ', 1, 0, 'departments', 0, 0, 7, 1, '2021-01-17 11:34:53', '2021-04-26 06:47:08', 1, 0),
(8, 1, 'Services', 'সেবা', 1, 0, 'services', 0, 0, 8, 1, '2021-01-17 11:35:23', '2021-04-26 06:47:31', 1, 0),
(9, 1, 'Facilities', 'সু্যোগ - সুবিধা', 1, 0, NULL, 0, 8, 10, 1, '2021-01-17 11:35:43', '2021-01-17 11:41:17', 1, 0),
(10, 1, 'Health Check Up', 'স্বাস্থ্য পরীক্ষা', 1, 0, NULL, 0, 8, 12, 1, '2021-01-17 11:36:00', '2021-01-17 11:41:29', 1, 0),
(11, 1, 'Packages', 'প্যাকেজগুলি', 1, 0, NULL, 0, 8, 11, 1, '2021-01-17 11:36:23', '2021-01-17 11:41:23', 1, 0),
(12, 1, 'Room Rent', 'রুম ভাড়া', 1, 0, NULL, 0, 8, 13, 1, '2021-01-17 11:36:38', '2021-01-17 11:41:34', 1, 0),
(13, 1, 'Equipment\'s', 'সরঞ্জামাদি', 1, 0, NULL, 0, 8, 14, 1, '2021-01-17 11:37:00', '2021-01-17 11:41:40', 1, 0),
(14, 1, 'Health Tips', 'স্বাস্থ্য পরামর্শ', 1, 0, NULL, 0, 8, 15, 1, '2021-01-17 11:37:15', '2021-01-17 11:41:52', 1, 0),
(15, 1, 'Feedback', 'মতামত', 1, 0, NULL, 0, 8, 16, 1, '2021-01-17 11:37:33', '2021-01-17 11:41:58', 1, 0),
(16, 1, 'News', 'নিউজ', 1, 0, 'news', 0, 0, 17, 1, '2021-01-17 11:46:16', '2021-04-26 06:52:43', 1, 0),
(17, 1, 'Gallery', 'গ্যালারি', 1, 0, '#', 0, 0, 18, 1, '2021-01-17 11:46:48', '2021-04-26 06:48:05', 1, 0),
(18, 1, 'Photo Gallery', 'ফটো গ্যালারি', 1, 0, 'photos', 0, 17, 19, 1, '2021-01-17 11:47:33', '2021-04-26 06:48:17', 1, 0),
(19, 1, 'Video Gallery', 'ভিডিও গ্যালারি', 1, 0, 'videos', 0, 17, 20, 1, '2021-01-17 11:48:06', '2021-04-26 06:48:24', 1, 0),
(20, 2, 'Home', 'হোম', 1, 0, '/', 0, 0, 1, 1, '2021-01-17 12:10:48', '2021-04-26 22:29:19', 1, 0),
(21, 2, 'About Us', 'আমাদের সম্পর্কে', 1, 0, '#', 0, 0, 2, 1, '2021-01-17 12:11:18', '0000-00-00 00:00:00', 1, 0),
(22, 2, 'Doctors', 'ডাক্তার', 1, 0, 'doctors', 0, 0, 3, 1, '2021-01-17 12:11:59', '2021-04-26 22:29:35', 1, 0),
(23, 2, 'Departments', 'বিভাগ', 1, 0, 'departments', 0, 0, 4, 1, '2021-01-17 12:12:18', '2021-04-26 22:29:44', 1, 0),
(24, 2, 'Contact Us', 'যোগাযোগ', 1, 0, 'contact', 0, 0, 5, 1, '2021-01-17 12:12:42', '2021-04-26 22:29:52', 1, 0),
(25, 1, 'Pathology', 'প্যাথলজি', 1, 0, '#', 0, 8, 9, 1, '2021-04-26 06:50:45', '0000-00-00 00:00:00', 1, 0),
(26, 3, 'Cardiology', 'কার্ডিওলজি', 1, 0, '/department/doctor/12', 0, 0, 1, 1, '2021-04-26 22:28:14', '0000-00-00 00:00:00', 1, 0),
(27, 3, 'Neurology', 'স্নায়ুবিজ্ঞান', 1, 0, '/department/doctor/13', 0, 0, 2, 1, '2021-04-26 22:28:32', '0000-00-00 00:00:00', 1, 0),
(28, 3, 'Urology', 'ইউরোলজি', 1, 0, '/department/doctor/14', 0, 0, 3, 1, '2021-04-26 22:28:52', '0000-00-00 00:00:00', 1, 0);

-- --------------------------------------------------------

--
-- Table structure for table `modules`
--

CREATE TABLE `modules` (
  `id` int(11) NOT NULL,
  `module_name` varchar(50) NOT NULL,
  `module_slug` varchar(50) NOT NULL,
  `status` tinyint(1) NOT NULL,
  `created_at` datetime NOT NULL,
  `modified_at` datetime NOT NULL,
  `created_by` int(11) NOT NULL,
  `modified_by` int(11) NOT NULL
) ENGINE=InnoDB DEFAULT CHARSET=utf8 COLLATE=utf8_unicode_ci;

--
-- Dumping data for table `modules`
--

INSERT INTO `modules` (`id`, `module_name`, `module_slug`, `status`, `created_at`, `modified_at`, `created_by`, `modified_by`) VALUES
(1, 'Setting', 'setting', 1, '2020-09-13 07:01:53', '0000-00-00 00:00:00', 1, 0),
(2, 'Human Resource', 'hrm', 1, '2020-09-13 08:38:45', '0000-00-00 00:00:00', 1, 0),
(3, 'Hospital Setup', 'hospital', 1, '2020-09-22 10:32:27', '2020-09-22 10:33:19', 1, 0),
(4, 'Front Office', 'frontoffice', 1, '2020-09-24 04:54:41', '0000-00-00 00:00:00', 1, 0),
(5, 'Patient', 'patient', 1, '2020-09-26 03:12:45', '0000-00-00 00:00:00', 1, 0),
(6, 'OPD', 'opd', 1, '2020-09-26 03:13:01', '0000-00-00 00:00:00', 1, 0),
(7, 'IPD', 'ipd', 1, '2020-09-26 03:13:16', '0000-00-00 00:00:00', 1, 0),
(8, 'Billing', 'billing', 1, '2020-10-20 13:26:01', '0000-00-00 00:00:00', 1, 0),
(9, 'Doctor', 'doctor', 1, '2020-10-20 13:26:09', '0000-00-00 00:00:00', 1, 0),
(10, 'Report', 'report', 1, '2020-10-26 05:58:54', '0000-00-00 00:00:00', 1, 0),
(11, 'Diagnostic', 'diagnostic', 1, '2020-11-10 17:16:01', '0000-00-00 00:00:00', 1, 0),
(12, 'Accounting', 'accounting', 1, '2020-11-18 01:34:18', '0000-00-00 00:00:00', 1, 0),
(13, 'Frontend', 'frontend', 1, '2020-12-05 05:29:01', '0000-00-00 00:00:00', 1, 0),
(14, 'Pharmacy', 'pharmacy', 1, '2021-01-24 01:40:06', '0000-00-00 00:00:00', 1, 0),
(15, 'Radiology', 'radiology', 1, '2021-02-05 16:14:35', '0000-00-00 00:00:00', 1, 0),
(16, 'Announcement', 'announcement', 1, '2021-03-09 20:11:18', '0000-00-00 00:00:00', 1, 0),
(17, 'Gallery', 'gallery', 1, '2021-04-27 05:11:59', '0000-00-00 00:00:00', 1, 0),
(18, 'Attendance', 'attendance', 1, '2021-05-22 04:01:18', '0000-00-00 00:00:00', 1, 0),
(19, 'Leave Management', 'leave', 1, '2021-05-22 04:01:28', '0000-00-00 00:00:00', 1, 0),
(20, 'Message', 'message', 1, '2021-10-24 00:17:49', '0000-00-00 00:00:00', 1, 0),
(21, 'Patient Follow Up', 'followup', 1, '2023-02-05 02:00:15', '0000-00-00 00:00:00', 1, 0);

-- --------------------------------------------------------

--
-- Table structure for table `news`
--

CREATE TABLE `news` (
  `id` int(11) NOT NULL,
  `title` varchar(200) NOT NULL,
  `description` text DEFAULT NULL,
  `date` date NOT NULL,
  `attachment` varchar(100) DEFAULT NULL,
  `is_view_on_web` tinyint(1) NOT NULL DEFAULT 0,
  `status` tinyint(1) NOT NULL,
  `created_at` datetime NOT NULL,
  `modified_at` datetime NOT NULL,
  `created_by` int(11) NOT NULL,
  `modified_by` int(11) NOT NULL
) ENGINE=InnoDB DEFAULT CHARSET=utf8 COLLATE=utf8_general_ci;

-- --------------------------------------------------------

--
-- Table structure for table `notices`
--

CREATE TABLE `notices` (
  `id` int(11) NOT NULL,
  `role_id` int(11) NOT NULL,
  `title` varchar(200) NOT NULL,
  `description` text DEFAULT NULL,
  `date` datetime NOT NULL,
  `attachment` varchar(100) DEFAULT NULL,
  `is_view_on_web` tinyint(1) NOT NULL DEFAULT 0,
  `status` tinyint(1) NOT NULL,
  `created_at` datetime NOT NULL,
  `modified_at` datetime NOT NULL,
  `created_by` int(11) NOT NULL,
  `modified_by` int(11) NOT NULL
) ENGINE=InnoDB DEFAULT CHARSET=utf8 COLLATE=utf8_general_ci;

-- --------------------------------------------------------

--
-- Table structure for table `notifications`
--

CREATE TABLE `notifications` (
  `id` int(11) NOT NULL,
  `type` varchar(100) DEFAULT NULL,
  `is_email` int(11) DEFAULT 0,
  `is_sms` int(11) DEFAULT 0,
  `message` text DEFAULT NULL,
  `status` tinyint(1) NOT NULL DEFAULT 1,
  `created_at` datetime NOT NULL,
  `modified_at` datetime NOT NULL,
  `created_by` int(11) NOT NULL,
  `modified_by` int(11) NOT NULL
) ENGINE=InnoDB DEFAULT CHARSET=utf8 COLLATE=utf8_general_ci;

-- --------------------------------------------------------

--
-- Table structure for table `opd_patients`
--

CREATE TABLE `opd_patients` (
  `id` int(11) NOT NULL,
  `invoice_type` varchar(10) NOT NULL DEFAULT 'opd',
  `appointment_id` int(11) DEFAULT NULL,
  `patient_id` int(11) NOT NULL,
  `custom_invoice_id` varchar(65) DEFAULT NULL,
  `opd_no` varchar(100) NOT NULL,
  `appointment_date` date DEFAULT NULL,
  `serial_no` int(11) NOT NULL,
  `height` varchar(30) DEFAULT NULL,
  `weight` varchar(30) DEFAULT NULL,
  `bp` varchar(30) DEFAULT NULL,
  `symptoms` varchar(100) DEFAULT NULL,
  `doctor_id` int(11) NOT NULL,
  `doctor_charge` decimal(15,2) NOT NULL,
  `discount` decimal(15,2) DEFAULT NULL,
  `hospital_commission` double(15,2) DEFAULT NULL,
  `reference_commission` decimal(6,2) NOT NULL DEFAULT 0.00,
  `case` varchar(50) NOT NULL,
  `casualty` varchar(20) NOT NULL,
  `reference_id` int(11) DEFAULT NULL,
  `payment_method` varchar(50) DEFAULT NULL,
  `paid_status` enum('paid','unpaid') NOT NULL DEFAULT 'paid',
  `payment_status` enum('complete','rejected','canceled','pending') NOT NULL DEFAULT 'complete',
  `note` text DEFAULT NULL,
  `old_patient` int(11) DEFAULT NULL,
  `status` int(11) NOT NULL DEFAULT 1,
  `created_at` datetime NOT NULL,
  `modified_at` datetime NOT NULL,
  `created_by` int(11) NOT NULL,
  `modified_by` int(11) NOT NULL
) ENGINE=InnoDB DEFAULT CHARSET=utf8 COLLATE=utf8_general_ci;

--
-- Dumping data for table `opd_patients`
--

INSERT INTO `opd_patients` (`id`, `invoice_type`, `appointment_id`, `patient_id`, `custom_invoice_id`, `opd_no`, `appointment_date`, `serial_no`, `height`, `weight`, `bp`, `symptoms`, `doctor_id`, `doctor_charge`, `discount`, `hospital_commission`, `reference_commission`, `case`, `casualty`, `reference_id`, `payment_method`, `paid_status`, `payment_status`, `note`, `old_patient`, `status`, `created_at`, `modified_at`, `created_by`, `modified_by`) VALUES
(1, 'opd', 1, 8, 'B-20250300001', 'OPD00001', '2025-03-28', 1, '', '', '', '', 7, '400.00', '0.00', 0.00, '0.00', '', '0', 0, 'cash', 'paid', 'complete', '', 0, 1, '2025-03-28 16:01:10', '0000-00-00 00:00:00', 1, 0),
(2, 'opd', 3, 9, 'B-20250400002', 'OPD00002', '2025-04-06', 1, '', '', '', '', 7, '400.00', '0.00', 0.00, '0.00', '', '0', 0, 'cash', 'paid', 'complete', '', 0, 1, '2025-04-06 06:46:02', '0000-00-00 00:00:00', 1, 0),
(3, 'opd', 10, 24, 'B-20250500003', 'OPD00003', '2025-05-12', 1, '', '', '', '', 7, '400.00', '0.00', 0.00, '0.00', '', '0', 0, 'cash', 'paid', 'complete', '', 0, 1, '2025-05-12 19:05:58', '0000-00-00 00:00:00', 1, 0),
(4, 'opd', 11, 25, 'B-20250500004', 'OPD00004', '2025-05-17', 1, '', '', '', '', 7, '400.00', '0.00', 0.00, '0.00', '', '0', 0, 'cash', 'paid', 'complete', '', 0, 1, '2025-05-17 20:16:08', '0000-00-00 00:00:00', 1, 0),
(5, 'opd', 12, 26, 'B-20250500005', 'OPD00005', '2025-05-17', 2, '', '', '', '', 7, '400.00', '0.00', 0.00, '0.00', '', '0', 0, 'cash', 'paid', 'complete', '', 0, 1, '2025-05-17 20:17:52', '0000-00-00 00:00:00', 1, 0),
(6, 'opd', 14, 28, 'B-20250500006', 'OPD00006', '2025-05-17', 4, '', '', '', '', 7, '400.00', '0.00', 0.00, '0.00', '', '0', 0, 'cash', 'paid', 'complete', '', 0, 1, '2025-05-17 20:20:21', '0000-00-00 00:00:00', 1, 0),
(7, 'opd', 15, 29, 'B-20250500007', 'OPD00007', '2025-05-18', 1, '', '', '', '', 7, '400.00', '0.00', 0.00, '0.00', '', '0', 0, 'cash', 'paid', 'complete', '', 0, 1, '2025-05-18 12:40:14', '0000-00-00 00:00:00', 1, 0),
(8, 'opd', 16, 29, 'B-20250500008', 'OPD00008', '2025-05-18', 2, '', '', '', '', 7, '400.00', '0.00', 0.00, '0.00', '', '0', 0, 'cash', 'paid', 'complete', '', 0, 1, '2025-05-18 12:49:29', '0000-00-00 00:00:00', 1, 0),
(9, 'opd', 17, 30, 'B-20250500009', 'OPD00009', '2025-05-18', 3, '', '', '', '', 7, '400.00', '0.00', 0.00, '0.00', '', '0', 0, 'cash', 'paid', 'complete', '', 0, 1, '2025-05-18 12:58:52', '0000-00-00 00:00:00', 1, 0),
(10, 'opd', 18, 31, 'B-20250500010', 'OPD00010', '2025-05-18', 4, '', '', '', '', 7, '400.00', '0.00', 0.00, '0.00', '', '0', 0, 'cash', 'paid', 'complete', '', 0, 1, '2025-05-18 13:30:12', '0000-00-00 00:00:00', 1, 0),
(11, 'opd', 19, 29, 'B-20250500011', 'OPD00011', '2025-05-18', 5, '', '', '', '', 7, '400.00', '0.00', 0.00, '0.00', '', '0', 0, 'cash', 'paid', 'complete', '', 0, 1, '2025-05-18 13:30:48', '0000-00-00 00:00:00', 1, 0),
(12, 'opd', 20, 32, 'B-20250500012', 'OPD00012', '2025-05-18', 6, '', '', '', '', 7, '400.00', '0.00', 0.00, '0.00', '', '0', 0, 'cash', 'paid', 'complete', '', 0, 1, '2025-05-18 13:31:28', '0000-00-00 00:00:00', 1, 0),
(13, 'opd', 21, 33, 'B-20250500013', 'OPD00013', '2025-05-18', 7, '', '', '', '', 7, '400.00', '0.00', 0.00, '0.00', '', '0', 0, 'cash', 'paid', 'complete', '', 0, 1, '2025-05-18 23:05:15', '0000-00-00 00:00:00', 1, 0),
(14, 'opd', 49, 57, 'B-20250700014', 'OPD00014', '2025-07-02', 1, '', '', '', '', 7, '400.00', '0.00', 0.00, '0.00', '', '0', 54, 'cash', 'paid', 'complete', '', 0, 1, '2025-07-02 11:45:43', '0000-00-00 00:00:00', 1, 0);

-- --------------------------------------------------------

--
-- Table structure for table `operations`
--

CREATE TABLE `operations` (
  `id` int(11) NOT NULL,
  `module_id` int(11) NOT NULL,
  `operation_name` varchar(50) NOT NULL,
  `operation_slug` varchar(50) NOT NULL,
  `is_view_vissible` tinyint(1) DEFAULT 0,
  `is_add_vissible` tinyint(1) DEFAULT 0,
  `is_edit_vissible` tinyint(1) DEFAULT 0,
  `is_delete_vissible` tinyint(1) DEFAULT 0,
  `status` tinyint(1) NOT NULL,
  `created_at` datetime NOT NULL,
  `modified_at` datetime NOT NULL,
  `created_by` int(11) NOT NULL,
  `modified_by` int(11) NOT NULL
) ENGINE=InnoDB DEFAULT CHARSET=utf8 COLLATE=utf8_unicode_ci;



-- --------------------------------------------------------

--
-- Table structure for table `package_items`
--

CREATE TABLE `package_items` (
  `id` int(11) NOT NULL,
  `package_id` int(11) DEFAULT NULL,
  `name` varchar(150) DEFAULT NULL,
  `price` decimal(10,2) DEFAULT NULL,
  `commission` decimal(10,2) DEFAULT NULL,
  `code` varchar(30) DEFAULT NULL,
  `charge_id` int(11) DEFAULT NULL,
  `parent_id` int(11) DEFAULT 0,
  `sort_by` int(11) NOT NULL DEFAULT 0,
  `status` tinyint(1) NOT NULL,
  `created_at` datetime NOT NULL,
  `modified_at` datetime NOT NULL,
  `created_by` int(11) NOT NULL,
  `modified_by` int(11) NOT NULL
) ENGINE=InnoDB DEFAULT CHARSET=utf8 COLLATE=utf8_general_ci;

-- --------------------------------------------------------

--
-- Table structure for table `pages`
--

CREATE TABLE `pages` (
  `id` int(11) NOT NULL,
  `page_type` varchar(15) DEFAULT '''manual''',
  `title` varchar(200) DEFAULT NULL,
  `bn_title` varchar(200) DEFAULT NULL,
  `description` longtext DEFAULT NULL,
  `bn_description` longtext DEFAULT NULL,
  `image` varchar(100) DEFAULT NULL,
  `image_full_width` int(11) NOT NULL DEFAULT 0,
  `image_view` int(11) NOT NULL DEFAULT 0,
  `attachment` varchar(100) DEFAULT NULL,
  `is_view_pdf` int(11) NOT NULL DEFAULT 0,
  `sidebar` int(11) NOT NULL DEFAULT 0,
  `meta_title` varchar(200) DEFAULT NULL,
  `meta_keyword` text DEFAULT NULL,
  `meta_description` text DEFAULT NULL,
  `status` tinyint(1) NOT NULL,
  `created_at` datetime NOT NULL,
  `modified_at` datetime NOT NULL,
  `created_by` int(11) NOT NULL,
  `modified_by` int(11) NOT NULL
) ENGINE=InnoDB DEFAULT CHARSET=utf8 COLLATE=utf8_general_ci;

-- --------------------------------------------------------

--
-- Table structure for table `patients`
--

CREATE TABLE `patients` (
  `id` mediumint(8) UNSIGNED NOT NULL,
  `user_id` mediumint(8) UNSIGNED DEFAULT NULL,
  `patient_unique_id` int(11) NOT NULL,
  `name` varchar(100) DEFAULT NULL,
  `bn_name` varchar(100) DEFAULT NULL,
  `admission_date` timestamp NULL DEFAULT NULL,
  `phone` varchar(50) NOT NULL,
  `email` varchar(100) DEFAULT NULL,
  `dob` date DEFAULT NULL,
  `month` varchar(30) DEFAULT NULL,
  `age` varchar(10) DEFAULT NULL,
  `gender` varchar(50) DEFAULT NULL,
  `religion` varchar(50) DEFAULT NULL,
  `blood_group` varchar(50) DEFAULT NULL,
  `marital_status` varchar(50) DEFAULT NULL,
  `national_id` varchar(65) DEFAULT NULL,
  `address` text DEFAULT NULL,
  `photo` varchar(100) DEFAULT NULL,
  `guardian_name` varchar(100) DEFAULT NULL,
  `guardian_phone` varchar(50) DEFAULT NULL,
  `guardian_address` text DEFAULT NULL,
  `guardian_email` varchar(65) DEFAULT NULL,
  `discharged` int(11) DEFAULT NULL,
  `patient_type` int(11) DEFAULT NULL,
  `credit_limit` int(11) DEFAULT NULL,
  `old_patient` int(11) DEFAULT NULL,
  `is_opd` int(11) DEFAULT NULL,
  `is_ipd` int(11) DEFAULT NULL,
  `note` text DEFAULT NULL,
  `profession` varchar(50) DEFAULT NULL,
  `card_issue_date` date DEFAULT NULL,
  `issue_by` int(11) DEFAULT NULL,
  `card_remark` text DEFAULT NULL,
  `status` int(11) NOT NULL,
  `created_at` datetime NOT NULL,
  `modified_at` datetime NOT NULL,
  `created_by` int(11) NOT NULL DEFAULT 0,
  `modified_by` int(11) NOT NULL DEFAULT 0
) ENGINE=InnoDB DEFAULT CHARSET=utf8 COLLATE=utf8_general_ci;

--
-- Dumping data for table `patients`
--

INSERT INTO `patients` (`id`, `user_id`, `patient_unique_id`, `name`, `bn_name`, `admission_date`, `phone`, `email`, `dob`, `month`, `age`, `gender`, `religion`, `blood_group`, `marital_status`, `national_id`, `address`, `photo`, `guardian_name`, `guardian_phone`, `guardian_address`, `guardian_email`, `discharged`, `patient_type`, `credit_limit`, `old_patient`, `is_opd`, `is_ipd`, `note`, `profession`, `card_issue_date`, `issue_by`, `card_remark`, `status`, `created_at`, `modified_at`, `created_by`, `modified_by`) VALUES
(1, 8, 100001, 'Ruhina', NULL, NULL, '01751199433', NULL, '2001-03-28', NULL, '24', 'female', NULL, NULL, NULL, NULL, 'Satkhira', NULL, NULL, NULL, NULL, NULL, 0, NULL, NULL, 0, NULL, NULL, NULL, NULL, NULL, NULL, NULL, 1, '2025-03-28 16:01:06', '0000-00-00 00:00:00', 1, 0),
(2, 9, 100002, 'Arafat', NULL, NULL, '01751199433', NULL, '1993-04-06', NULL, '32', 'male', NULL, NULL, NULL, NULL, '', NULL, NULL, NULL, NULL, NULL, 0, NULL, NULL, 0, NULL, NULL, NULL, NULL, NULL, NULL, NULL, 1, '2025-04-06 06:45:57', '0000-00-00 00:00:00', 1, 0),
(3, 10, 100003, 'fhff', NULL, NULL, '0123', NULL, '2013-04-19', NULL, '12', 'male', NULL, NULL, NULL, NULL, '', NULL, '', NULL, NULL, NULL, NULL, NULL, NULL, NULL, NULL, NULL, NULL, NULL, NULL, NULL, NULL, 0, '0000-00-00 00:00:00', '0000-00-00 00:00:00', 0, 0),
(4, 11, 100004, 'fdffhj', NULL, NULL, '01877668899', NULL, '2002-04-19', NULL, '23', 'male', NULL, NULL, NULL, NULL, '', NULL, '', NULL, NULL, NULL, NULL, NULL, NULL, NULL, NULL, NULL, NULL, NULL, NULL, NULL, NULL, 0, '0000-00-00 00:00:00', '0000-00-00 00:00:00', 0, 0),
(5, 12, 100005, 'sudfhd', NULL, NULL, '3456', NULL, '1959-04-19', NULL, '66', 'female', NULL, NULL, NULL, NULL, '', NULL, NULL, NULL, NULL, NULL, 0, NULL, NULL, NULL, NULL, NULL, '', NULL, NULL, NULL, NULL, 1, '2025-04-19 12:09:58', '0000-00-00 00:00:00', 1, 0),
(6, 13, 100006, 'gjd', NULL, NULL, '01765787878', NULL, '2013-04-19', NULL, '12', 'male', NULL, NULL, NULL, NULL, '', NULL, NULL, NULL, NULL, NULL, 0, NULL, NULL, NULL, NULL, NULL, '', NULL, NULL, NULL, NULL, 1, '2025-04-19 12:16:25', '0000-00-00 00:00:00', 1, 0),
(7, 14, 100007, 'ofjv', NULL, NULL, '01766554433', NULL, '2002-04-19', NULL, '23', 'male', NULL, NULL, NULL, NULL, '', NULL, NULL, NULL, NULL, NULL, 0, NULL, NULL, NULL, NULL, NULL, NULL, NULL, NULL, NULL, NULL, 1, '2025-04-19 15:48:18', '0000-00-00 00:00:00', 1, 0),
(8, 15, 100008, 'ss', NULL, NULL, '01678009988', NULL, '2013-04-19', NULL, '12', 'male', NULL, NULL, NULL, NULL, '', NULL, NULL, NULL, NULL, NULL, 0, NULL, NULL, NULL, NULL, NULL, NULL, NULL, NULL, NULL, NULL, 1, '2025-04-19 15:53:21', '0000-00-00 00:00:00', 1, 0),
(9, 16, 100009, 'aa', '', NULL, '123', '', '2025-04-19', NULL, '0', 'male', 'islam', 'Select', 'Select', '', '', NULL, '', NULL, NULL, NULL, NULL, NULL, NULL, NULL, NULL, NULL, '', NULL, NULL, NULL, NULL, 1, '2025-04-19 16:15:03', '0000-00-00 00:00:00', 1, 0),
(10, 17, 100010, 'sdfhih', NULL, NULL, '01751199433', NULL, '1991-04-27', NULL, '34', 'male', NULL, NULL, NULL, NULL, '', NULL, NULL, NULL, NULL, NULL, 0, NULL, NULL, NULL, NULL, NULL, '', NULL, NULL, NULL, NULL, 1, '2025-04-27 15:28:55', '0000-00-00 00:00:00', 1, 0),
(11, 18, 100011, 'sedrftg', NULL, NULL, '01744556677', NULL, '2025-04-27', NULL, '0', 'male', NULL, NULL, NULL, NULL, '', NULL, '', NULL, NULL, NULL, NULL, NULL, NULL, NULL, NULL, NULL, NULL, NULL, NULL, NULL, NULL, 0, '0000-00-00 00:00:00', '0000-00-00 00:00:00', 0, 0),
(12, 19, 100012, 'fff', NULL, NULL, '01766778899', NULL, '2021-04-27', NULL, '4', 'male', NULL, NULL, NULL, NULL, '', NULL, NULL, NULL, NULL, NULL, 0, NULL, NULL, NULL, NULL, NULL, NULL, NULL, NULL, NULL, NULL, 1, '2025-04-27 15:54:53', '0000-00-00 00:00:00', 1, 0),
(13, 20, 100013, 'demo', NULL, NULL, '12345123457', NULL, '2003-04-27', NULL, '22', 'male', NULL, NULL, NULL, NULL, '', NULL, NULL, NULL, NULL, NULL, 0, NULL, NULL, NULL, NULL, NULL, '', NULL, NULL, NULL, NULL, 1, '2025-04-27 15:57:31', '0000-00-00 00:00:00', 1, 0),
(14, 23, 100014, 'cvdfn', NULL, NULL, '234', NULL, '1992-05-03', NULL, '33', 'male', NULL, NULL, NULL, NULL, '', NULL, NULL, NULL, NULL, NULL, NULL, NULL, NULL, NULL, NULL, NULL, '', NULL, NULL, NULL, NULL, 1, '2025-05-03 15:23:17', '0000-00-00 00:00:00', 22, 0),
(15, 24, 100015, 'fff', NULL, NULL, '456', NULL, '2020-05-12', NULL, '5', 'male', NULL, NULL, NULL, NULL, '', NULL, NULL, NULL, NULL, NULL, 0, NULL, NULL, 0, NULL, NULL, NULL, NULL, NULL, NULL, NULL, 1, '2025-05-12 19:05:51', '0000-00-00 00:00:00', 1, 0),
(16, 25, 100016, 'fnoher', NULL, NULL, '01678119977', NULL, '2025-05-17', NULL, '0', 'male', NULL, NULL, NULL, NULL, '', NULL, NULL, NULL, NULL, NULL, 0, NULL, NULL, 0, NULL, NULL, NULL, NULL, NULL, NULL, NULL, 1, '2025-05-17 20:16:04', '0000-00-00 00:00:00', 1, 0),
(17, 26, 100017, 'demc', '', NULL, '01678119977', '', '2025-05-17', NULL, '0', 'male', 'islam', 'Select', 'Select', '', 'stk', NULL, '', NULL, NULL, NULL, 0, NULL, NULL, 0, NULL, NULL, '', NULL, NULL, NULL, NULL, 1, '2025-05-17 20:17:47', '2025-05-17 20:23:41', 1, 1),
(18, 27, 100018, 'demcb', NULL, NULL, '01678119977', NULL, '2025-05-17', NULL, '0', 'male', NULL, NULL, NULL, NULL, '', NULL, NULL, NULL, NULL, NULL, 0, NULL, NULL, NULL, NULL, NULL, NULL, NULL, NULL, NULL, NULL, 1, '2025-05-17 20:18:35', '0000-00-00 00:00:00', 1, 0),
(19, 28, 100019, 'demcn', NULL, NULL, '01678119977', NULL, '2025-05-17', NULL, '0', 'male', NULL, NULL, NULL, NULL, '', NULL, NULL, NULL, NULL, NULL, 0, NULL, NULL, 0, NULL, NULL, NULL, NULL, NULL, NULL, NULL, 1, '2025-05-17 20:20:16', '0000-00-00 00:00:00', 1, 0),
(20, 29, 100020, 'demc', NULL, NULL, '01678119970', NULL, '2025-05-18', NULL, '0', 'male', NULL, NULL, NULL, NULL, '', NULL, NULL, NULL, NULL, NULL, 0, NULL, NULL, 0, NULL, NULL, NULL, NULL, NULL, NULL, NULL, 1, '2025-05-18 12:40:09', '0000-00-00 00:00:00', 1, 0),
(21, 30, 100021, 'demo', NULL, NULL, '01736009988', NULL, '2025-05-18', NULL, '0', 'male', NULL, NULL, NULL, NULL, '', NULL, NULL, NULL, NULL, NULL, 0, NULL, NULL, 0, NULL, NULL, NULL, NULL, NULL, NULL, NULL, 1, '2025-05-18 12:58:48', '0000-00-00 00:00:00', 1, 0),
(22, 31, 100022, 'demc', NULL, NULL, '84834111111', NULL, '2025-05-18', NULL, '0', 'male', NULL, NULL, NULL, NULL, '', NULL, NULL, NULL, NULL, NULL, 0, NULL, NULL, 0, NULL, NULL, NULL, NULL, NULL, NULL, NULL, 1, '2025-05-18 13:30:08', '0000-00-00 00:00:00', 1, 0),
(23, 32, 100023, 'demcnn', NULL, NULL, '01678119970', NULL, '2003-05-18', NULL, '22', 'male', NULL, NULL, NULL, NULL, '', NULL, NULL, NULL, NULL, NULL, 0, NULL, NULL, 0, NULL, NULL, NULL, NULL, NULL, NULL, NULL, 1, '2025-05-18 13:31:24', '0000-00-00 00:00:00', 1, 0),
(24, 33, 100024, 'demcnm', NULL, NULL, '01678119970', NULL, '1992-05-18', NULL, '33', 'male', NULL, NULL, NULL, NULL, 'Vashani road', NULL, NULL, NULL, NULL, NULL, 0, NULL, NULL, 0, NULL, NULL, NULL, NULL, NULL, NULL, NULL, 1, '2025-05-18 23:05:10', '0000-00-00 00:00:00', 1, 0),
(25, 34, 100025, 'fhdv', NULL, NULL, '01678119977', NULL, '1992-05-18', NULL, '33', 'male', NULL, NULL, NULL, NULL, '', NULL, NULL, NULL, NULL, NULL, 0, NULL, NULL, NULL, NULL, NULL, NULL, NULL, NULL, NULL, NULL, 1, '2025-05-18 23:16:22', '0000-00-00 00:00:00', 1, 0),
(26, 35, 100026, 'cvbv', NULL, NULL, '01678119977', NULL, '2002-05-18', NULL, '23', 'male', NULL, NULL, NULL, NULL, '', NULL, NULL, NULL, NULL, NULL, 0, NULL, NULL, NULL, NULL, NULL, NULL, NULL, NULL, NULL, NULL, 1, '2025-05-18 23:16:48', '0000-00-00 00:00:00', 1, 0),
(27, 36, 100027, 'vneoe', NULL, NULL, '01678119977', NULL, '1982-05-18', NULL, '43', 'male', NULL, NULL, NULL, NULL, '', NULL, NULL, NULL, NULL, NULL, 0, NULL, NULL, NULL, NULL, NULL, NULL, NULL, NULL, NULL, NULL, 1, '2025-05-18 23:17:19', '0000-00-00 00:00:00', 1, 0),
(28, 37, 100028, 'hbve', NULL, NULL, '01678119977', NULL, '1993-05-18', NULL, '32', 'male', NULL, NULL, NULL, NULL, '', NULL, NULL, NULL, NULL, NULL, 0, NULL, NULL, NULL, NULL, NULL, NULL, NULL, NULL, NULL, NULL, 1, '2025-05-18 23:17:49', '0000-00-00 00:00:00', 1, 0),
(29, 38, 100029, 'ruvhn', NULL, NULL, '01678119977', NULL, '2021-05-18', NULL, '4', 'male', NULL, NULL, NULL, NULL, '', NULL, NULL, NULL, NULL, NULL, 0, NULL, NULL, NULL, NULL, NULL, NULL, NULL, NULL, NULL, NULL, 1, '2025-05-18 23:18:19', '0000-00-00 00:00:00', 1, 0),
(30, 39, 100030, 'fh', NULL, NULL, '01678119977', NULL, '1993-05-18', NULL, '32', 'male', NULL, NULL, NULL, NULL, '', NULL, NULL, NULL, NULL, NULL, 0, NULL, NULL, NULL, NULL, NULL, NULL, NULL, NULL, NULL, NULL, 1, '2025-05-18 23:18:51', '0000-00-00 00:00:00', 1, 0),
(31, 40, 100031, 'tvid', NULL, NULL, '01678119977', NULL, '1978-05-18', NULL, '47', 'male', NULL, NULL, NULL, NULL, '', NULL, NULL, NULL, NULL, NULL, 0, NULL, NULL, NULL, NULL, NULL, NULL, NULL, NULL, NULL, NULL, 1, '2025-05-18 23:19:17', '0000-00-00 00:00:00', 1, 0),
(32, 41, 100032, 'vbcm', NULL, NULL, '01678119977', NULL, '1939-05-18', NULL, '86', 'male', NULL, NULL, NULL, NULL, '', NULL, NULL, NULL, NULL, NULL, 0, NULL, NULL, NULL, NULL, NULL, NULL, NULL, NULL, NULL, NULL, 1, '2025-05-18 23:19:49', '0000-00-00 00:00:00', 1, 0),
(33, 42, 100033, 'fvh', NULL, NULL, '01678119977', NULL, '1961-05-18', NULL, '64', 'male', NULL, NULL, NULL, NULL, '', NULL, NULL, NULL, NULL, NULL, 0, NULL, NULL, NULL, NULL, NULL, NULL, NULL, NULL, NULL, NULL, 1, '2025-05-18 23:20:13', '0000-00-00 00:00:00', 1, 0),
(34, 43, 100034, 'Asif', NULL, NULL, '01678119977', NULL, '1992-05-18', NULL, '33', 'male', NULL, NULL, NULL, NULL, '', NULL, NULL, NULL, NULL, NULL, 0, NULL, NULL, NULL, NULL, NULL, NULL, NULL, NULL, NULL, NULL, 1, '2025-05-18 23:20:47', '0000-00-00 00:00:00', 1, 0),
(35, 44, 100035, 'Rahim', NULL, NULL, '01678119977', NULL, '1991-05-18', NULL, '34', 'male', NULL, NULL, NULL, NULL, '', NULL, NULL, NULL, NULL, NULL, 0, NULL, NULL, NULL, NULL, NULL, NULL, NULL, NULL, NULL, NULL, 1, '2025-05-18 23:21:14', '0000-00-00 00:00:00', 1, 0),
(36, 45, 100036, 'Asad', NULL, NULL, '01678119977', NULL, '2013-05-18', NULL, '12', 'male', NULL, NULL, NULL, NULL, '', NULL, NULL, NULL, NULL, NULL, 0, NULL, NULL, NULL, NULL, NULL, NULL, NULL, NULL, NULL, NULL, 1, '2025-05-18 23:21:45', '0000-00-00 00:00:00', 1, 0),
(37, 46, 100037, 'Fahim', NULL, NULL, '01678119977', NULL, '2001-05-18', NULL, '24', 'male', NULL, NULL, NULL, NULL, '', NULL, NULL, NULL, NULL, NULL, 0, NULL, NULL, NULL, NULL, NULL, NULL, NULL, NULL, NULL, NULL, 1, '2025-05-18 23:22:21', '0000-00-00 00:00:00', 1, 0),
(38, 47, 100038, 'Riaz', NULL, NULL, '01678119977', NULL, '1969-05-18', NULL, '56', 'male', NULL, NULL, NULL, NULL, '', NULL, NULL, NULL, NULL, NULL, 0, NULL, NULL, NULL, NULL, NULL, NULL, NULL, NULL, NULL, NULL, 1, '2025-05-18 23:22:50', '0000-00-00 00:00:00', 1, 0),
(39, 48, 100039, 'Sakib', NULL, NULL, '01678119977', NULL, '1991-05-18', NULL, '34', 'male', NULL, NULL, NULL, NULL, '', NULL, NULL, NULL, NULL, NULL, 0, NULL, NULL, NULL, NULL, NULL, NULL, NULL, NULL, NULL, NULL, 1, '2025-05-18 23:23:40', '0000-00-00 00:00:00', 1, 0),
(40, 49, 100040, 'Sazid', NULL, NULL, '01678119977', NULL, '2013-05-18', NULL, '12', 'male', NULL, NULL, NULL, NULL, '', NULL, NULL, NULL, NULL, NULL, 0, NULL, NULL, NULL, NULL, NULL, NULL, NULL, NULL, NULL, NULL, 1, '2025-05-18 23:24:11', '0000-00-00 00:00:00', 1, 0),
(41, 50, 100041, 'Mazid', NULL, NULL, '01678119977', NULL, '1980-05-18', NULL, '45', 'male', NULL, NULL, NULL, NULL, '', NULL, NULL, NULL, NULL, NULL, 0, NULL, NULL, NULL, NULL, NULL, NULL, NULL, NULL, NULL, NULL, 1, '2025-05-18 23:24:33', '0000-00-00 00:00:00', 1, 0),
(42, 51, 100042, 'Maruf', NULL, NULL, '01678119977', NULL, '2002-05-18', NULL, '23', 'male', NULL, NULL, NULL, NULL, '', NULL, NULL, NULL, NULL, NULL, 0, NULL, NULL, NULL, NULL, NULL, NULL, NULL, NULL, NULL, NULL, 1, '2025-05-18 23:25:02', '0000-00-00 00:00:00', 1, 0),
(43, 52, 100043, 'Nahid', NULL, NULL, '01678119977', NULL, '1991-05-18', NULL, '34', 'male', NULL, NULL, NULL, NULL, '', NULL, NULL, NULL, NULL, NULL, 0, NULL, NULL, NULL, NULL, NULL, NULL, NULL, NULL, NULL, NULL, 1, '2025-05-18 23:25:55', '0000-00-00 00:00:00', 1, 0),
(44, 53, 100044, 'Tarek', NULL, NULL, '01678119977', NULL, '1992-05-18', NULL, '33', 'male', NULL, NULL, NULL, NULL, '', NULL, NULL, NULL, NULL, NULL, 0, NULL, NULL, NULL, NULL, NULL, NULL, NULL, NULL, NULL, NULL, 1, '2025-05-18 23:31:49', '0000-00-00 00:00:00', 1, 0),
(45, 55, 100045, 'asad', NULL, NULL, '12345671234', NULL, '2025-05-25', NULL, '0', 'male', NULL, NULL, NULL, NULL, '', NULL, NULL, NULL, NULL, NULL, 0, NULL, NULL, NULL, NULL, NULL, '', NULL, NULL, NULL, NULL, 1, '2025-05-31 12:39:21', '0000-00-00 00:00:00', 1, 0),
(46, 57, 100046, 'ssss', NULL, NULL, '01876980787', NULL, '1980-07-02', NULL, '45', 'male', NULL, NULL, NULL, NULL, '', NULL, NULL, NULL, NULL, NULL, 0, NULL, NULL, 0, NULL, NULL, NULL, NULL, NULL, NULL, NULL, 1, '2025-07-02 11:45:38', '0000-00-00 00:00:00', 1, 0);

-- --------------------------------------------------------

--
-- Table structure for table `payments`
--

CREATE TABLE `payments` (
  `id` int(11) NOT NULL,
  `custom_invoice_id` varchar(50) NOT NULL,
  `patient_id` int(11) DEFAULT NULL,
  `invoice_id` int(11) DEFAULT NULL,
  `payment_id` int(11) DEFAULT NULL,
  `invoice_type` varchar(50) NOT NULL COMMENT 'income,invoice,investigation',
  `commission_user_id` int(11) DEFAULT NULL,
  `commission_amount` decimal(10,2) UNSIGNED NOT NULL DEFAULT 0.00,
  `payable_amount` decimal(10,2) UNSIGNED NOT NULL,
  `due_amount` decimal(10,2) UNSIGNED NOT NULL,
  `paid_status` varchar(20) NOT NULL DEFAULT 'paid' COMMENT 'paid or unpaid',
  `payment_status` enum('complete','rejected','canceled') NOT NULL DEFAULT 'complete',
  `date` datetime DEFAULT NULL,
  `note` text DEFAULT NULL,
  `payment_delivery` tinyint(1) NOT NULL DEFAULT 0 COMMENT '0 = No, 1 = Yes',
  `delivery_date` date DEFAULT NULL,
  `delivery_remark` text DEFAULT NULL,
  `status` tinyint(1) NOT NULL,
  `created_at` datetime NOT NULL,
  `modified_at` datetime NOT NULL,
  `created_by` int(11) NOT NULL,
  `modified_by` int(11) NOT NULL
) ENGINE=InnoDB DEFAULT CHARSET=utf8 COLLATE=utf8_general_ci;

--
-- Dumping data for table `payments`
--

INSERT INTO `payments` (`id`, `custom_invoice_id`, `patient_id`, `invoice_id`, `payment_id`, `invoice_type`, `commission_user_id`, `commission_amount`, `payable_amount`, `due_amount`, `paid_status`, `payment_status`, `date`, `note`, `payment_delivery`, `delivery_date`, `delivery_remark`, `status`, `created_at`, `modified_at`, `created_by`, `modified_by`) VALUES
(1, 'PINV-2025070200001', 57, 37, NULL, 'investigation', 54, '540.00', '300.00', '0.00', 'paid', 'complete', '2025-07-02 18:25:00', '', 0, NULL, NULL, 1, '2025-07-02 18:25:52', '0000-00-00 00:00:00', 1, 0);

-- --------------------------------------------------------

--
-- Table structure for table `payment_details`
--

CREATE TABLE `payment_details` (
  `id` int(11) NOT NULL,
  `invoice_id` int(11) NOT NULL,
  `payment_id` int(11) NOT NULL,
  `amount` decimal(10,2) NOT NULL,
  `payment_date` datetime DEFAULT NULL,
  `note` text DEFAULT NULL,
  `status` tinyint(1) NOT NULL,
  `created_at` datetime NOT NULL,
  `modified_at` datetime NOT NULL,
  `created_by` int(11) NOT NULL,
  `modified_by` int(11) NOT NULL
) ENGINE=InnoDB DEFAULT CHARSET=utf8 COLLATE=utf8_general_ci;

--
-- Dumping data for table `payment_details`
--

INSERT INTO `payment_details` (`id`, `invoice_id`, `payment_id`, `amount`, `payment_date`, `note`, `status`, `created_at`, `modified_at`, `created_by`, `modified_by`) VALUES
(1, 37, 1, '300.00', '2025-07-02 18:25:00', '', 1, '2025-07-02 18:25:52', '0000-00-00 00:00:00', 1, 0);

-- --------------------------------------------------------

--
-- Table structure for table `payment_invoices`
--

CREATE TABLE `payment_invoices` (
  `id` int(11) NOT NULL,
  `custom_invoice_id` varchar(50) NOT NULL,
  `invoice_type` varchar(50) NOT NULL DEFAULT 'investigation' COMMENT 'opd,ipd,investigation',
  `commission_id` int(11) DEFAULT NULL,
  `date` datetime NOT NULL,
  `total_commission_amount` decimal(10,2) UNSIGNED NOT NULL DEFAULT 0.00,
  `total_payable_commission` decimal(10,2) UNSIGNED NOT NULL DEFAULT 0.00,
  `paid_status` varchar(20) NOT NULL DEFAULT 'paid' COMMENT 'paid or unpaid',
  `payment_status` enum('complete','rejected','canceled') NOT NULL DEFAULT 'complete',
  `note` text DEFAULT NULL,
  `status` tinyint(1) NOT NULL,
  `created_at` datetime NOT NULL,
  `modified_at` datetime NOT NULL,
  `created_by` int(11) NOT NULL,
  `modified_by` int(11) NOT NULL
) ENGINE=InnoDB DEFAULT CHARSET=utf8 COLLATE=utf8_general_ci;

-- --------------------------------------------------------

--
-- Table structure for table `permissions`
--

CREATE TABLE `permissions` (
  `id` int(11) NOT NULL,
  `role_id` int(11) NOT NULL,
  `user_id` int(11) NOT NULL,
  `permission_type` varchar(50) DEFAULT NULL,
  `permissions_status` tinyint(3) UNSIGNED NOT NULL DEFAULT 0 COMMENT '0 = Inactive, 1 = Active',
  `note` text DEFAULT NULL,
  `status` tinyint(1) NOT NULL,
  `created_at` datetime NOT NULL,
  `modified_at` datetime NOT NULL,
  `created_by` int(11) NOT NULL,
  `modified_by` int(11) NOT NULL
) ENGINE=InnoDB DEFAULT CHARSET=utf8 COLLATE=utf8_general_ci;

--
-- Dumping data for table `permissions`
--

INSERT INTO `permissions` (`id`, `role_id`, `user_id`, `permission_type`, `permissions_status`, `note`, `status`, `created_at`, `modified_at`, `created_by`, `modified_by`) VALUES
(11, 9, 264, 'discount', 1, '', 0, '2024-06-11 15:31:55', '0000-00-00 00:00:00', 1, 0),
(12, 9, 1004, 'discount', 1, '', 0, '2024-06-26 10:56:25', '2024-07-06 09:12:52', 1, 211),
(13, 5, 264, 'discount', 1, '', 0, '2024-07-01 11:27:03', '0000-00-00 00:00:00', 1, 0),
(14, 9, 272, 'add_reference', 1, '', 0, '2024-07-08 00:39:38', '0000-00-00 00:00:00', 1, 0),
(15, 10, 269, 'admitted', 1, '', 0, '2024-07-09 08:50:40', '0000-00-00 00:00:00', 1, 0),
(16, 2, 211, 'discount', 1, '', 0, '2024-07-11 14:49:08', '0000-00-00 00:00:00', 211, 0),
(17, 2, 211, 'second_less', 1, '', 0, '2024-07-13 12:08:31', '0000-00-00 00:00:00', 211, 0),
(18, 1, 1, 'second_less', 1, '', 0, '2024-07-13 12:26:23', '0000-00-00 00:00:00', 1, 0),
(19, 9, 2511, 'discount', 1, '', 0, '2024-08-20 13:36:42', '0000-00-00 00:00:00', 211, 0),
(20, 9, 1656, 'discount', 1, '', 0, '2024-08-22 12:05:16', '0000-00-00 00:00:00', 211, 0),
(21, 2, 211, 'payment_collection', 1, '', 0, '2024-08-27 14:16:08', '0000-00-00 00:00:00', 1, 0),
(22, 2, 210, 'payment_collection', 1, '', 0, '2024-08-27 14:16:29', '0000-00-00 00:00:00', 1, 0),
(23, 2, 211, 'add_marketing', 1, '', 0, '2024-10-03 11:39:33', '0000-00-00 00:00:00', 1, 0),
(24, 2, 210, 'add_marketing', 1, '', 0, '2024-10-03 11:39:49', '0000-00-00 00:00:00', 1, 0),
(25, 14, 291, 'appointment_edit', 1, '', 0, '2024-11-04 11:31:20', '0000-00-00 00:00:00', 211, 0),
(26, 5, 264, 'appointment_edit', 1, '', 0, '2024-11-14 12:32:07', '0000-00-00 00:00:00', 211, 0);

-- --------------------------------------------------------

--
-- Table structure for table `photos`
--

CREATE TABLE `photos` (
  `id` int(11) NOT NULL,
  `gallery_id` int(11) DEFAULT NULL,
  `title` varchar(100) DEFAULT NULL,
  `bn_title` varchar(150) DEFAULT NULL,
  `description` text DEFAULT NULL,
  `bn_description` text DEFAULT NULL,
  `image` varchar(100) DEFAULT NULL,
  `sort_by` smallint(6) NOT NULL DEFAULT 0,
  `is_view_on_web` tinyint(1) NOT NULL DEFAULT 0,
  `remark` text DEFAULT NULL,
  `status` tinyint(1) NOT NULL DEFAULT 1,
  `created_at` datetime DEFAULT NULL,
  `modified_at` datetime DEFAULT NULL,
  `created_by` int(11) DEFAULT NULL,
  `modified_by` int(11) DEFAULT NULL
) ENGINE=MyISAM DEFAULT CHARSET=utf8 COLLATE=utf8_general_ci;

-- --------------------------------------------------------

--
-- Table structure for table `privileges`
--

CREATE TABLE `privileges` (
  `id` int(11) NOT NULL,
  `role_id` int(11) NOT NULL,
  `operation_id` int(11) NOT NULL,
  `is_add` tinyint(1) NOT NULL,
  `is_edit` tinyint(1) NOT NULL,
  `is_view` tinyint(1) NOT NULL,
  `is_delete` tinyint(1) NOT NULL,
  `status` tinyint(1) NOT NULL,
  `created_at` datetime NOT NULL,
  `modified_at` datetime NOT NULL,
  `created_by` int(11) NOT NULL,
  `modified_by` int(11) NOT NULL
) ENGINE=InnoDB DEFAULT CHARSET=utf8 COLLATE=utf8_general_ci;

--
-- Dumping data for table `privileges`
--

INSERT INTO `privileges` (`id`, `role_id`, `operation_id`, `is_add`, `is_edit`, `is_view`, `is_delete`, `status`, `created_at`, `modified_at`, `created_by`, `modified_by`) VALUES
(1, 1, 1, 1, 1, 1, 0, 1, '2025-04-28 16:03:30', '0000-00-00 00:00:00', 1, 0),
(2, 1, 2, 1, 1, 1, 1, 1, '2025-04-28 16:03:30', '0000-00-00 00:00:00', 1, 0),
(3, 1, 3, 1, 1, 1, 1, 1, '2025-04-28 16:03:30', '0000-00-00 00:00:00', 1, 0),
(4, 1, 4, 1, 1, 1, 1, 1, '2025-04-28 16:03:30', '0000-00-00 00:00:00', 1, 0),
(5, 1, 5, 1, 1, 1, 1, 1, '2025-04-28 16:03:30', '0000-00-00 00:00:00', 1, 0),
(6, 1, 6, 1, 1, 1, 1, 1, '2025-04-28 16:03:30', '0000-00-00 00:00:00', 1, 0),
(7, 1, 7, 1, 1, 1, 1, 1, '2025-04-28 16:03:30', '0000-00-00 00:00:00', 1, 0),
(8, 1, 8, 1, 1, 1, 1, 1, '2025-04-28 16:03:30', '0000-00-00 00:00:00', 1, 0),
(9, 1, 9, 1, 1, 1, 1, 1, '2025-04-28 16:03:30', '0000-00-00 00:00:00', 1, 0),
(10, 1, 10, 1, 1, 1, 1, 1, '2025-04-28 16:03:30', '0000-00-00 00:00:00', 1, 0),
(11, 1, 11, 1, 1, 1, 1, 1, '2025-04-28 16:03:30', '0000-00-00 00:00:00', 1, 0),
(12, 1, 12, 1, 1, 1, 1, 1, '2025-04-28 16:03:30', '0000-00-00 00:00:00', 1, 0),
(13, 1, 13, 1, 1, 1, 1, 1, '2025-04-28 16:03:30', '0000-00-00 00:00:00', 1, 0),
(14, 1, 14, 1, 1, 1, 1, 1, '2025-04-28 16:03:30', '0000-00-00 00:00:00', 1, 0),
(15, 1, 18, 1, 1, 1, 1, 1, '2025-04-28 16:03:30', '0000-00-00 00:00:00', 1, 0),
(16, 1, 19, 1, 1, 1, 1, 1, '2025-04-28 16:03:30', '0000-00-00 00:00:00', 1, 0),
(17, 1, 82, 1, 1, 1, 1, 1, '2025-04-28 16:03:30', '0000-00-00 00:00:00', 1, 0),
(18, 1, 83, 1, 1, 1, 1, 1, '2025-04-28 16:03:30', '0000-00-00 00:00:00', 1, 0),
(19, 1, 15, 1, 1, 1, 1, 1, '2025-04-28 16:03:30', '0000-00-00 00:00:00', 1, 0),
(20, 1, 16, 1, 1, 1, 1, 1, '2025-04-28 16:03:30', '0000-00-00 00:00:00', 1, 0),
(21, 1, 17, 1, 1, 1, 1, 1, '2025-04-28 16:03:30', '0000-00-00 00:00:00', 1, 0),
(22, 1, 111, 1, 1, 1, 1, 1, '2025-04-28 16:03:30', '0000-00-00 00:00:00', 1, 0),
(23, 1, 112, 1, 1, 1, 1, 1, '2025-04-28 16:03:30', '0000-00-00 00:00:00', 1, 0),
(24, 1, 113, 1, 1, 1, 1, 1, '2025-04-28 16:03:30', '0000-00-00 00:00:00', 1, 0),
(25, 1, 114, 1, 1, 1, 1, 1, '2025-04-28 16:03:30', '0000-00-00 00:00:00', 1, 0),
(26, 1, 115, 1, 1, 1, 1, 1, '2025-04-28 16:03:30', '0000-00-00 00:00:00', 1, 0),
(27, 1, 116, 1, 1, 1, 1, 1, '2025-04-28 16:03:30', '0000-00-00 00:00:00', 1, 0),
(28, 1, 117, 1, 1, 1, 1, 1, '2025-04-28 16:03:30', '0000-00-00 00:00:00', 1, 0),
(29, 1, 118, 1, 1, 1, 1, 1, '2025-04-28 16:03:30', '0000-00-00 00:00:00', 1, 0),
(30, 1, 20, 1, 1, 1, 1, 1, '2025-04-28 16:03:30', '0000-00-00 00:00:00', 1, 0),
(31, 1, 21, 1, 1, 1, 1, 1, '2025-04-28 16:03:30', '0000-00-00 00:00:00', 1, 0),
(32, 1, 22, 1, 1, 1, 1, 1, '2025-04-28 16:03:30', '0000-00-00 00:00:00', 1, 0),
(33, 1, 23, 1, 1, 1, 1, 1, '2025-04-28 16:03:30', '0000-00-00 00:00:00', 1, 0),
(34, 1, 24, 1, 1, 1, 1, 1, '2025-04-28 16:03:30', '0000-00-00 00:00:00', 1, 0),
(35, 1, 25, 1, 1, 1, 1, 1, '2025-04-28 16:03:30', '0000-00-00 00:00:00', 1, 0),
(36, 1, 43, 1, 1, 1, 1, 1, '2025-04-28 16:03:30', '0000-00-00 00:00:00', 1, 0),
(37, 1, 26, 1, 1, 1, 1, 1, '2025-04-28 16:03:30', '0000-00-00 00:00:00', 1, 0),
(38, 1, 27, 1, 1, 1, 1, 1, '2025-04-28 16:03:30', '0000-00-00 00:00:00', 1, 0),
(39, 1, 28, 1, 1, 1, 1, 1, '2025-04-28 16:03:30', '0000-00-00 00:00:00', 1, 0),
(40, 1, 29, 1, 1, 1, 1, 1, '2025-04-28 16:03:30', '0000-00-00 00:00:00', 1, 0),
(41, 1, 30, 1, 1, 1, 1, 1, '2025-04-28 16:03:30', '0000-00-00 00:00:00', 1, 0),
(42, 1, 31, 1, 1, 1, 1, 1, '2025-04-28 16:03:30', '0000-00-00 00:00:00', 1, 0),
(43, 1, 32, 1, 1, 1, 1, 1, '2025-04-28 16:03:30', '0000-00-00 00:00:00', 1, 0),
(44, 1, 33, 1, 1, 1, 1, 1, '2025-04-28 16:03:30', '0000-00-00 00:00:00', 1, 0),
(45, 1, 34, 1, 1, 1, 1, 1, '2025-04-28 16:03:30', '0000-00-00 00:00:00', 1, 0),
(46, 1, 126, 1, 1, 1, 0, 1, '2025-04-28 16:03:30', '0000-00-00 00:00:00', 1, 0),
(47, 1, 144, 1, 1, 1, 1, 1, '2025-04-28 16:03:30', '0000-00-00 00:00:00', 1, 0),
(48, 1, 35, 1, 1, 1, 1, 1, '2025-04-28 16:03:30', '0000-00-00 00:00:00', 1, 0),
(49, 1, 36, 1, 1, 1, 1, 1, '2025-04-28 16:03:30', '0000-00-00 00:00:00', 1, 0),
(50, 1, 37, 1, 1, 1, 1, 1, '2025-04-28 16:03:30', '0000-00-00 00:00:00', 1, 0),
(51, 1, 38, 1, 1, 1, 1, 1, '2025-04-28 16:03:30', '0000-00-00 00:00:00', 1, 0),
(52, 1, 39, 1, 1, 1, 1, 1, '2025-04-28 16:03:30', '0000-00-00 00:00:00', 1, 0),
(53, 1, 40, 1, 1, 1, 1, 1, '2025-04-28 16:03:30', '0000-00-00 00:00:00', 1, 0),
(54, 1, 41, 1, 1, 1, 1, 1, '2025-04-28 16:03:30', '0000-00-00 00:00:00', 1, 0),
(55, 1, 42, 1, 1, 1, 1, 1, '2025-04-28 16:03:30', '0000-00-00 00:00:00', 1, 0),
(56, 1, 67, 1, 1, 1, 1, 1, '2025-04-28 16:03:30', '0000-00-00 00:00:00', 1, 0),
(57, 1, 68, 1, 1, 1, 1, 1, '2025-04-28 16:03:30', '0000-00-00 00:00:00', 1, 0),
(58, 1, 69, 1, 1, 1, 1, 1, '2025-04-28 16:03:30', '0000-00-00 00:00:00', 1, 0),
(59, 1, 70, 1, 1, 1, 1, 1, '2025-04-28 16:03:30', '0000-00-00 00:00:00', 1, 0),
(60, 1, 71, 1, 1, 1, 1, 1, '2025-04-28 16:03:30', '0000-00-00 00:00:00', 1, 0),
(61, 1, 72, 1, 1, 1, 1, 1, '2025-04-28 16:03:30', '0000-00-00 00:00:00', 1, 0),
(62, 1, 73, 1, 1, 1, 1, 1, '2025-04-28 16:03:30', '0000-00-00 00:00:00', 1, 0),
(63, 1, 74, 1, 1, 1, 1, 1, '2025-04-28 16:03:30', '0000-00-00 00:00:00', 1, 0),
(64, 1, 75, 1, 1, 1, 1, 1, '2025-04-28 16:03:30', '0000-00-00 00:00:00', 1, 0),
(65, 1, 76, 1, 1, 1, 1, 1, '2025-04-28 16:03:30', '0000-00-00 00:00:00', 1, 0),
(66, 1, 77, 1, 1, 1, 1, 1, '2025-04-28 16:03:30', '0000-00-00 00:00:00', 1, 0),
(67, 1, 78, 1, 1, 1, 1, 1, '2025-04-28 16:03:30', '0000-00-00 00:00:00', 1, 0),
(68, 1, 79, 1, 1, 1, 1, 1, '2025-04-28 16:03:30', '0000-00-00 00:00:00', 1, 0),
(69, 1, 80, 1, 1, 1, 1, 1, '2025-04-28 16:03:30', '0000-00-00 00:00:00', 1, 0),
(70, 1, 81, 1, 1, 1, 1, 1, '2025-04-28 16:03:30', '0000-00-00 00:00:00', 1, 0),
(71, 1, 127, 1, 1, 1, 0, 1, '2025-04-28 16:03:30', '0000-00-00 00:00:00', 1, 0),
(72, 1, 128, 1, 1, 1, 0, 1, '2025-04-28 16:03:30', '0000-00-00 00:00:00', 1, 0),
(73, 1, 129, 1, 1, 1, 0, 1, '2025-04-28 16:03:30', '0000-00-00 00:00:00', 1, 0),
(74, 1, 143, 1, 1, 1, 1, 1, '2025-04-28 16:03:30', '0000-00-00 00:00:00', 1, 0),
(75, 1, 44, 1, 1, 1, 1, 1, '2025-04-28 16:03:30', '0000-00-00 00:00:00', 1, 0),
(76, 1, 130, 1, 1, 1, 0, 1, '2025-04-28 16:03:30', '0000-00-00 00:00:00', 1, 0),
(77, 1, 131, 1, 1, 1, 0, 1, '2025-04-28 16:03:30', '0000-00-00 00:00:00', 1, 0),
(78, 1, 45, 1, 1, 1, 1, 1, '2025-04-28 16:03:30', '0000-00-00 00:00:00', 1, 0),
(79, 1, 46, 1, 1, 1, 1, 1, '2025-04-28 16:03:30', '0000-00-00 00:00:00', 1, 0),
(80, 1, 47, 1, 1, 1, 1, 1, '2025-04-28 16:03:30', '0000-00-00 00:00:00', 1, 0),
(81, 1, 53, 1, 1, 1, 1, 1, '2025-04-28 16:03:30', '0000-00-00 00:00:00', 1, 0),
(82, 1, 65, 1, 1, 1, 1, 1, '2025-04-28 16:03:30', '0000-00-00 00:00:00', 1, 0),
(83, 1, 66, 1, 1, 1, 1, 1, '2025-04-28 16:03:30', '0000-00-00 00:00:00', 1, 0),
(84, 1, 48, 0, 0, 1, 0, 1, '2025-04-28 16:03:30', '0000-00-00 00:00:00', 1, 0),
(85, 1, 49, 0, 0, 1, 0, 1, '2025-04-28 16:03:30', '0000-00-00 00:00:00', 1, 0),
(86, 1, 50, 1, 0, 1, 0, 1, '2025-04-28 16:03:30', '0000-00-00 00:00:00', 1, 0),
(87, 1, 51, 0, 0, 1, 0, 1, '2025-04-28 16:03:30', '0000-00-00 00:00:00', 1, 0),
(88, 1, 52, 0, 0, 1, 0, 1, '2025-04-28 16:03:30', '0000-00-00 00:00:00', 1, 0),
(89, 1, 57, 0, 0, 1, 0, 1, '2025-04-28 16:03:30', '0000-00-00 00:00:00', 1, 0),
(90, 1, 84, 1, 0, 1, 0, 1, '2025-04-28 16:03:30', '0000-00-00 00:00:00', 1, 0),
(91, 1, 85, 0, 0, 1, 0, 1, '2025-04-28 16:03:30', '0000-00-00 00:00:00', 1, 0),
(92, 1, 91, 0, 0, 1, 0, 1, '2025-04-28 16:03:30', '0000-00-00 00:00:00', 1, 0),
(93, 1, 92, 0, 0, 1, 0, 1, '2025-04-28 16:03:30', '0000-00-00 00:00:00', 1, 0),
(94, 1, 105, 0, 0, 1, 0, 1, '2025-04-28 16:03:30', '0000-00-00 00:00:00', 1, 0),
(95, 1, 124, 1, 0, 1, 0, 1, '2025-04-28 16:03:30', '0000-00-00 00:00:00', 1, 0),
(96, 1, 125, 0, 0, 1, 0, 1, '2025-04-28 16:03:30', '0000-00-00 00:00:00', 1, 0),
(97, 1, 141, 0, 0, 1, 0, 1, '2025-04-28 16:03:30', '0000-00-00 00:00:00', 1, 0),
(98, 1, 54, 1, 1, 1, 1, 1, '2025-04-28 16:03:30', '0000-00-00 00:00:00', 1, 0),
(99, 1, 55, 1, 1, 1, 1, 1, '2025-04-28 16:03:30', '0000-00-00 00:00:00', 1, 0),
(100, 1, 56, 1, 1, 1, 1, 1, '2025-04-28 16:03:30', '0000-00-00 00:00:00', 1, 0),
(101, 1, 93, 1, 1, 1, 1, 1, '2025-04-28 16:03:30', '0000-00-00 00:00:00', 1, 0),
(102, 1, 58, 1, 1, 1, 1, 1, '2025-04-28 16:03:30', '0000-00-00 00:00:00', 1, 0),
(103, 1, 59, 1, 1, 1, 1, 1, '2025-04-28 16:03:30', '0000-00-00 00:00:00', 1, 0),
(104, 1, 60, 1, 1, 1, 1, 1, '2025-04-28 16:03:30', '0000-00-00 00:00:00', 1, 0),
(105, 1, 89, 1, 1, 1, 1, 1, '2025-04-28 16:03:31', '0000-00-00 00:00:00', 1, 0),
(106, 1, 90, 1, 1, 1, 1, 1, '2025-04-28 16:03:31', '0000-00-00 00:00:00', 1, 0),
(107, 1, 106, 1, 1, 1, 1, 1, '2025-04-28 16:03:31', '0000-00-00 00:00:00', 1, 0),
(108, 1, 132, 1, 1, 1, 0, 1, '2025-04-28 16:03:31', '0000-00-00 00:00:00', 1, 0),
(109, 1, 61, 1, 1, 1, 1, 1, '2025-04-28 16:03:31', '0000-00-00 00:00:00', 1, 0),
(110, 1, 62, 1, 1, 1, 1, 1, '2025-04-28 16:03:31', '0000-00-00 00:00:00', 1, 0),
(111, 1, 63, 1, 1, 1, 1, 1, '2025-04-28 16:03:31', '0000-00-00 00:00:00', 1, 0),
(112, 1, 64, 1, 1, 1, 1, 1, '2025-04-28 16:03:31', '0000-00-00 00:00:00', 1, 0),
(113, 1, 107, 1, 1, 1, 1, 1, '2025-04-28 16:03:31', '0000-00-00 00:00:00', 1, 0),
(114, 1, 86, 0, 0, 1, 0, 1, '2025-04-28 16:03:31', '0000-00-00 00:00:00', 1, 0),
(115, 1, 87, 1, 1, 1, 1, 1, '2025-04-28 16:03:31', '0000-00-00 00:00:00', 1, 0),
(116, 1, 88, 1, 1, 1, 1, 1, '2025-04-28 16:03:31', '0000-00-00 00:00:00', 1, 0),
(117, 1, 95, 1, 1, 1, 1, 1, '2025-04-28 16:03:31', '0000-00-00 00:00:00', 1, 0),
(118, 1, 96, 1, 1, 1, 1, 1, '2025-04-28 16:03:31', '0000-00-00 00:00:00', 1, 0),
(119, 1, 97, 1, 1, 1, 1, 1, '2025-04-28 16:03:31', '0000-00-00 00:00:00', 1, 0),
(120, 1, 98, 1, 1, 1, 1, 1, '2025-04-28 16:03:31', '0000-00-00 00:00:00', 1, 0),
(121, 1, 99, 1, 1, 1, 1, 1, '2025-04-28 16:03:31', '0000-00-00 00:00:00', 1, 0),
(122, 1, 100, 1, 1, 1, 1, 1, '2025-04-28 16:03:31', '0000-00-00 00:00:00', 1, 0),
(123, 1, 101, 0, 0, 1, 0, 1, '2025-04-28 16:03:31', '0000-00-00 00:00:00', 1, 0),
(124, 1, 94, 1, 1, 1, 1, 1, '2025-04-28 16:03:31', '0000-00-00 00:00:00', 1, 0),
(125, 1, 102, 1, 1, 1, 1, 1, '2025-04-28 16:03:31', '0000-00-00 00:00:00', 1, 0),
(126, 1, 103, 1, 1, 1, 1, 1, '2025-04-28 16:03:31', '0000-00-00 00:00:00', 1, 0),
(127, 1, 104, 1, 1, 1, 1, 1, '2025-04-28 16:03:31', '0000-00-00 00:00:00', 1, 0),
(128, 1, 108, 1, 1, 1, 1, 1, '2025-04-28 16:03:31', '0000-00-00 00:00:00', 1, 0),
(129, 1, 109, 1, 1, 1, 1, 1, '2025-04-28 16:03:31', '0000-00-00 00:00:00', 1, 0),
(130, 1, 110, 1, 1, 1, 1, 1, '2025-04-28 16:03:31', '0000-00-00 00:00:00', 1, 0),
(131, 1, 119, 1, 1, 1, 1, 1, '2025-04-28 16:03:31', '0000-00-00 00:00:00', 1, 0),
(132, 1, 120, 1, 1, 1, 1, 1, '2025-04-28 16:03:31', '0000-00-00 00:00:00', 1, 0),
(133, 1, 121, 1, 1, 1, 1, 1, '2025-04-28 16:03:31', '0000-00-00 00:00:00', 1, 0),
(134, 1, 122, 1, 1, 1, 1, 1, '2025-04-28 16:03:31', '0000-00-00 00:00:00', 1, 0),
(135, 1, 123, 1, 1, 1, 1, 1, '2025-04-28 16:03:31', '0000-00-00 00:00:00', 1, 0),
(136, 1, 133, 1, 1, 1, 1, 1, '2025-04-28 16:03:31', '0000-00-00 00:00:00', 1, 0),
(137, 1, 134, 1, 1, 1, 1, 1, '2025-04-28 16:03:31', '0000-00-00 00:00:00', 1, 0),
(138, 1, 135, 1, 1, 1, 1, 1, '2025-04-28 16:03:31', '0000-00-00 00:00:00', 1, 0),
(139, 1, 136, 1, 1, 1, 1, 1, '2025-04-28 16:03:31', '0000-00-00 00:00:00', 1, 0),
(140, 1, 137, 1, 1, 1, 1, 1, '2025-04-28 16:03:31', '0000-00-00 00:00:00', 1, 0),
(141, 1, 138, 1, 1, 1, 1, 1, '2025-04-28 16:03:31', '0000-00-00 00:00:00', 1, 0),
(142, 1, 139, 1, 1, 1, 1, 1, '2025-04-28 16:03:31', '0000-00-00 00:00:00', 1, 0),
(143, 1, 140, 1, 1, 1, 1, 1, '2025-04-28 16:03:31', '0000-00-00 00:00:00', 1, 0),
(144, 1, 142, 0, 0, 1, 0, 1, '2025-04-28 16:03:31', '0000-00-00 00:00:00', 1, 0),
(145, 2, 1, 1, 1, 1, 0, 1, '2025-04-28 13:51:53', '0000-00-00 00:00:00', 1, 0),
(146, 2, 2, 0, 0, 0, 0, 1, '2025-04-28 13:51:53', '0000-00-00 00:00:00', 1, 0),
(147, 2, 3, 0, 0, 0, 0, 1, '2025-04-28 13:51:53', '0000-00-00 00:00:00', 1, 0),
(148, 2, 4, 0, 0, 0, 0, 1, '2025-04-28 13:51:53', '0000-00-00 00:00:00', 1, 0),
(149, 2, 5, 0, 0, 0, 0, 1, '2025-04-28 13:51:53', '0000-00-00 00:00:00', 1, 0),
(150, 2, 6, 0, 0, 0, 0, 1, '2025-04-28 13:51:53', '0000-00-00 00:00:00', 1, 0),
(151, 2, 7, 0, 0, 0, 0, 1, '2025-04-28 13:51:53', '0000-00-00 00:00:00', 1, 0),
(152, 2, 8, 0, 0, 0, 0, 1, '2025-04-28 13:51:53', '0000-00-00 00:00:00', 1, 0),
(153, 2, 9, 0, 0, 0, 0, 1, '2025-04-28 13:51:53', '0000-00-00 00:00:00', 1, 0),
(154, 2, 10, 1, 1, 1, 0, 1, '2025-04-28 13:51:53', '0000-00-00 00:00:00', 1, 0),
(155, 2, 11, 0, 0, 0, 0, 1, '2025-04-28 13:51:53', '0000-00-00 00:00:00', 1, 0),
(156, 2, 12, 1, 1, 1, 0, 1, '2025-04-28 13:51:53', '0000-00-00 00:00:00', 1, 0),
(157, 2, 13, 0, 0, 1, 0, 1, '2025-04-28 13:51:53', '0000-00-00 00:00:00', 1, 0),
(158, 2, 14, 0, 0, 0, 0, 1, '2025-04-28 13:51:53', '0000-00-00 00:00:00', 1, 0),
(159, 2, 18, 0, 0, 0, 0, 1, '2025-04-28 13:51:53', '0000-00-00 00:00:00', 1, 0),
(160, 2, 19, 0, 0, 0, 0, 1, '2025-04-28 13:51:53', '0000-00-00 00:00:00', 1, 0),
(161, 2, 82, 1, 1, 1, 0, 1, '2025-04-28 13:51:53', '0000-00-00 00:00:00', 1, 0),
(162, 2, 83, 0, 0, 0, 0, 1, '2025-04-28 13:51:53', '0000-00-00 00:00:00', 1, 0),
(163, 2, 15, 1, 1, 1, 0, 1, '2025-04-28 13:51:53', '0000-00-00 00:00:00', 1, 0),
(164, 2, 16, 1, 1, 1, 0, 1, '2025-04-28 13:51:53', '0000-00-00 00:00:00', 1, 0),
(165, 2, 17, 1, 1, 1, 0, 1, '2025-04-28 13:51:53', '0000-00-00 00:00:00', 1, 0),
(166, 2, 111, 0, 0, 0, 0, 1, '2025-04-28 13:51:53', '0000-00-00 00:00:00', 1, 0),
(167, 2, 112, 0, 0, 0, 0, 1, '2025-04-28 13:51:53', '0000-00-00 00:00:00', 1, 0),
(168, 2, 113, 0, 0, 0, 0, 1, '2025-04-28 13:51:53', '0000-00-00 00:00:00', 1, 0),
(169, 2, 114, 0, 0, 0, 0, 1, '2025-04-28 13:51:53', '0000-00-00 00:00:00', 1, 0),
(170, 2, 115, 0, 0, 0, 0, 1, '2025-04-28 13:51:53', '0000-00-00 00:00:00', 1, 0),
(171, 2, 116, 0, 0, 0, 0, 1, '2025-04-28 13:51:53', '0000-00-00 00:00:00', 1, 0),
(172, 2, 117, 0, 0, 0, 0, 1, '2025-04-28 13:51:53', '0000-00-00 00:00:00', 1, 0),
(173, 2, 118, 0, 0, 0, 0, 1, '2025-04-28 13:51:53', '0000-00-00 00:00:00', 1, 0),
(174, 2, 20, 1, 1, 1, 0, 1, '2025-04-28 13:51:53', '0000-00-00 00:00:00', 1, 0),
(175, 2, 21, 1, 1, 1, 0, 1, '2025-04-28 13:51:53', '0000-00-00 00:00:00', 1, 0),
(176, 2, 22, 1, 1, 1, 0, 1, '2025-04-28 13:51:53', '0000-00-00 00:00:00', 1, 0),
(177, 2, 23, 1, 1, 1, 0, 1, '2025-04-28 13:51:53', '0000-00-00 00:00:00', 1, 0),
(178, 2, 24, 1, 1, 1, 0, 1, '2025-04-28 13:51:53', '0000-00-00 00:00:00', 1, 0),
(179, 2, 25, 1, 1, 1, 0, 1, '2025-04-28 13:51:53', '0000-00-00 00:00:00', 1, 0),
(180, 2, 43, 1, 1, 1, 0, 1, '2025-04-28 13:51:53', '0000-00-00 00:00:00', 1, 0),
(181, 2, 26, 1, 1, 1, 0, 1, '2025-04-28 13:51:53', '0000-00-00 00:00:00', 1, 0),
(182, 2, 27, 1, 1, 1, 0, 1, '2025-04-28 13:51:54', '0000-00-00 00:00:00', 1, 0),
(183, 2, 28, 1, 1, 1, 0, 1, '2025-04-28 13:51:54', '0000-00-00 00:00:00', 1, 0),
(184, 2, 29, 1, 1, 1, 0, 1, '2025-04-28 13:51:54', '0000-00-00 00:00:00', 1, 0),
(185, 2, 30, 1, 1, 1, 0, 1, '2025-04-28 13:51:54', '0000-00-00 00:00:00', 1, 0),
(186, 2, 31, 1, 1, 1, 0, 1, '2025-04-28 13:51:54', '0000-00-00 00:00:00', 1, 0),
(187, 2, 32, 1, 1, 1, 0, 1, '2025-04-28 13:51:54', '0000-00-00 00:00:00', 1, 0),
(188, 2, 33, 1, 1, 1, 0, 1, '2025-04-28 13:51:54', '0000-00-00 00:00:00', 1, 0),
(189, 2, 34, 1, 1, 1, 0, 1, '2025-04-28 13:51:54', '0000-00-00 00:00:00', 1, 0),
(190, 2, 126, 1, 1, 1, 0, 1, '2025-04-28 13:51:54', '0000-00-00 00:00:00', 1, 0),
(191, 2, 144, 1, 1, 1, 0, 1, '2025-04-28 13:51:54', '0000-00-00 00:00:00', 1, 0),
(192, 2, 35, 1, 1, 1, 0, 1, '2025-04-28 13:51:54', '0000-00-00 00:00:00', 1, 0),
(193, 2, 36, 1, 1, 1, 0, 1, '2025-04-28 13:51:54', '0000-00-00 00:00:00', 1, 0),
(194, 2, 37, 1, 1, 1, 0, 1, '2025-04-28 13:51:54', '0000-00-00 00:00:00', 1, 0),
(195, 2, 38, 1, 1, 1, 0, 1, '2025-04-28 13:51:54', '0000-00-00 00:00:00', 1, 0),
(196, 2, 39, 1, 1, 1, 0, 1, '2025-04-28 13:51:54', '0000-00-00 00:00:00', 1, 0),
(197, 2, 40, 1, 1, 1, 0, 1, '2025-04-28 13:51:54', '0000-00-00 00:00:00', 1, 0),
(198, 2, 41, 1, 1, 1, 0, 1, '2025-04-28 13:51:54', '0000-00-00 00:00:00', 1, 0),
(199, 2, 42, 1, 1, 1, 0, 1, '2025-04-28 13:51:54', '0000-00-00 00:00:00', 1, 0),
(200, 2, 67, 1, 1, 1, 0, 1, '2025-04-28 13:51:54', '0000-00-00 00:00:00', 1, 0),
(201, 2, 68, 1, 1, 1, 0, 1, '2025-04-28 13:51:54', '0000-00-00 00:00:00', 1, 0),
(202, 2, 69, 1, 1, 1, 0, 1, '2025-04-28 13:51:54', '0000-00-00 00:00:00', 1, 0),
(203, 2, 70, 1, 1, 1, 0, 1, '2025-04-28 13:51:54', '0000-00-00 00:00:00', 1, 0),
(204, 2, 71, 1, 1, 1, 0, 1, '2025-04-28 13:51:54', '0000-00-00 00:00:00', 1, 0),
(205, 2, 72, 1, 1, 1, 0, 1, '2025-04-28 13:51:54', '0000-00-00 00:00:00', 1, 0),
(206, 2, 73, 1, 1, 1, 0, 1, '2025-04-28 13:51:54', '0000-00-00 00:00:00', 1, 0),
(207, 2, 74, 1, 1, 1, 0, 1, '2025-04-28 13:51:54', '0000-00-00 00:00:00', 1, 0),
(208, 2, 75, 1, 1, 1, 0, 1, '2025-04-28 13:51:54', '0000-00-00 00:00:00', 1, 0),
(209, 2, 76, 1, 1, 1, 0, 1, '2025-04-28 13:51:54', '0000-00-00 00:00:00', 1, 0),
(210, 2, 77, 1, 1, 1, 0, 1, '2025-04-28 13:51:54', '0000-00-00 00:00:00', 1, 0),
(211, 2, 78, 1, 1, 1, 0, 1, '2025-04-28 13:51:54', '0000-00-00 00:00:00', 1, 0),
(212, 2, 79, 1, 1, 1, 0, 1, '2025-04-28 13:51:54', '0000-00-00 00:00:00', 1, 0),
(213, 2, 80, 1, 1, 1, 0, 1, '2025-04-28 13:51:54', '0000-00-00 00:00:00', 1, 0),
(214, 2, 81, 1, 1, 1, 0, 1, '2025-04-28 13:51:54', '0000-00-00 00:00:00', 1, 0),
(215, 2, 127, 1, 1, 1, 0, 1, '2025-04-28 13:51:54', '0000-00-00 00:00:00', 1, 0),
(216, 2, 128, 1, 1, 1, 0, 1, '2025-04-28 13:51:54', '0000-00-00 00:00:00', 1, 0),
(217, 2, 129, 1, 1, 1, 0, 1, '2025-04-28 13:51:54', '0000-00-00 00:00:00', 1, 0),
(218, 2, 143, 1, 1, 1, 0, 1, '2025-04-28 13:51:54', '0000-00-00 00:00:00', 1, 0),
(219, 2, 44, 1, 1, 1, 0, 1, '2025-04-28 13:51:54', '0000-00-00 00:00:00', 1, 0),
(220, 2, 130, 1, 1, 1, 0, 1, '2025-04-28 13:51:54', '0000-00-00 00:00:00', 1, 0),
(221, 2, 131, 1, 1, 1, 0, 1, '2025-04-28 13:51:54', '0000-00-00 00:00:00', 1, 0),
(222, 2, 45, 1, 1, 1, 0, 1, '2025-04-28 13:51:54', '0000-00-00 00:00:00', 1, 0),
(223, 2, 46, 1, 1, 1, 0, 1, '2025-04-28 13:51:54', '0000-00-00 00:00:00', 1, 0),
(224, 2, 47, 1, 1, 1, 0, 1, '2025-04-28 13:51:54', '0000-00-00 00:00:00', 1, 0),
(225, 2, 53, 1, 1, 1, 0, 1, '2025-04-28 13:51:54', '0000-00-00 00:00:00', 1, 0),
(226, 2, 65, 1, 1, 1, 0, 1, '2025-04-28 13:51:54', '0000-00-00 00:00:00', 1, 0),
(227, 2, 66, 1, 1, 1, 0, 1, '2025-04-28 13:51:54', '0000-00-00 00:00:00', 1, 0),
(228, 2, 48, 0, 0, 1, 0, 1, '2025-04-28 13:51:54', '0000-00-00 00:00:00', 1, 0),
(229, 2, 49, 0, 0, 1, 0, 1, '2025-04-28 13:51:54', '0000-00-00 00:00:00', 1, 0),
(230, 2, 50, 1, 0, 1, 0, 1, '2025-04-28 13:51:54', '0000-00-00 00:00:00', 1, 0),
(231, 2, 51, 0, 0, 1, 0, 1, '2025-04-28 13:51:54', '0000-00-00 00:00:00', 1, 0),
(232, 2, 52, 0, 0, 1, 0, 1, '2025-04-28 13:51:54', '0000-00-00 00:00:00', 1, 0),
(233, 2, 57, 0, 0, 1, 0, 1, '2025-04-28 13:51:54', '0000-00-00 00:00:00', 1, 0),
(234, 2, 84, 1, 0, 1, 0, 1, '2025-04-28 13:51:54', '0000-00-00 00:00:00', 1, 0),
(235, 2, 85, 0, 0, 1, 0, 1, '2025-04-28 13:51:54', '0000-00-00 00:00:00', 1, 0),
(236, 2, 91, 0, 0, 1, 0, 1, '2025-04-28 13:51:54', '0000-00-00 00:00:00', 1, 0),
(237, 2, 92, 0, 0, 1, 0, 1, '2025-04-28 13:51:54', '0000-00-00 00:00:00', 1, 0),
(238, 2, 105, 0, 0, 1, 0, 1, '2025-04-28 13:51:54', '0000-00-00 00:00:00', 1, 0),
(239, 2, 124, 1, 0, 1, 0, 1, '2025-04-28 13:51:54', '0000-00-00 00:00:00', 1, 0),
(240, 2, 125, 0, 0, 1, 0, 1, '2025-04-28 13:51:54', '0000-00-00 00:00:00', 1, 0),
(241, 2, 141, 0, 0, 1, 0, 1, '2025-04-28 13:51:54', '0000-00-00 00:00:00', 1, 0),
(242, 2, 54, 1, 1, 1, 0, 1, '2025-04-28 13:51:54', '0000-00-00 00:00:00', 1, 0),
(243, 2, 55, 1, 1, 1, 0, 1, '2025-04-28 13:51:54', '0000-00-00 00:00:00', 1, 0),
(244, 2, 56, 1, 1, 1, 0, 1, '2025-04-28 13:51:54', '0000-00-00 00:00:00', 1, 0),
(245, 2, 93, 1, 1, 1, 0, 1, '2025-04-28 13:51:54', '0000-00-00 00:00:00', 1, 0),
(246, 2, 58, 1, 1, 1, 0, 1, '2025-04-28 13:51:54', '0000-00-00 00:00:00', 1, 0),
(247, 2, 59, 1, 1, 1, 0, 1, '2025-04-28 13:51:54', '0000-00-00 00:00:00', 1, 0),
(248, 2, 60, 1, 1, 1, 0, 1, '2025-04-28 13:51:54', '0000-00-00 00:00:00', 1, 0),
(249, 2, 89, 1, 1, 1, 0, 1, '2025-04-28 13:51:54', '0000-00-00 00:00:00', 1, 0),
(250, 2, 90, 1, 1, 1, 0, 1, '2025-04-28 13:51:54', '0000-00-00 00:00:00', 1, 0),
(251, 2, 106, 1, 1, 1, 0, 1, '2025-04-28 13:51:54', '0000-00-00 00:00:00', 1, 0),
(252, 2, 132, 1, 1, 1, 0, 1, '2025-04-28 13:51:54', '0000-00-00 00:00:00', 1, 0),
(253, 2, 61, 1, 1, 1, 0, 1, '2025-04-28 13:51:54', '0000-00-00 00:00:00', 1, 0),
(254, 2, 62, 1, 1, 1, 0, 1, '2025-04-28 13:51:54', '0000-00-00 00:00:00', 1, 0),
(255, 2, 63, 1, 1, 1, 0, 1, '2025-04-28 13:51:54', '0000-00-00 00:00:00', 1, 0),
(256, 2, 64, 1, 1, 1, 0, 1, '2025-04-28 13:51:54', '0000-00-00 00:00:00', 1, 0),
(257, 2, 107, 1, 1, 1, 0, 1, '2025-04-28 13:51:54', '0000-00-00 00:00:00', 1, 0),
(258, 2, 86, 0, 0, 1, 0, 1, '2025-04-28 13:51:54', '0000-00-00 00:00:00', 1, 0),
(259, 2, 87, 1, 1, 1, 0, 1, '2025-04-28 13:51:54', '0000-00-00 00:00:00', 1, 0),
(260, 2, 88, 1, 1, 1, 0, 1, '2025-04-28 13:51:54', '0000-00-00 00:00:00', 1, 0),
(261, 2, 95, 1, 1, 1, 0, 1, '2025-04-28 13:51:54', '0000-00-00 00:00:00', 1, 0),
(262, 2, 96, 1, 1, 1, 0, 1, '2025-04-28 13:51:54', '0000-00-00 00:00:00', 1, 0),
(263, 2, 97, 1, 1, 1, 0, 1, '2025-04-28 13:51:54', '0000-00-00 00:00:00', 1, 0),
(264, 2, 98, 1, 1, 1, 0, 1, '2025-04-28 13:51:54', '0000-00-00 00:00:00', 1, 0),
(265, 2, 99, 1, 1, 1, 0, 1, '2025-04-28 13:51:54', '0000-00-00 00:00:00', 1, 0),
(266, 2, 100, 1, 1, 1, 0, 1, '2025-04-28 13:51:54', '0000-00-00 00:00:00', 1, 0),
(267, 2, 101, 0, 0, 1, 0, 1, '2025-04-28 13:51:54', '0000-00-00 00:00:00', 1, 0),
(268, 2, 94, 1, 1, 1, 0, 1, '2025-04-28 13:51:54', '0000-00-00 00:00:00', 1, 0),
(269, 2, 102, 1, 1, 1, 0, 1, '2025-04-28 13:51:54', '0000-00-00 00:00:00', 1, 0),
(270, 2, 103, 1, 1, 1, 0, 1, '2025-04-28 13:51:54', '0000-00-00 00:00:00', 1, 0),
(271, 2, 104, 1, 1, 1, 0, 1, '2025-04-28 13:51:54', '0000-00-00 00:00:00', 1, 0),
(272, 2, 108, 1, 1, 1, 0, 1, '2025-04-28 13:51:54', '0000-00-00 00:00:00', 1, 0),
(273, 2, 109, 1, 1, 1, 0, 1, '2025-04-28 13:51:54', '0000-00-00 00:00:00', 1, 0),
(274, 2, 110, 1, 1, 1, 0, 1, '2025-04-28 13:51:54', '0000-00-00 00:00:00', 1, 0),
(275, 2, 119, 1, 1, 1, 0, 1, '2025-04-28 13:51:54', '0000-00-00 00:00:00', 1, 0),
(276, 2, 120, 1, 1, 1, 0, 1, '2025-04-28 13:51:54', '0000-00-00 00:00:00', 1, 0),
(277, 2, 121, 1, 1, 1, 0, 1, '2025-04-28 13:51:54', '0000-00-00 00:00:00', 1, 0),
(278, 2, 122, 1, 1, 1, 0, 1, '2025-04-28 13:51:54', '0000-00-00 00:00:00', 1, 0),
(279, 2, 123, 1, 1, 1, 0, 1, '2025-04-28 13:51:54', '0000-00-00 00:00:00', 1, 0),
(280, 2, 133, 1, 1, 1, 0, 1, '2025-04-28 13:51:54', '0000-00-00 00:00:00', 1, 0),
(281, 2, 134, 1, 1, 1, 0, 1, '2025-04-28 13:51:54', '0000-00-00 00:00:00', 1, 0),
(282, 2, 135, 1, 1, 1, 0, 1, '2025-04-28 13:51:54', '0000-00-00 00:00:00', 1, 0),
(283, 2, 136, 1, 1, 1, 0, 1, '2025-04-28 13:51:54', '0000-00-00 00:00:00', 1, 0),
(284, 2, 137, 1, 1, 1, 0, 1, '2025-04-28 13:51:54', '0000-00-00 00:00:00', 1, 0),
(285, 2, 138, 1, 1, 1, 0, 1, '2025-04-28 13:51:54', '0000-00-00 00:00:00', 1, 0),
(286, 2, 139, 1, 1, 1, 0, 1, '2025-04-28 13:51:54', '0000-00-00 00:00:00', 1, 0),
(287, 2, 140, 1, 1, 1, 0, 1, '2025-04-28 13:51:54', '0000-00-00 00:00:00', 1, 0),
(288, 2, 142, 0, 0, 1, 0, 1, '2025-04-28 13:51:54', '0000-00-00 00:00:00', 1, 0),
(289, 9, 1, 0, 0, 0, 0, 1, '2024-09-10 14:43:04', '0000-00-00 00:00:00', 1, 0),
(290, 9, 2, 0, 0, 0, 0, 1, '2024-09-10 14:43:04', '0000-00-00 00:00:00', 1, 0),
(291, 9, 3, 0, 0, 0, 0, 1, '2024-09-10 14:43:04', '0000-00-00 00:00:00', 1, 0),
(292, 9, 4, 0, 0, 0, 0, 1, '2024-09-10 14:43:04', '0000-00-00 00:00:00', 1, 0),
(293, 9, 5, 0, 0, 0, 0, 1, '2024-09-10 14:43:04', '0000-00-00 00:00:00', 1, 0),
(294, 9, 6, 0, 0, 0, 0, 1, '2024-09-10 14:43:04', '0000-00-00 00:00:00', 1, 0),
(295, 9, 7, 0, 0, 0, 0, 1, '2024-09-10 14:43:04', '0000-00-00 00:00:00', 1, 0),
(296, 9, 8, 0, 0, 0, 0, 1, '2024-09-10 14:43:04', '0000-00-00 00:00:00', 1, 0),
(297, 9, 9, 0, 0, 0, 0, 1, '2024-09-10 14:43:04', '0000-00-00 00:00:00', 1, 0),
(298, 9, 10, 0, 0, 0, 0, 1, '2024-09-10 14:43:04', '0000-00-00 00:00:00', 1, 0),
(299, 9, 11, 0, 0, 0, 0, 1, '2024-09-10 14:43:04', '0000-00-00 00:00:00', 1, 0),
(300, 9, 12, 0, 0, 0, 0, 1, '2024-09-10 14:43:04', '0000-00-00 00:00:00', 1, 0),
(301, 9, 13, 0, 0, 0, 0, 1, '2024-09-10 14:43:04', '0000-00-00 00:00:00', 1, 0),
(302, 9, 14, 0, 0, 0, 0, 1, '2024-09-10 14:43:04', '0000-00-00 00:00:00', 1, 0),
(303, 9, 18, 0, 0, 0, 0, 1, '2024-09-10 14:43:04', '0000-00-00 00:00:00', 1, 0),
(304, 9, 19, 0, 0, 0, 0, 1, '2024-09-10 14:43:04', '0000-00-00 00:00:00', 1, 0),
(305, 9, 82, 0, 0, 0, 0, 1, '2024-09-10 14:43:04', '0000-00-00 00:00:00', 1, 0),
(306, 9, 83, 0, 0, 0, 0, 1, '2024-09-10 14:43:04', '0000-00-00 00:00:00', 1, 0),
(307, 9, 15, 0, 0, 0, 0, 1, '2024-09-10 14:43:04', '0000-00-00 00:00:00', 1, 0),
(308, 9, 16, 0, 0, 0, 0, 1, '2024-09-10 14:43:04', '0000-00-00 00:00:00', 1, 0),
(309, 9, 17, 0, 0, 0, 0, 1, '2024-09-10 14:43:04', '0000-00-00 00:00:00', 1, 0),
(310, 9, 111, 0, 0, 0, 0, 1, '2024-09-10 14:43:04', '0000-00-00 00:00:00', 1, 0),
(311, 9, 112, 0, 0, 0, 0, 1, '2024-09-10 14:43:04', '0000-00-00 00:00:00', 1, 0),
(312, 9, 113, 0, 0, 0, 0, 1, '2024-09-10 14:43:04', '0000-00-00 00:00:00', 1, 0),
(313, 9, 114, 0, 0, 0, 0, 1, '2024-09-10 14:43:04', '0000-00-00 00:00:00', 1, 0),
(314, 9, 115, 0, 0, 0, 0, 1, '2024-09-10 14:43:04', '0000-00-00 00:00:00', 1, 0),
(315, 9, 116, 0, 0, 0, 0, 1, '2024-09-10 14:43:04', '0000-00-00 00:00:00', 1, 0),
(316, 9, 117, 0, 0, 0, 0, 1, '2024-09-10 14:43:04', '0000-00-00 00:00:00', 1, 0),
(317, 9, 118, 0, 0, 0, 0, 1, '2024-09-10 14:43:04', '0000-00-00 00:00:00', 1, 0),
(318, 9, 20, 0, 0, 0, 0, 1, '2024-09-10 14:43:04', '0000-00-00 00:00:00', 1, 0),
(319, 9, 21, 0, 0, 0, 0, 1, '2024-09-10 14:43:04', '0000-00-00 00:00:00', 1, 0),
(320, 9, 22, 0, 0, 0, 0, 1, '2024-09-10 14:43:04', '0000-00-00 00:00:00', 1, 0),
(321, 9, 23, 0, 0, 0, 0, 1, '2024-09-10 14:43:04', '0000-00-00 00:00:00', 1, 0),
(322, 9, 24, 0, 0, 0, 0, 1, '2024-09-10 14:43:04', '0000-00-00 00:00:00', 1, 0),
(323, 9, 25, 0, 0, 0, 0, 1, '2024-09-10 14:43:04', '0000-00-00 00:00:00', 1, 0),
(324, 9, 43, 0, 0, 0, 0, 1, '2024-09-10 14:43:04', '0000-00-00 00:00:00', 1, 0),
(325, 9, 26, 1, 0, 1, 0, 1, '2024-09-10 14:43:04', '0000-00-00 00:00:00', 1, 0),
(326, 9, 27, 0, 0, 0, 0, 1, '2024-09-10 14:43:04', '0000-00-00 00:00:00', 1, 0),
(327, 9, 28, 1, 0, 1, 0, 1, '2024-09-10 14:43:04', '0000-00-00 00:00:00', 1, 0),
(328, 9, 29, 0, 0, 0, 0, 1, '2024-09-10 14:43:04', '0000-00-00 00:00:00', 1, 0),
(329, 9, 30, 0, 0, 0, 0, 1, '2024-09-10 14:43:04', '0000-00-00 00:00:00', 1, 0),
(330, 9, 31, 0, 0, 0, 0, 1, '2024-09-10 14:43:04', '0000-00-00 00:00:00', 1, 0),
(331, 9, 32, 0, 0, 0, 0, 1, '2024-09-10 14:43:04', '0000-00-00 00:00:00', 1, 0),
(332, 9, 33, 1, 0, 1, 0, 1, '2024-09-10 14:43:04', '0000-00-00 00:00:00', 1, 0),
(333, 9, 34, 1, 0, 1, 0, 1, '2024-09-10 14:43:04', '0000-00-00 00:00:00', 1, 0),
(334, 9, 126, 0, 0, 0, 0, 1, '2024-09-10 14:43:04', '0000-00-00 00:00:00', 1, 0),
(335, 9, 144, 0, 0, 0, 0, 1, '2024-09-10 14:43:04', '0000-00-00 00:00:00', 1, 0),
(336, 9, 35, 1, 1, 1, 0, 1, '2024-09-10 14:43:04', '0000-00-00 00:00:00', 1, 0),
(337, 9, 36, 0, 0, 0, 0, 1, '2024-09-10 14:43:04', '0000-00-00 00:00:00', 1, 0),
(338, 9, 37, 1, 0, 1, 0, 1, '2024-09-10 14:43:04', '0000-00-00 00:00:00', 1, 0),
(339, 9, 38, 0, 0, 0, 0, 1, '2024-09-10 14:43:04', '0000-00-00 00:00:00', 1, 0),
(340, 9, 39, 0, 0, 0, 0, 1, '2024-09-10 14:43:04', '0000-00-00 00:00:00', 1, 0),
(341, 9, 40, 0, 0, 0, 0, 1, '2024-09-10 14:43:04', '0000-00-00 00:00:00', 1, 0),
(342, 9, 41, 0, 0, 0, 0, 1, '2024-09-10 14:43:04', '0000-00-00 00:00:00', 1, 0),
(343, 9, 42, 0, 0, 0, 0, 1, '2024-09-10 14:43:04', '0000-00-00 00:00:00', 1, 0),
(344, 9, 67, 1, 1, 1, 0, 1, '2024-09-10 14:43:04', '0000-00-00 00:00:00', 1, 0),
(345, 9, 68, 1, 0, 1, 0, 1, '2024-09-10 14:43:04', '0000-00-00 00:00:00', 1, 0),
(346, 9, 69, 1, 0, 1, 0, 1, '2024-09-10 14:43:04', '0000-00-00 00:00:00', 1, 0),
(347, 9, 70, 1, 0, 1, 0, 1, '2024-09-10 14:43:04', '0000-00-00 00:00:00', 1, 0),
(348, 9, 71, 1, 0, 1, 0, 1, '2024-09-10 14:43:04', '0000-00-00 00:00:00', 1, 0),
(349, 9, 72, 1, 0, 1, 0, 1, '2024-09-10 14:43:04', '0000-00-00 00:00:00', 1, 0),
(350, 9, 73, 1, 0, 1, 0, 1, '2024-09-10 14:43:04', '0000-00-00 00:00:00', 1, 0),
(351, 9, 74, 1, 0, 1, 0, 1, '2024-09-10 14:43:04', '0000-00-00 00:00:00', 1, 0),
(352, 9, 75, 1, 0, 1, 0, 1, '2024-09-10 14:43:04', '0000-00-00 00:00:00', 1, 0),
(353, 9, 76, 0, 0, 0, 0, 1, '2024-09-10 14:43:04', '0000-00-00 00:00:00', 1, 0),
(354, 9, 77, 0, 0, 0, 0, 1, '2024-09-10 14:43:04', '0000-00-00 00:00:00', 1, 0),
(355, 9, 78, 0, 0, 0, 0, 1, '2024-09-10 14:43:04', '0000-00-00 00:00:00', 1, 0),
(356, 9, 79, 0, 0, 0, 0, 1, '2024-09-10 14:43:04', '0000-00-00 00:00:00', 1, 0),
(357, 9, 80, 0, 0, 0, 0, 1, '2024-09-10 14:43:04', '0000-00-00 00:00:00', 1, 0),
(358, 9, 81, 0, 0, 0, 0, 1, '2024-09-10 14:43:04', '0000-00-00 00:00:00', 1, 0),
(359, 9, 127, 0, 0, 0, 0, 1, '2024-09-10 14:43:04', '0000-00-00 00:00:00', 1, 0),
(360, 9, 128, 0, 0, 0, 0, 1, '2024-09-10 14:43:04', '0000-00-00 00:00:00', 1, 0),
(361, 9, 129, 0, 0, 0, 0, 1, '2024-09-10 14:43:04', '0000-00-00 00:00:00', 1, 0),
(362, 9, 143, 0, 0, 0, 0, 1, '2024-09-10 14:43:04', '0000-00-00 00:00:00', 1, 0),
(363, 9, 44, 1, 0, 1, 0, 1, '2024-09-10 14:43:04', '0000-00-00 00:00:00', 1, 0),
(364, 9, 130, 0, 0, 0, 0, 1, '2024-09-10 14:43:04', '0000-00-00 00:00:00', 1, 0),
(365, 9, 131, 0, 0, 0, 0, 1, '2024-09-10 14:43:04', '0000-00-00 00:00:00', 1, 0),
(366, 9, 45, 1, 0, 1, 0, 1, '2024-09-10 14:43:04', '0000-00-00 00:00:00', 1, 0),
(367, 9, 46, 0, 0, 0, 0, 1, '2024-09-10 14:43:04', '0000-00-00 00:00:00', 1, 0),
(368, 9, 47, 0, 0, 0, 0, 1, '2024-09-10 14:43:04', '0000-00-00 00:00:00', 1, 0),
(369, 9, 53, 1, 0, 1, 0, 1, '2024-09-10 14:43:04', '0000-00-00 00:00:00', 1, 0),
(370, 9, 65, 0, 0, 0, 0, 1, '2024-09-10 14:43:04', '0000-00-00 00:00:00', 1, 0),
(371, 9, 66, 0, 0, 0, 0, 1, '2024-09-10 14:43:04', '0000-00-00 00:00:00', 1, 0),
(372, 9, 48, 0, 0, 1, 0, 1, '2024-09-10 14:43:05', '0000-00-00 00:00:00', 1, 0),
(373, 9, 49, 0, 0, 1, 0, 1, '2024-09-10 14:43:05', '0000-00-00 00:00:00', 1, 0),
(374, 9, 50, 0, 0, 1, 0, 1, '2024-09-10 14:43:05', '0000-00-00 00:00:00', 1, 0),
(375, 9, 51, 0, 0, 0, 0, 1, '2024-09-10 14:43:05', '0000-00-00 00:00:00', 1, 0),
(376, 9, 52, 0, 0, 0, 0, 1, '2024-09-10 14:43:05', '0000-00-00 00:00:00', 1, 0),
(377, 9, 57, 0, 0, 0, 0, 1, '2024-09-10 14:43:05', '0000-00-00 00:00:00', 1, 0),
(378, 9, 84, 0, 0, 0, 0, 1, '2024-09-10 14:43:05', '0000-00-00 00:00:00', 1, 0),
(379, 9, 85, 0, 0, 0, 0, 1, '2024-09-10 14:43:05', '0000-00-00 00:00:00', 1, 0),
(380, 9, 91, 0, 0, 0, 0, 1, '2024-09-10 14:43:05', '0000-00-00 00:00:00', 1, 0),
(381, 9, 92, 0, 0, 0, 0, 1, '2024-09-10 14:43:05', '0000-00-00 00:00:00', 1, 0),
(382, 9, 105, 0, 0, 0, 0, 1, '2024-09-10 14:43:05', '0000-00-00 00:00:00', 1, 0),
(383, 9, 124, 0, 0, 0, 0, 1, '2024-09-10 14:43:05', '0000-00-00 00:00:00', 1, 0),
(384, 9, 125, 0, 0, 0, 0, 1, '2024-09-10 14:43:05', '0000-00-00 00:00:00', 1, 0),
(385, 9, 141, 0, 0, 0, 0, 1, '2024-09-10 14:43:05', '0000-00-00 00:00:00', 1, 0),
(386, 9, 54, 0, 0, 0, 0, 1, '2024-09-10 14:43:05', '0000-00-00 00:00:00', 1, 0),
(387, 9, 55, 0, 0, 1, 0, 1, '2024-09-10 14:43:05', '0000-00-00 00:00:00', 1, 0),
(388, 9, 56, 0, 0, 0, 0, 1, '2024-09-10 14:43:05', '0000-00-00 00:00:00', 1, 0),
(389, 9, 93, 0, 0, 0, 0, 1, '2024-09-10 14:43:05', '0000-00-00 00:00:00', 1, 0),
(390, 9, 58, 0, 0, 0, 0, 1, '2024-09-10 14:43:05', '0000-00-00 00:00:00', 1, 0),
(391, 9, 59, 0, 0, 0, 0, 1, '2024-09-10 14:43:05', '0000-00-00 00:00:00', 1, 0),
(392, 9, 60, 0, 0, 0, 0, 1, '2024-09-10 14:43:05', '0000-00-00 00:00:00', 1, 0),
(393, 9, 89, 0, 0, 0, 0, 1, '2024-09-10 14:43:05', '0000-00-00 00:00:00', 1, 0),
(394, 9, 90, 0, 0, 0, 0, 1, '2024-09-10 14:43:05', '0000-00-00 00:00:00', 1, 0),
(395, 9, 106, 0, 0, 0, 0, 1, '2024-09-10 14:43:05', '0000-00-00 00:00:00', 1, 0),
(396, 9, 132, 0, 0, 0, 0, 1, '2024-09-10 14:43:05', '0000-00-00 00:00:00', 1, 0),
(397, 9, 61, 0, 0, 0, 0, 1, '2024-09-10 14:43:05', '0000-00-00 00:00:00', 1, 0),
(398, 9, 62, 0, 0, 0, 0, 1, '2024-09-10 14:43:05', '0000-00-00 00:00:00', 1, 0),
(399, 9, 63, 0, 0, 0, 0, 1, '2024-09-10 14:43:05', '0000-00-00 00:00:00', 1, 0),
(400, 9, 64, 0, 0, 0, 0, 1, '2024-09-10 14:43:05', '0000-00-00 00:00:00', 1, 0),
(401, 9, 107, 0, 0, 0, 0, 1, '2024-09-10 14:43:05', '0000-00-00 00:00:00', 1, 0),
(402, 9, 86, 0, 0, 0, 0, 1, '2024-09-10 14:43:05', '0000-00-00 00:00:00', 1, 0),
(403, 9, 87, 0, 0, 0, 0, 1, '2024-09-10 14:43:05', '0000-00-00 00:00:00', 1, 0),
(404, 9, 88, 0, 0, 0, 0, 1, '2024-09-10 14:43:05', '0000-00-00 00:00:00', 1, 0),
(405, 9, 95, 0, 0, 0, 0, 1, '2024-09-10 14:43:05', '0000-00-00 00:00:00', 1, 0),
(406, 9, 96, 0, 0, 0, 0, 1, '2024-09-10 14:43:05', '0000-00-00 00:00:00', 1, 0),
(407, 9, 97, 0, 0, 0, 0, 1, '2024-09-10 14:43:05', '0000-00-00 00:00:00', 1, 0),
(408, 9, 98, 0, 0, 0, 0, 1, '2024-09-10 14:43:05', '0000-00-00 00:00:00', 1, 0),
(409, 9, 99, 0, 0, 0, 0, 1, '2024-09-10 14:43:05', '0000-00-00 00:00:00', 1, 0),
(410, 9, 100, 0, 0, 0, 0, 1, '2024-09-10 14:43:05', '0000-00-00 00:00:00', 1, 0),
(411, 9, 101, 0, 0, 0, 0, 1, '2024-09-10 14:43:05', '0000-00-00 00:00:00', 1, 0),
(412, 9, 94, 0, 0, 0, 0, 1, '2024-09-10 14:43:05', '0000-00-00 00:00:00', 1, 0),
(413, 9, 102, 0, 0, 0, 0, 1, '2024-09-10 14:43:05', '0000-00-00 00:00:00', 1, 0),
(414, 9, 103, 0, 0, 0, 0, 1, '2024-09-10 14:43:05', '0000-00-00 00:00:00', 1, 0),
(415, 9, 104, 0, 0, 0, 0, 1, '2024-09-10 14:43:05', '0000-00-00 00:00:00', 1, 0),
(416, 9, 108, 0, 0, 0, 0, 1, '2024-09-10 14:43:05', '0000-00-00 00:00:00', 1, 0),
(417, 9, 109, 0, 0, 0, 0, 1, '2024-09-10 14:43:05', '0000-00-00 00:00:00', 1, 0),
(418, 9, 110, 0, 0, 0, 0, 1, '2024-09-10 14:43:05', '0000-00-00 00:00:00', 1, 0),
(419, 9, 119, 0, 0, 0, 0, 1, '2024-09-10 14:43:05', '0000-00-00 00:00:00', 1, 0),
(420, 9, 120, 0, 0, 0, 0, 1, '2024-09-10 14:43:05', '0000-00-00 00:00:00', 1, 0),
(421, 9, 121, 0, 0, 0, 0, 1, '2024-09-10 14:43:05', '0000-00-00 00:00:00', 1, 0),
(422, 9, 122, 0, 0, 0, 0, 1, '2024-09-10 14:43:05', '0000-00-00 00:00:00', 1, 0),
(423, 9, 123, 0, 0, 0, 0, 1, '2024-09-10 14:43:05', '0000-00-00 00:00:00', 1, 0),
(424, 9, 133, 0, 0, 0, 0, 1, '2024-09-10 14:43:05', '0000-00-00 00:00:00', 1, 0),
(425, 9, 134, 0, 0, 0, 0, 1, '2024-09-10 14:43:05', '0000-00-00 00:00:00', 1, 0),
(426, 9, 135, 0, 0, 0, 0, 1, '2024-09-10 14:43:05', '0000-00-00 00:00:00', 1, 0),
(427, 9, 136, 0, 0, 0, 0, 1, '2024-09-10 14:43:05', '0000-00-00 00:00:00', 1, 0),
(428, 9, 137, 0, 0, 0, 0, 1, '2024-09-10 14:43:05', '0000-00-00 00:00:00', 1, 0),
(429, 9, 138, 0, 0, 0, 0, 1, '2024-09-10 14:43:05', '0000-00-00 00:00:00', 1, 0),
(430, 9, 139, 0, 0, 0, 0, 1, '2024-09-10 14:43:05', '0000-00-00 00:00:00', 1, 0),
(431, 9, 140, 0, 0, 0, 0, 1, '2024-09-10 14:43:05', '0000-00-00 00:00:00', 1, 0),
(432, 9, 142, 0, 0, 0, 0, 1, '2024-09-10 14:43:05', '0000-00-00 00:00:00', 1, 0),
(433, 6, 1, 0, 0, 0, 0, 1, '2024-06-29 12:00:12', '0000-00-00 00:00:00', 1, 0),
(434, 6, 2, 0, 0, 0, 0, 1, '2024-06-29 12:00:12', '0000-00-00 00:00:00', 1, 0),
(435, 6, 3, 0, 0, 0, 0, 1, '2024-06-29 12:00:12', '0000-00-00 00:00:00', 1, 0),
(436, 6, 4, 0, 0, 0, 0, 1, '2024-06-29 12:00:12', '0000-00-00 00:00:00', 1, 0),
(437, 6, 5, 0, 0, 0, 0, 1, '2024-06-29 12:00:12', '0000-00-00 00:00:00', 1, 0),
(438, 6, 6, 0, 0, 0, 0, 1, '2024-06-29 12:00:12', '0000-00-00 00:00:00', 1, 0),
(439, 6, 7, 0, 0, 0, 0, 1, '2024-06-29 12:00:12', '0000-00-00 00:00:00', 1, 0),
(440, 6, 8, 0, 0, 0, 0, 1, '2024-06-29 12:00:12', '0000-00-00 00:00:00', 1, 0),
(441, 6, 9, 0, 0, 0, 0, 1, '2024-06-29 12:00:12', '0000-00-00 00:00:00', 1, 0),
(442, 6, 10, 0, 0, 0, 0, 1, '2024-06-29 12:00:12', '0000-00-00 00:00:00', 1, 0),
(443, 6, 11, 0, 0, 0, 0, 1, '2024-06-29 12:00:12', '0000-00-00 00:00:00', 1, 0),
(444, 6, 12, 0, 0, 0, 0, 1, '2024-06-29 12:00:12', '0000-00-00 00:00:00', 1, 0),
(445, 6, 13, 0, 0, 0, 0, 1, '2024-06-29 12:00:12', '0000-00-00 00:00:00', 1, 0),
(446, 6, 14, 0, 0, 0, 0, 1, '2024-06-29 12:00:12', '0000-00-00 00:00:00', 1, 0),
(447, 6, 18, 0, 0, 0, 0, 1, '2024-06-29 12:00:12', '0000-00-00 00:00:00', 1, 0),
(448, 6, 19, 0, 0, 0, 0, 1, '2024-06-29 12:00:12', '0000-00-00 00:00:00', 1, 0),
(449, 6, 82, 0, 0, 0, 0, 1, '2024-06-29 12:00:12', '0000-00-00 00:00:00', 1, 0),
(450, 6, 83, 0, 0, 0, 0, 1, '2024-06-29 12:00:12', '0000-00-00 00:00:00', 1, 0),
(451, 6, 15, 0, 0, 0, 0, 1, '2024-06-29 12:00:12', '0000-00-00 00:00:00', 1, 0),
(452, 6, 16, 0, 0, 0, 0, 1, '2024-06-29 12:00:12', '0000-00-00 00:00:00', 1, 0),
(453, 6, 17, 0, 0, 0, 0, 1, '2024-06-29 12:00:12', '0000-00-00 00:00:00', 1, 0),
(454, 6, 111, 0, 0, 0, 0, 1, '2024-06-29 12:00:12', '0000-00-00 00:00:00', 1, 0),
(455, 6, 112, 0, 0, 0, 0, 1, '2024-06-29 12:00:12', '0000-00-00 00:00:00', 1, 0),
(456, 6, 113, 0, 0, 0, 0, 1, '2024-06-29 12:00:12', '0000-00-00 00:00:00', 1, 0),
(457, 6, 114, 0, 0, 0, 0, 1, '2024-06-29 12:00:12', '0000-00-00 00:00:00', 1, 0),
(458, 6, 115, 0, 0, 0, 0, 1, '2024-06-29 12:00:12', '0000-00-00 00:00:00', 1, 0),
(459, 6, 116, 0, 0, 0, 0, 1, '2024-06-29 12:00:12', '0000-00-00 00:00:00', 1, 0),
(460, 6, 117, 0, 0, 0, 0, 1, '2024-06-29 12:00:12', '0000-00-00 00:00:00', 1, 0),
(461, 6, 118, 0, 0, 0, 0, 1, '2024-06-29 12:00:12', '0000-00-00 00:00:00', 1, 0),
(462, 6, 20, 0, 0, 0, 0, 1, '2024-06-29 12:00:12', '0000-00-00 00:00:00', 1, 0),
(463, 6, 21, 0, 0, 0, 0, 1, '2024-06-29 12:00:12', '0000-00-00 00:00:00', 1, 0),
(464, 6, 22, 0, 0, 0, 0, 1, '2024-06-29 12:00:12', '0000-00-00 00:00:00', 1, 0),
(465, 6, 23, 1, 1, 1, 0, 1, '2024-06-29 12:00:12', '0000-00-00 00:00:00', 1, 0),
(466, 6, 24, 1, 1, 1, 0, 1, '2024-06-29 12:00:12', '0000-00-00 00:00:00', 1, 0),
(467, 6, 25, 0, 0, 0, 0, 1, '2024-06-29 12:00:12', '0000-00-00 00:00:00', 1, 0),
(468, 6, 43, 1, 1, 1, 0, 1, '2024-06-29 12:00:12', '0000-00-00 00:00:00', 1, 0),
(469, 6, 26, 1, 0, 1, 0, 1, '2024-06-29 12:00:12', '0000-00-00 00:00:00', 1, 0),
(470, 6, 27, 0, 0, 0, 0, 1, '2024-06-29 12:00:12', '0000-00-00 00:00:00', 1, 0),
(471, 6, 28, 1, 0, 1, 0, 1, '2024-06-29 12:00:12', '0000-00-00 00:00:00', 1, 0),
(472, 6, 29, 0, 0, 0, 0, 1, '2024-06-29 12:00:12', '0000-00-00 00:00:00', 1, 0),
(473, 6, 30, 0, 0, 0, 0, 1, '2024-06-29 12:00:12', '0000-00-00 00:00:00', 1, 0),
(474, 6, 31, 0, 0, 0, 0, 1, '2024-06-29 12:00:12', '0000-00-00 00:00:00', 1, 0),
(475, 6, 32, 0, 0, 0, 0, 1, '2024-06-29 12:00:12', '0000-00-00 00:00:00', 1, 0),
(476, 6, 33, 0, 0, 0, 0, 1, '2024-06-29 12:00:12', '0000-00-00 00:00:00', 1, 0),
(477, 6, 34, 0, 0, 0, 0, 1, '2024-06-29 12:00:12', '0000-00-00 00:00:00', 1, 0),
(478, 6, 126, 0, 0, 0, 0, 1, '2024-06-29 12:00:12', '0000-00-00 00:00:00', 1, 0),
(479, 6, 144, 0, 0, 0, 0, 1, '2024-06-29 12:00:12', '0000-00-00 00:00:00', 1, 0),
(480, 6, 35, 1, 1, 1, 0, 1, '2024-06-29 12:00:12', '0000-00-00 00:00:00', 1, 0),
(481, 6, 36, 0, 0, 0, 0, 1, '2024-06-29 12:00:12', '0000-00-00 00:00:00', 1, 0),
(482, 6, 37, 0, 0, 0, 0, 1, '2024-06-29 12:00:12', '0000-00-00 00:00:00', 1, 0),
(483, 6, 38, 0, 0, 0, 0, 1, '2024-06-29 12:00:12', '0000-00-00 00:00:00', 1, 0),
(484, 6, 39, 0, 0, 0, 0, 1, '2024-06-29 12:00:12', '0000-00-00 00:00:00', 1, 0),
(485, 6, 40, 0, 0, 0, 0, 1, '2024-06-29 12:00:12', '0000-00-00 00:00:00', 1, 0),
(486, 6, 41, 0, 0, 0, 0, 1, '2024-06-29 12:00:12', '0000-00-00 00:00:00', 1, 0),
(487, 6, 42, 0, 0, 0, 0, 1, '2024-06-29 12:00:12', '0000-00-00 00:00:00', 1, 0),
(488, 6, 67, 0, 0, 0, 0, 1, '2024-06-29 12:00:12', '0000-00-00 00:00:00', 1, 0),
(489, 6, 68, 0, 0, 0, 0, 1, '2024-06-29 12:00:12', '0000-00-00 00:00:00', 1, 0),
(490, 6, 69, 0, 0, 0, 0, 1, '2024-06-29 12:00:12', '0000-00-00 00:00:00', 1, 0),
(491, 6, 70, 0, 0, 0, 0, 1, '2024-06-29 12:00:12', '0000-00-00 00:00:00', 1, 0),
(492, 6, 71, 0, 0, 0, 0, 1, '2024-06-29 12:00:12', '0000-00-00 00:00:00', 1, 0),
(493, 6, 72, 0, 0, 0, 0, 1, '2024-06-29 12:00:12', '0000-00-00 00:00:00', 1, 0),
(494, 6, 73, 0, 0, 0, 0, 1, '2024-06-29 12:00:12', '0000-00-00 00:00:00', 1, 0),
(495, 6, 74, 0, 0, 0, 0, 1, '2024-06-29 12:00:12', '0000-00-00 00:00:00', 1, 0),
(496, 6, 75, 0, 0, 0, 0, 1, '2024-06-29 12:00:12', '0000-00-00 00:00:00', 1, 0),
(497, 6, 76, 0, 0, 0, 0, 1, '2024-06-29 12:00:12', '0000-00-00 00:00:00', 1, 0),
(498, 6, 77, 0, 0, 0, 0, 1, '2024-06-29 12:00:12', '0000-00-00 00:00:00', 1, 0),
(499, 6, 78, 0, 0, 0, 0, 1, '2024-06-29 12:00:12', '0000-00-00 00:00:00', 1, 0),
(500, 6, 79, 0, 0, 0, 0, 1, '2024-06-29 12:00:12', '0000-00-00 00:00:00', 1, 0),
(501, 6, 80, 0, 0, 0, 0, 1, '2024-06-29 12:00:12', '0000-00-00 00:00:00', 1, 0),
(502, 6, 81, 0, 0, 0, 0, 1, '2024-06-29 12:00:12', '0000-00-00 00:00:00', 1, 0),
(503, 6, 127, 0, 0, 0, 0, 1, '2024-06-29 12:00:12', '0000-00-00 00:00:00', 1, 0),
(504, 6, 128, 0, 0, 0, 0, 1, '2024-06-29 12:00:12', '0000-00-00 00:00:00', 1, 0),
(505, 6, 129, 0, 0, 0, 0, 1, '2024-06-29 12:00:12', '0000-00-00 00:00:00', 1, 0),
(506, 6, 143, 0, 0, 0, 0, 1, '2024-06-29 12:00:12', '0000-00-00 00:00:00', 1, 0),
(507, 6, 44, 0, 0, 0, 0, 1, '2024-06-29 12:00:12', '0000-00-00 00:00:00', 1, 0),
(508, 6, 130, 0, 0, 0, 0, 1, '2024-06-29 12:00:12', '0000-00-00 00:00:00', 1, 0),
(509, 6, 131, 0, 0, 0, 0, 1, '2024-06-29 12:00:12', '0000-00-00 00:00:00', 1, 0),
(510, 6, 45, 0, 0, 0, 0, 1, '2024-06-29 12:00:12', '0000-00-00 00:00:00', 1, 0),
(511, 6, 46, 0, 0, 0, 0, 1, '2024-06-29 12:00:12', '0000-00-00 00:00:00', 1, 0),
(512, 6, 47, 0, 0, 0, 0, 1, '2024-06-29 12:00:12', '0000-00-00 00:00:00', 1, 0),
(513, 6, 53, 0, 0, 0, 0, 1, '2024-06-29 12:00:12', '0000-00-00 00:00:00', 1, 0),
(514, 6, 65, 0, 0, 0, 0, 1, '2024-06-29 12:00:12', '0000-00-00 00:00:00', 1, 0),
(515, 6, 66, 0, 0, 0, 0, 1, '2024-06-29 12:00:12', '0000-00-00 00:00:00', 1, 0),
(516, 6, 48, 0, 0, 0, 0, 1, '2024-06-29 12:00:12', '0000-00-00 00:00:00', 1, 0),
(517, 6, 49, 0, 0, 0, 0, 1, '2024-06-29 12:00:12', '0000-00-00 00:00:00', 1, 0),
(518, 6, 50, 0, 0, 0, 0, 1, '2024-06-29 12:00:12', '0000-00-00 00:00:00', 1, 0),
(519, 6, 51, 0, 0, 0, 0, 1, '2024-06-29 12:00:12', '0000-00-00 00:00:00', 1, 0),
(520, 6, 52, 0, 0, 0, 0, 1, '2024-06-29 12:00:12', '0000-00-00 00:00:00', 1, 0),
(521, 6, 57, 0, 0, 0, 0, 1, '2024-06-29 12:00:12', '0000-00-00 00:00:00', 1, 0),
(522, 6, 84, 0, 0, 0, 0, 1, '2024-06-29 12:00:12', '0000-00-00 00:00:00', 1, 0),
(523, 6, 85, 0, 0, 0, 0, 1, '2024-06-29 12:00:12', '0000-00-00 00:00:00', 1, 0),
(524, 6, 91, 0, 0, 0, 0, 1, '2024-06-29 12:00:12', '0000-00-00 00:00:00', 1, 0),
(525, 6, 92, 0, 0, 0, 0, 1, '2024-06-29 12:00:12', '0000-00-00 00:00:00', 1, 0),
(526, 6, 105, 0, 0, 0, 0, 1, '2024-06-29 12:00:12', '0000-00-00 00:00:00', 1, 0),
(527, 6, 124, 0, 0, 0, 0, 1, '2024-06-29 12:00:12', '0000-00-00 00:00:00', 1, 0),
(528, 6, 125, 0, 0, 0, 0, 1, '2024-06-29 12:00:12', '0000-00-00 00:00:00', 1, 0),
(529, 6, 141, 0, 0, 0, 0, 1, '2024-06-29 12:00:12', '0000-00-00 00:00:00', 1, 0),
(530, 6, 54, 1, 1, 1, 0, 1, '2024-06-29 12:00:12', '0000-00-00 00:00:00', 1, 0),
(531, 6, 55, 1, 1, 1, 0, 1, '2024-06-29 12:00:12', '0000-00-00 00:00:00', 1, 0),
(532, 6, 56, 1, 1, 1, 0, 1, '2024-06-29 12:00:12', '0000-00-00 00:00:00', 1, 0),
(533, 6, 93, 0, 0, 0, 0, 1, '2024-06-29 12:00:12', '0000-00-00 00:00:00', 1, 0),
(534, 6, 58, 0, 0, 0, 0, 1, '2024-06-29 12:00:12', '0000-00-00 00:00:00', 1, 0),
(535, 6, 59, 0, 0, 0, 0, 1, '2024-06-29 12:00:12', '0000-00-00 00:00:00', 1, 0),
(536, 6, 60, 0, 0, 0, 0, 1, '2024-06-29 12:00:12', '0000-00-00 00:00:00', 1, 0),
(537, 6, 89, 0, 0, 0, 0, 1, '2024-06-29 12:00:12', '0000-00-00 00:00:00', 1, 0),
(538, 6, 90, 0, 0, 0, 0, 1, '2024-06-29 12:00:12', '0000-00-00 00:00:00', 1, 0),
(539, 6, 106, 0, 0, 0, 0, 1, '2024-06-29 12:00:12', '0000-00-00 00:00:00', 1, 0),
(540, 6, 132, 0, 0, 0, 0, 1, '2024-06-29 12:00:12', '0000-00-00 00:00:00', 1, 0),
(541, 6, 61, 0, 0, 0, 0, 1, '2024-06-29 12:00:12', '0000-00-00 00:00:00', 1, 0),
(542, 6, 62, 0, 0, 0, 0, 1, '2024-06-29 12:00:12', '0000-00-00 00:00:00', 1, 0),
(543, 6, 63, 0, 0, 0, 0, 1, '2024-06-29 12:00:12', '0000-00-00 00:00:00', 1, 0),
(544, 6, 64, 0, 0, 0, 0, 1, '2024-06-29 12:00:12', '0000-00-00 00:00:00', 1, 0),
(545, 6, 107, 0, 0, 0, 0, 1, '2024-06-29 12:00:12', '0000-00-00 00:00:00', 1, 0),
(546, 6, 86, 0, 0, 0, 0, 1, '2024-06-29 12:00:12', '0000-00-00 00:00:00', 1, 0),
(547, 6, 87, 0, 0, 0, 0, 1, '2024-06-29 12:00:12', '0000-00-00 00:00:00', 1, 0),
(548, 6, 88, 0, 0, 0, 0, 1, '2024-06-29 12:00:12', '0000-00-00 00:00:00', 1, 0),
(549, 6, 95, 0, 0, 0, 0, 1, '2024-06-29 12:00:12', '0000-00-00 00:00:00', 1, 0),
(550, 6, 96, 0, 0, 0, 0, 1, '2024-06-29 12:00:12', '0000-00-00 00:00:00', 1, 0),
(551, 6, 97, 0, 0, 0, 0, 1, '2024-06-29 12:00:12', '0000-00-00 00:00:00', 1, 0),
(552, 6, 98, 0, 0, 0, 0, 1, '2024-06-29 12:00:12', '0000-00-00 00:00:00', 1, 0),
(553, 6, 99, 0, 0, 0, 0, 1, '2024-06-29 12:00:12', '0000-00-00 00:00:00', 1, 0),
(554, 6, 100, 0, 0, 0, 0, 1, '2024-06-29 12:00:12', '0000-00-00 00:00:00', 1, 0),
(555, 6, 101, 0, 0, 0, 0, 1, '2024-06-29 12:00:12', '0000-00-00 00:00:00', 1, 0),
(556, 6, 94, 0, 0, 0, 0, 1, '2024-06-29 12:00:12', '0000-00-00 00:00:00', 1, 0),
(557, 6, 102, 0, 0, 0, 0, 1, '2024-06-29 12:00:12', '0000-00-00 00:00:00', 1, 0),
(558, 6, 103, 0, 0, 0, 0, 1, '2024-06-29 12:00:12', '0000-00-00 00:00:00', 1, 0),
(559, 6, 104, 0, 0, 0, 0, 1, '2024-06-29 12:00:12', '0000-00-00 00:00:00', 1, 0),
(560, 6, 108, 0, 0, 0, 0, 1, '2024-06-29 12:00:12', '0000-00-00 00:00:00', 1, 0),
(561, 6, 109, 0, 0, 0, 0, 1, '2024-06-29 12:00:12', '0000-00-00 00:00:00', 1, 0),
(562, 6, 110, 0, 0, 0, 0, 1, '2024-06-29 12:00:12', '0000-00-00 00:00:00', 1, 0),
(563, 6, 119, 0, 0, 0, 0, 1, '2024-06-29 12:00:12', '0000-00-00 00:00:00', 1, 0),
(564, 6, 120, 0, 0, 0, 0, 1, '2024-06-29 12:00:12', '0000-00-00 00:00:00', 1, 0),
(565, 6, 121, 0, 0, 0, 0, 1, '2024-06-29 12:00:12', '0000-00-00 00:00:00', 1, 0),
(566, 6, 122, 0, 0, 0, 0, 1, '2024-06-29 12:00:12', '0000-00-00 00:00:00', 1, 0),
(567, 6, 123, 0, 0, 0, 0, 1, '2024-06-29 12:00:12', '0000-00-00 00:00:00', 1, 0),
(568, 6, 133, 0, 0, 0, 0, 1, '2024-06-29 12:00:12', '0000-00-00 00:00:00', 1, 0),
(569, 6, 134, 0, 0, 0, 0, 1, '2024-06-29 12:00:12', '0000-00-00 00:00:00', 1, 0),
(570, 6, 135, 0, 0, 0, 0, 1, '2024-06-29 12:00:12', '0000-00-00 00:00:00', 1, 0),
(571, 6, 136, 0, 0, 0, 0, 1, '2024-06-29 12:00:12', '0000-00-00 00:00:00', 1, 0),
(572, 6, 137, 0, 0, 0, 0, 1, '2024-06-29 12:00:12', '0000-00-00 00:00:00', 1, 0),
(573, 6, 138, 0, 0, 0, 0, 1, '2024-06-29 12:00:12', '0000-00-00 00:00:00', 1, 0),
(574, 6, 139, 0, 0, 0, 0, 1, '2024-06-29 12:00:12', '0000-00-00 00:00:00', 1, 0),
(575, 6, 140, 0, 0, 0, 0, 1, '2024-06-29 12:00:12', '0000-00-00 00:00:00', 1, 0),
(576, 6, 142, 0, 0, 0, 0, 1, '2024-06-29 12:00:12', '0000-00-00 00:00:00', 1, 0),
(577, 3, 1, 0, 0, 0, 0, 1, '2023-03-27 12:46:43', '0000-00-00 00:00:00', 1, 0),
(578, 3, 2, 0, 0, 0, 0, 1, '2023-03-27 12:46:43', '0000-00-00 00:00:00', 1, 0),
(579, 3, 3, 0, 0, 0, 0, 1, '2023-03-27 12:46:43', '0000-00-00 00:00:00', 1, 0),
(580, 3, 4, 0, 0, 0, 0, 1, '2023-03-27 12:46:43', '0000-00-00 00:00:00', 1, 0),
(581, 3, 5, 0, 0, 0, 0, 1, '2023-03-27 12:46:43', '0000-00-00 00:00:00', 1, 0),
(582, 3, 6, 0, 0, 0, 0, 1, '2023-03-27 12:46:43', '0000-00-00 00:00:00', 1, 0),
(583, 3, 7, 0, 0, 0, 0, 1, '2023-03-27 12:46:43', '0000-00-00 00:00:00', 1, 0),
(584, 3, 8, 0, 0, 0, 0, 1, '2023-03-27 12:46:43', '0000-00-00 00:00:00', 1, 0),
(585, 3, 9, 0, 0, 0, 0, 1, '2023-03-27 12:46:43', '0000-00-00 00:00:00', 1, 0),
(586, 3, 10, 0, 0, 0, 0, 1, '2023-03-27 12:46:43', '0000-00-00 00:00:00', 1, 0),
(587, 3, 11, 0, 0, 0, 0, 1, '2023-03-27 12:46:43', '0000-00-00 00:00:00', 1, 0),
(588, 3, 12, 0, 0, 0, 0, 1, '2023-03-27 12:46:43', '0000-00-00 00:00:00', 1, 0),
(589, 3, 13, 0, 0, 0, 0, 1, '2023-03-27 12:46:43', '0000-00-00 00:00:00', 1, 0),
(590, 3, 14, 0, 0, 0, 0, 1, '2023-03-27 12:46:43', '0000-00-00 00:00:00', 1, 0),
(591, 3, 18, 0, 0, 0, 0, 1, '2023-03-27 12:46:43', '0000-00-00 00:00:00', 1, 0),
(592, 3, 19, 0, 0, 0, 0, 1, '2023-03-27 12:46:43', '0000-00-00 00:00:00', 1, 0),
(593, 3, 82, 0, 0, 0, 0, 1, '2023-03-27 12:46:43', '0000-00-00 00:00:00', 1, 0),
(594, 3, 83, 0, 0, 0, 0, 1, '2023-03-27 12:46:43', '0000-00-00 00:00:00', 1, 0),
(595, 3, 15, 0, 0, 0, 0, 1, '2023-03-27 12:46:43', '0000-00-00 00:00:00', 1, 0),
(596, 3, 16, 0, 0, 0, 0, 1, '2023-03-27 12:46:43', '0000-00-00 00:00:00', 1, 0),
(597, 3, 17, 0, 0, 0, 0, 1, '2023-03-27 12:46:43', '0000-00-00 00:00:00', 1, 0),
(598, 3, 111, 0, 0, 0, 0, 1, '2023-03-27 12:46:43', '0000-00-00 00:00:00', 1, 0),
(599, 3, 112, 0, 0, 0, 0, 1, '2023-03-27 12:46:43', '0000-00-00 00:00:00', 1, 0),
(600, 3, 113, 0, 0, 0, 0, 1, '2023-03-27 12:46:43', '0000-00-00 00:00:00', 1, 0),
(601, 3, 114, 0, 0, 0, 0, 1, '2023-03-27 12:46:43', '0000-00-00 00:00:00', 1, 0),
(602, 3, 115, 0, 0, 0, 0, 1, '2023-03-27 12:46:43', '0000-00-00 00:00:00', 1, 0),
(603, 3, 116, 0, 0, 0, 0, 1, '2023-03-27 12:46:43', '0000-00-00 00:00:00', 1, 0),
(604, 3, 117, 0, 0, 0, 0, 1, '2023-03-27 12:46:43', '0000-00-00 00:00:00', 1, 0),
(605, 3, 118, 0, 0, 0, 0, 1, '2023-03-27 12:46:43', '0000-00-00 00:00:00', 1, 0),
(606, 3, 20, 0, 0, 0, 0, 1, '2023-03-27 12:46:43', '0000-00-00 00:00:00', 1, 0),
(607, 3, 21, 0, 0, 0, 0, 1, '2023-03-27 12:46:43', '0000-00-00 00:00:00', 1, 0),
(608, 3, 22, 0, 0, 0, 0, 1, '2023-03-27 12:46:43', '0000-00-00 00:00:00', 1, 0),
(609, 3, 23, 0, 0, 0, 0, 1, '2023-03-27 12:46:43', '0000-00-00 00:00:00', 1, 0),
(610, 3, 24, 0, 0, 0, 0, 1, '2023-03-27 12:46:43', '0000-00-00 00:00:00', 1, 0),
(611, 3, 25, 0, 0, 0, 0, 1, '2023-03-27 12:46:43', '0000-00-00 00:00:00', 1, 0),
(612, 3, 43, 0, 0, 0, 0, 1, '2023-03-27 12:46:43', '0000-00-00 00:00:00', 1, 0),
(613, 3, 26, 0, 0, 0, 0, 1, '2023-03-27 12:46:43', '0000-00-00 00:00:00', 1, 0),
(614, 3, 27, 0, 0, 0, 0, 1, '2023-03-27 12:46:43', '0000-00-00 00:00:00', 1, 0),
(615, 3, 28, 0, 0, 0, 0, 1, '2023-03-27 12:46:43', '0000-00-00 00:00:00', 1, 0),
(616, 3, 29, 0, 0, 0, 0, 1, '2023-03-27 12:46:43', '0000-00-00 00:00:00', 1, 0),
(617, 3, 30, 0, 0, 0, 0, 1, '2023-03-27 12:46:43', '0000-00-00 00:00:00', 1, 0),
(618, 3, 31, 0, 0, 0, 0, 1, '2023-03-27 12:46:43', '0000-00-00 00:00:00', 1, 0),
(619, 3, 32, 0, 0, 0, 0, 1, '2023-03-27 12:46:43', '0000-00-00 00:00:00', 1, 0),
(620, 3, 33, 0, 0, 0, 0, 1, '2023-03-27 12:46:43', '0000-00-00 00:00:00', 1, 0),
(621, 3, 34, 0, 0, 0, 0, 1, '2023-03-27 12:46:44', '0000-00-00 00:00:00', 1, 0),
(622, 3, 126, 0, 0, 0, 0, 1, '2023-03-27 12:46:44', '0000-00-00 00:00:00', 1, 0),
(623, 3, 144, 0, 0, 0, 0, 1, '2023-03-27 12:46:44', '0000-00-00 00:00:00', 1, 0),
(624, 3, 35, 0, 0, 0, 0, 1, '2023-03-27 12:46:44', '0000-00-00 00:00:00', 1, 0),
(625, 3, 36, 0, 0, 0, 0, 1, '2023-03-27 12:46:44', '0000-00-00 00:00:00', 1, 0),
(626, 3, 37, 0, 0, 0, 0, 1, '2023-03-27 12:46:44', '0000-00-00 00:00:00', 1, 0),
(627, 3, 38, 0, 0, 0, 0, 1, '2023-03-27 12:46:44', '0000-00-00 00:00:00', 1, 0),
(628, 3, 39, 0, 0, 0, 0, 1, '2023-03-27 12:46:44', '0000-00-00 00:00:00', 1, 0),
(629, 3, 40, 0, 0, 0, 0, 1, '2023-03-27 12:46:44', '0000-00-00 00:00:00', 1, 0),
(630, 3, 41, 0, 0, 0, 0, 1, '2023-03-27 12:46:44', '0000-00-00 00:00:00', 1, 0);
INSERT INTO `privileges` (`id`, `role_id`, `operation_id`, `is_add`, `is_edit`, `is_view`, `is_delete`, `status`, `created_at`, `modified_at`, `created_by`, `modified_by`) VALUES
(631, 3, 42, 0, 0, 0, 0, 1, '2023-03-27 12:46:44', '0000-00-00 00:00:00', 1, 0),
(632, 3, 67, 1, 1, 1, 0, 1, '2023-03-27 12:46:44', '0000-00-00 00:00:00', 1, 0),
(633, 3, 68, 1, 1, 1, 0, 1, '2023-03-27 12:46:44', '0000-00-00 00:00:00', 1, 0),
(634, 3, 69, 1, 1, 1, 0, 1, '2023-03-27 12:46:44', '0000-00-00 00:00:00', 1, 0),
(635, 3, 70, 1, 1, 1, 0, 1, '2023-03-27 12:46:44', '0000-00-00 00:00:00', 1, 0),
(636, 3, 71, 1, 1, 1, 0, 1, '2023-03-27 12:46:44', '0000-00-00 00:00:00', 1, 0),
(637, 3, 72, 1, 1, 1, 0, 1, '2023-03-27 12:46:44', '0000-00-00 00:00:00', 1, 0),
(638, 3, 73, 1, 1, 1, 0, 1, '2023-03-27 12:46:44', '0000-00-00 00:00:00', 1, 0),
(639, 3, 74, 1, 1, 1, 0, 1, '2023-03-27 12:46:44', '0000-00-00 00:00:00', 1, 0),
(640, 3, 75, 1, 1, 1, 0, 1, '2023-03-27 12:46:44', '0000-00-00 00:00:00', 1, 0),
(641, 3, 76, 1, 1, 1, 0, 1, '2023-03-27 12:46:44', '0000-00-00 00:00:00', 1, 0),
(642, 3, 77, 1, 1, 1, 0, 1, '2023-03-27 12:46:44', '0000-00-00 00:00:00', 1, 0),
(643, 3, 78, 1, 1, 1, 0, 1, '2023-03-27 12:46:44', '0000-00-00 00:00:00', 1, 0),
(644, 3, 79, 1, 1, 1, 0, 1, '2023-03-27 12:46:44', '0000-00-00 00:00:00', 1, 0),
(645, 3, 80, 1, 1, 1, 0, 1, '2023-03-27 12:46:44', '0000-00-00 00:00:00', 1, 0),
(646, 3, 81, 1, 1, 1, 0, 1, '2023-03-27 12:46:44', '0000-00-00 00:00:00', 1, 0),
(647, 3, 127, 0, 0, 0, 0, 1, '2023-03-27 12:46:44', '0000-00-00 00:00:00', 1, 0),
(648, 3, 128, 0, 0, 0, 0, 1, '2023-03-27 12:46:44', '0000-00-00 00:00:00', 1, 0),
(649, 3, 129, 0, 0, 0, 0, 1, '2023-03-27 12:46:44', '0000-00-00 00:00:00', 1, 0),
(650, 3, 143, 0, 0, 0, 0, 1, '2023-03-27 12:46:44', '0000-00-00 00:00:00', 1, 0),
(651, 3, 44, 0, 0, 0, 0, 1, '2023-03-27 12:46:44', '0000-00-00 00:00:00', 1, 0),
(652, 3, 130, 0, 0, 0, 0, 1, '2023-03-27 12:46:44', '0000-00-00 00:00:00', 1, 0),
(653, 3, 131, 0, 0, 0, 0, 1, '2023-03-27 12:46:44', '0000-00-00 00:00:00', 1, 0),
(654, 3, 45, 0, 0, 0, 0, 1, '2023-03-27 12:46:44', '0000-00-00 00:00:00', 1, 0),
(655, 3, 46, 0, 0, 0, 0, 1, '2023-03-27 12:46:44', '0000-00-00 00:00:00', 1, 0),
(656, 3, 47, 0, 0, 0, 0, 1, '2023-03-27 12:46:44', '0000-00-00 00:00:00', 1, 0),
(657, 3, 53, 0, 0, 0, 0, 1, '2023-03-27 12:46:44', '0000-00-00 00:00:00', 1, 0),
(658, 3, 65, 0, 0, 0, 0, 1, '2023-03-27 12:46:44', '0000-00-00 00:00:00', 1, 0),
(659, 3, 66, 0, 0, 0, 0, 1, '2023-03-27 12:46:44', '0000-00-00 00:00:00', 1, 0),
(660, 3, 48, 0, 0, 0, 0, 1, '2023-03-27 12:46:44', '0000-00-00 00:00:00', 1, 0),
(661, 3, 49, 0, 0, 0, 0, 1, '2023-03-27 12:46:44', '0000-00-00 00:00:00', 1, 0),
(662, 3, 50, 0, 0, 0, 0, 1, '2023-03-27 12:46:44', '0000-00-00 00:00:00', 1, 0),
(663, 3, 51, 0, 0, 0, 0, 1, '2023-03-27 12:46:44', '0000-00-00 00:00:00', 1, 0),
(664, 3, 52, 0, 0, 0, 0, 1, '2023-03-27 12:46:44', '0000-00-00 00:00:00', 1, 0),
(665, 3, 57, 0, 0, 0, 0, 1, '2023-03-27 12:46:44', '0000-00-00 00:00:00', 1, 0),
(666, 3, 84, 1, 0, 1, 0, 1, '2023-03-27 12:46:44', '0000-00-00 00:00:00', 1, 0),
(667, 3, 85, 0, 0, 0, 0, 1, '2023-03-27 12:46:44', '0000-00-00 00:00:00', 1, 0),
(668, 3, 91, 0, 0, 0, 0, 1, '2023-03-27 12:46:44', '0000-00-00 00:00:00', 1, 0),
(669, 3, 92, 0, 0, 0, 0, 1, '2023-03-27 12:46:44', '0000-00-00 00:00:00', 1, 0),
(670, 3, 105, 0, 0, 0, 0, 1, '2023-03-27 12:46:44', '0000-00-00 00:00:00', 1, 0),
(671, 3, 124, 0, 0, 0, 0, 1, '2023-03-27 12:46:44', '0000-00-00 00:00:00', 1, 0),
(672, 3, 125, 0, 0, 0, 0, 1, '2023-03-27 12:46:44', '0000-00-00 00:00:00', 1, 0),
(673, 3, 141, 0, 0, 0, 0, 1, '2023-03-27 12:46:44', '0000-00-00 00:00:00', 1, 0),
(674, 3, 54, 0, 0, 0, 0, 1, '2023-03-27 12:46:44', '0000-00-00 00:00:00', 1, 0),
(675, 3, 55, 0, 0, 0, 0, 1, '2023-03-27 12:46:44', '0000-00-00 00:00:00', 1, 0),
(676, 3, 56, 0, 0, 0, 0, 1, '2023-03-27 12:46:44', '0000-00-00 00:00:00', 1, 0),
(677, 3, 93, 0, 0, 0, 0, 1, '2023-03-27 12:46:44', '0000-00-00 00:00:00', 1, 0),
(678, 3, 58, 0, 0, 0, 0, 1, '2023-03-27 12:46:44', '0000-00-00 00:00:00', 1, 0),
(679, 3, 59, 0, 0, 0, 0, 1, '2023-03-27 12:46:44', '0000-00-00 00:00:00', 1, 0),
(680, 3, 60, 0, 0, 0, 0, 1, '2023-03-27 12:46:44', '0000-00-00 00:00:00', 1, 0),
(681, 3, 89, 0, 0, 0, 0, 1, '2023-03-27 12:46:44', '0000-00-00 00:00:00', 1, 0),
(682, 3, 90, 0, 0, 0, 0, 1, '2023-03-27 12:46:44', '0000-00-00 00:00:00', 1, 0),
(683, 3, 106, 0, 0, 0, 0, 1, '2023-03-27 12:46:44', '0000-00-00 00:00:00', 1, 0),
(684, 3, 132, 0, 0, 0, 0, 1, '2023-03-27 12:46:44', '0000-00-00 00:00:00', 1, 0),
(685, 3, 61, 0, 0, 0, 0, 1, '2023-03-27 12:46:44', '0000-00-00 00:00:00', 1, 0),
(686, 3, 62, 0, 0, 0, 0, 1, '2023-03-27 12:46:44', '0000-00-00 00:00:00', 1, 0),
(687, 3, 63, 0, 0, 0, 0, 1, '2023-03-27 12:46:44', '0000-00-00 00:00:00', 1, 0),
(688, 3, 64, 0, 0, 0, 0, 1, '2023-03-27 12:46:44', '0000-00-00 00:00:00', 1, 0),
(689, 3, 107, 0, 0, 0, 0, 1, '2023-03-27 12:46:44', '0000-00-00 00:00:00', 1, 0),
(690, 3, 86, 0, 0, 0, 0, 1, '2023-03-27 12:46:44', '0000-00-00 00:00:00', 1, 0),
(691, 3, 87, 0, 0, 0, 0, 1, '2023-03-27 12:46:44', '0000-00-00 00:00:00', 1, 0),
(692, 3, 88, 0, 0, 0, 0, 1, '2023-03-27 12:46:44', '0000-00-00 00:00:00', 1, 0),
(693, 3, 95, 0, 0, 0, 0, 1, '2023-03-27 12:46:44', '0000-00-00 00:00:00', 1, 0),
(694, 3, 96, 0, 0, 0, 0, 1, '2023-03-27 12:46:44', '0000-00-00 00:00:00', 1, 0),
(695, 3, 97, 0, 0, 0, 0, 1, '2023-03-27 12:46:44', '0000-00-00 00:00:00', 1, 0),
(696, 3, 98, 0, 0, 0, 0, 1, '2023-03-27 12:46:44', '0000-00-00 00:00:00', 1, 0),
(697, 3, 99, 0, 0, 0, 0, 1, '2023-03-27 12:46:44', '0000-00-00 00:00:00', 1, 0),
(698, 3, 100, 0, 0, 0, 0, 1, '2023-03-27 12:46:44', '0000-00-00 00:00:00', 1, 0),
(699, 3, 101, 0, 0, 0, 0, 1, '2023-03-27 12:46:44', '0000-00-00 00:00:00', 1, 0),
(700, 3, 94, 1, 1, 1, 0, 1, '2023-03-27 12:46:44', '0000-00-00 00:00:00', 1, 0),
(701, 3, 102, 0, 0, 0, 0, 1, '2023-03-27 12:46:44', '0000-00-00 00:00:00', 1, 0),
(702, 3, 103, 0, 0, 0, 0, 1, '2023-03-27 12:46:44', '0000-00-00 00:00:00', 1, 0),
(703, 3, 104, 0, 0, 0, 0, 1, '2023-03-27 12:46:44', '0000-00-00 00:00:00', 1, 0),
(704, 3, 108, 0, 0, 0, 0, 1, '2023-03-27 12:46:44', '0000-00-00 00:00:00', 1, 0),
(705, 3, 109, 0, 0, 0, 0, 1, '2023-03-27 12:46:44', '0000-00-00 00:00:00', 1, 0),
(706, 3, 110, 0, 0, 0, 0, 1, '2023-03-27 12:46:44', '0000-00-00 00:00:00', 1, 0),
(707, 3, 119, 0, 0, 0, 0, 1, '2023-03-27 12:46:44', '0000-00-00 00:00:00', 1, 0),
(708, 3, 120, 0, 0, 0, 0, 1, '2023-03-27 12:46:44', '0000-00-00 00:00:00', 1, 0),
(709, 3, 121, 0, 0, 0, 0, 1, '2023-03-27 12:46:44', '0000-00-00 00:00:00', 1, 0),
(710, 3, 122, 0, 0, 0, 0, 1, '2023-03-27 12:46:44', '0000-00-00 00:00:00', 1, 0),
(711, 3, 123, 0, 0, 0, 0, 1, '2023-03-27 12:46:44', '0000-00-00 00:00:00', 1, 0),
(712, 3, 133, 0, 0, 0, 0, 1, '2023-03-27 12:46:44', '0000-00-00 00:00:00', 1, 0),
(713, 3, 134, 0, 0, 0, 0, 1, '2023-03-27 12:46:44', '0000-00-00 00:00:00', 1, 0),
(714, 3, 135, 0, 0, 0, 0, 1, '2023-03-27 12:46:44', '0000-00-00 00:00:00', 1, 0),
(715, 3, 136, 0, 0, 0, 0, 1, '2023-03-27 12:46:44', '0000-00-00 00:00:00', 1, 0),
(716, 3, 137, 0, 0, 0, 0, 1, '2023-03-27 12:46:44', '0000-00-00 00:00:00', 1, 0),
(717, 3, 138, 0, 0, 0, 0, 1, '2023-03-27 12:46:44', '0000-00-00 00:00:00', 1, 0),
(718, 3, 139, 0, 0, 0, 0, 1, '2023-03-27 12:46:44', '0000-00-00 00:00:00', 1, 0),
(719, 3, 140, 0, 0, 0, 0, 1, '2023-03-27 12:46:44', '0000-00-00 00:00:00', 1, 0),
(720, 3, 142, 0, 0, 0, 0, 1, '2023-03-27 12:46:44', '0000-00-00 00:00:00', 1, 0),
(721, 5, 1, 0, 0, 0, 0, 1, '2024-06-29 11:59:34', '0000-00-00 00:00:00', 1, 0),
(722, 5, 2, 0, 0, 0, 0, 1, '2024-06-29 11:59:34', '0000-00-00 00:00:00', 1, 0),
(723, 5, 3, 0, 0, 0, 0, 1, '2024-06-29 11:59:34', '0000-00-00 00:00:00', 1, 0),
(724, 5, 4, 0, 0, 0, 0, 1, '2024-06-29 11:59:34', '0000-00-00 00:00:00', 1, 0),
(725, 5, 5, 0, 0, 0, 0, 1, '2024-06-29 11:59:34', '0000-00-00 00:00:00', 1, 0),
(726, 5, 6, 0, 0, 0, 0, 1, '2024-06-29 11:59:34', '0000-00-00 00:00:00', 1, 0),
(727, 5, 7, 0, 0, 0, 0, 1, '2024-06-29 11:59:34', '0000-00-00 00:00:00', 1, 0),
(728, 5, 8, 0, 0, 0, 0, 1, '2024-06-29 11:59:34', '0000-00-00 00:00:00', 1, 0),
(729, 5, 9, 0, 0, 0, 0, 1, '2024-06-29 11:59:34', '0000-00-00 00:00:00', 1, 0),
(730, 5, 10, 0, 0, 0, 0, 1, '2024-06-29 11:59:34', '0000-00-00 00:00:00', 1, 0),
(731, 5, 11, 0, 0, 0, 0, 1, '2024-06-29 11:59:34', '0000-00-00 00:00:00', 1, 0),
(732, 5, 12, 0, 0, 0, 0, 1, '2024-06-29 11:59:34', '0000-00-00 00:00:00', 1, 0),
(733, 5, 13, 0, 0, 0, 0, 1, '2024-06-29 11:59:34', '0000-00-00 00:00:00', 1, 0),
(734, 5, 14, 0, 0, 0, 0, 1, '2024-06-29 11:59:34', '0000-00-00 00:00:00', 1, 0),
(735, 5, 18, 0, 0, 0, 0, 1, '2024-06-29 11:59:34', '0000-00-00 00:00:00', 1, 0),
(736, 5, 19, 0, 0, 0, 0, 1, '2024-06-29 11:59:34', '0000-00-00 00:00:00', 1, 0),
(737, 5, 82, 0, 0, 0, 0, 1, '2024-06-29 11:59:34', '0000-00-00 00:00:00', 1, 0),
(738, 5, 83, 0, 0, 0, 0, 1, '2024-06-29 11:59:34', '0000-00-00 00:00:00', 1, 0),
(739, 5, 15, 0, 0, 0, 0, 1, '2024-06-29 11:59:34', '0000-00-00 00:00:00', 1, 0),
(740, 5, 16, 0, 0, 0, 0, 1, '2024-06-29 11:59:34', '0000-00-00 00:00:00', 1, 0),
(741, 5, 17, 1, 0, 1, 0, 1, '2024-06-29 11:59:34', '0000-00-00 00:00:00', 1, 0),
(742, 5, 111, 0, 0, 0, 0, 1, '2024-06-29 11:59:34', '0000-00-00 00:00:00', 1, 0),
(743, 5, 112, 0, 0, 0, 0, 1, '2024-06-29 11:59:34', '0000-00-00 00:00:00', 1, 0),
(744, 5, 113, 0, 0, 0, 0, 1, '2024-06-29 11:59:34', '0000-00-00 00:00:00', 1, 0),
(745, 5, 114, 0, 0, 0, 0, 1, '2024-06-29 11:59:34', '0000-00-00 00:00:00', 1, 0),
(746, 5, 115, 0, 0, 0, 0, 1, '2024-06-29 11:59:34', '0000-00-00 00:00:00', 1, 0),
(747, 5, 116, 0, 0, 0, 0, 1, '2024-06-29 11:59:34', '0000-00-00 00:00:00', 1, 0),
(748, 5, 117, 0, 0, 0, 0, 1, '2024-06-29 11:59:34', '0000-00-00 00:00:00', 1, 0),
(749, 5, 118, 0, 0, 0, 0, 1, '2024-06-29 11:59:34', '0000-00-00 00:00:00', 1, 0),
(750, 5, 20, 0, 0, 0, 0, 1, '2024-06-29 11:59:34', '0000-00-00 00:00:00', 1, 0),
(751, 5, 21, 0, 0, 0, 0, 1, '2024-06-29 11:59:34', '0000-00-00 00:00:00', 1, 0),
(752, 5, 22, 0, 0, 0, 0, 1, '2024-06-29 11:59:34', '0000-00-00 00:00:00', 1, 0),
(753, 5, 23, 0, 0, 0, 0, 1, '2024-06-29 11:59:34', '0000-00-00 00:00:00', 1, 0),
(754, 5, 24, 0, 0, 0, 0, 1, '2024-06-29 11:59:34', '0000-00-00 00:00:00', 1, 0),
(755, 5, 25, 0, 0, 0, 0, 1, '2024-06-29 11:59:34', '0000-00-00 00:00:00', 1, 0),
(756, 5, 43, 0, 0, 0, 0, 1, '2024-06-29 11:59:34', '0000-00-00 00:00:00', 1, 0),
(757, 5, 26, 1, 0, 1, 0, 1, '2024-06-29 11:59:34', '0000-00-00 00:00:00', 1, 0),
(758, 5, 27, 0, 0, 0, 0, 1, '2024-06-29 11:59:34', '0000-00-00 00:00:00', 1, 0),
(759, 5, 28, 1, 0, 1, 0, 1, '2024-06-29 11:59:34', '0000-00-00 00:00:00', 1, 0),
(760, 5, 29, 0, 0, 0, 0, 1, '2024-06-29 11:59:34', '0000-00-00 00:00:00', 1, 0),
(761, 5, 30, 0, 0, 0, 0, 1, '2024-06-29 11:59:34', '0000-00-00 00:00:00', 1, 0),
(762, 5, 31, 0, 0, 0, 0, 1, '2024-06-29 11:59:34', '0000-00-00 00:00:00', 1, 0),
(763, 5, 32, 0, 0, 0, 0, 1, '2024-06-29 11:59:34', '0000-00-00 00:00:00', 1, 0),
(764, 5, 33, 1, 0, 1, 0, 1, '2024-06-29 11:59:34', '0000-00-00 00:00:00', 1, 0),
(765, 5, 34, 1, 0, 1, 0, 1, '2024-06-29 11:59:34', '0000-00-00 00:00:00', 1, 0),
(766, 5, 126, 0, 0, 0, 0, 1, '2024-06-29 11:59:34', '0000-00-00 00:00:00', 1, 0),
(767, 5, 144, 0, 0, 0, 0, 1, '2024-06-29 11:59:34', '0000-00-00 00:00:00', 1, 0),
(768, 5, 35, 1, 0, 1, 0, 1, '2024-06-29 11:59:34', '0000-00-00 00:00:00', 1, 0),
(769, 5, 36, 0, 0, 0, 0, 1, '2024-06-29 11:59:34', '0000-00-00 00:00:00', 1, 0),
(770, 5, 37, 1, 0, 1, 0, 1, '2024-06-29 11:59:34', '0000-00-00 00:00:00', 1, 0),
(771, 5, 38, 0, 0, 0, 0, 1, '2024-06-29 11:59:34', '0000-00-00 00:00:00', 1, 0),
(772, 5, 39, 0, 0, 0, 0, 1, '2024-06-29 11:59:34', '0000-00-00 00:00:00', 1, 0),
(773, 5, 40, 0, 0, 0, 0, 1, '2024-06-29 11:59:34', '0000-00-00 00:00:00', 1, 0),
(774, 5, 41, 0, 0, 0, 0, 1, '2024-06-29 11:59:34', '0000-00-00 00:00:00', 1, 0),
(775, 5, 42, 0, 0, 0, 0, 1, '2024-06-29 11:59:34', '0000-00-00 00:00:00', 1, 0),
(776, 5, 67, 1, 1, 1, 0, 1, '2024-06-29 11:59:34', '0000-00-00 00:00:00', 1, 0),
(777, 5, 68, 1, 0, 1, 0, 1, '2024-06-29 11:59:34', '0000-00-00 00:00:00', 1, 0),
(778, 5, 69, 1, 0, 1, 0, 1, '2024-06-29 11:59:34', '0000-00-00 00:00:00', 1, 0),
(779, 5, 70, 1, 0, 1, 0, 1, '2024-06-29 11:59:34', '0000-00-00 00:00:00', 1, 0),
(780, 5, 71, 1, 0, 1, 0, 1, '2024-06-29 11:59:34', '0000-00-00 00:00:00', 1, 0),
(781, 5, 72, 1, 0, 1, 0, 1, '2024-06-29 11:59:34', '0000-00-00 00:00:00', 1, 0),
(782, 5, 73, 1, 0, 1, 0, 1, '2024-06-29 11:59:34', '0000-00-00 00:00:00', 1, 0),
(783, 5, 74, 1, 0, 1, 0, 1, '2024-06-29 11:59:34', '0000-00-00 00:00:00', 1, 0),
(784, 5, 75, 1, 0, 1, 0, 1, '2024-06-29 11:59:34', '0000-00-00 00:00:00', 1, 0),
(785, 5, 76, 0, 0, 0, 0, 1, '2024-06-29 11:59:34', '0000-00-00 00:00:00', 1, 0),
(786, 5, 77, 0, 0, 0, 0, 1, '2024-06-29 11:59:34', '0000-00-00 00:00:00', 1, 0),
(787, 5, 78, 0, 0, 0, 0, 1, '2024-06-29 11:59:34', '0000-00-00 00:00:00', 1, 0),
(788, 5, 79, 0, 0, 0, 0, 1, '2024-06-29 11:59:34', '0000-00-00 00:00:00', 1, 0),
(789, 5, 80, 0, 0, 0, 0, 1, '2024-06-29 11:59:34', '0000-00-00 00:00:00', 1, 0),
(790, 5, 81, 0, 0, 0, 0, 1, '2024-06-29 11:59:34', '0000-00-00 00:00:00', 1, 0),
(791, 5, 127, 0, 0, 0, 0, 1, '2024-06-29 11:59:34', '0000-00-00 00:00:00', 1, 0),
(792, 5, 128, 0, 0, 0, 0, 1, '2024-06-29 11:59:34', '0000-00-00 00:00:00', 1, 0),
(793, 5, 129, 0, 0, 0, 0, 1, '2024-06-29 11:59:34', '0000-00-00 00:00:00', 1, 0),
(794, 5, 143, 0, 0, 0, 0, 1, '2024-06-29 11:59:34', '0000-00-00 00:00:00', 1, 0),
(795, 5, 44, 1, 0, 1, 0, 1, '2024-06-29 11:59:34', '0000-00-00 00:00:00', 1, 0),
(796, 5, 130, 0, 0, 0, 0, 1, '2024-06-29 11:59:34', '0000-00-00 00:00:00', 1, 0),
(797, 5, 131, 0, 0, 0, 0, 1, '2024-06-29 11:59:34', '0000-00-00 00:00:00', 1, 0),
(798, 5, 45, 1, 0, 1, 0, 1, '2024-06-29 11:59:34', '0000-00-00 00:00:00', 1, 0),
(799, 5, 46, 0, 0, 0, 0, 1, '2024-06-29 11:59:34', '0000-00-00 00:00:00', 1, 0),
(800, 5, 47, 0, 0, 0, 0, 1, '2024-06-29 11:59:34', '0000-00-00 00:00:00', 1, 0),
(801, 5, 53, 1, 0, 1, 0, 1, '2024-06-29 11:59:34', '0000-00-00 00:00:00', 1, 0),
(802, 5, 65, 0, 0, 0, 0, 1, '2024-06-29 11:59:34', '0000-00-00 00:00:00', 1, 0),
(803, 5, 66, 0, 0, 0, 0, 1, '2024-06-29 11:59:34', '0000-00-00 00:00:00', 1, 0),
(804, 5, 48, 0, 0, 1, 0, 1, '2024-06-29 11:59:34', '0000-00-00 00:00:00', 1, 0),
(805, 5, 49, 0, 0, 1, 0, 1, '2024-06-29 11:59:34', '0000-00-00 00:00:00', 1, 0),
(806, 5, 50, 0, 0, 1, 0, 1, '2024-06-29 11:59:34', '0000-00-00 00:00:00', 1, 0),
(807, 5, 51, 0, 0, 0, 0, 1, '2024-06-29 11:59:34', '0000-00-00 00:00:00', 1, 0),
(808, 5, 52, 0, 0, 1, 0, 1, '2024-06-29 11:59:34', '0000-00-00 00:00:00', 1, 0),
(809, 5, 57, 0, 0, 1, 0, 1, '2024-06-29 11:59:34', '0000-00-00 00:00:00', 1, 0),
(810, 5, 84, 0, 0, 1, 0, 1, '2024-06-29 11:59:34', '0000-00-00 00:00:00', 1, 0),
(811, 5, 85, 0, 0, 1, 0, 1, '2024-06-29 11:59:34', '0000-00-00 00:00:00', 1, 0),
(812, 5, 91, 0, 0, 1, 0, 1, '2024-06-29 11:59:34', '0000-00-00 00:00:00', 1, 0),
(813, 5, 92, 0, 0, 1, 0, 1, '2024-06-29 11:59:34', '0000-00-00 00:00:00', 1, 0),
(814, 5, 105, 0, 0, 1, 0, 1, '2024-06-29 11:59:34', '0000-00-00 00:00:00', 1, 0),
(815, 5, 124, 0, 0, 0, 0, 1, '2024-06-29 11:59:34', '0000-00-00 00:00:00', 1, 0),
(816, 5, 125, 0, 0, 0, 0, 1, '2024-06-29 11:59:34', '0000-00-00 00:00:00', 1, 0),
(817, 5, 141, 0, 0, 0, 0, 1, '2024-06-29 11:59:34', '0000-00-00 00:00:00', 1, 0),
(818, 5, 54, 0, 0, 0, 0, 1, '2024-06-29 11:59:34', '0000-00-00 00:00:00', 1, 0),
(819, 5, 55, 0, 0, 0, 0, 1, '2024-06-29 11:59:34', '0000-00-00 00:00:00', 1, 0),
(820, 5, 56, 0, 0, 0, 0, 1, '2024-06-29 11:59:34', '0000-00-00 00:00:00', 1, 0),
(821, 5, 93, 0, 0, 0, 0, 1, '2024-06-29 11:59:34', '0000-00-00 00:00:00', 1, 0),
(822, 5, 58, 1, 0, 1, 0, 1, '2024-06-29 11:59:34', '0000-00-00 00:00:00', 1, 0),
(823, 5, 59, 1, 0, 1, 0, 1, '2024-06-29 11:59:34', '0000-00-00 00:00:00', 1, 0),
(824, 5, 60, 1, 0, 1, 0, 1, '2024-06-29 11:59:34', '0000-00-00 00:00:00', 1, 0),
(825, 5, 89, 1, 0, 1, 0, 1, '2024-06-29 11:59:34', '0000-00-00 00:00:00', 1, 0),
(826, 5, 90, 1, 0, 1, 0, 1, '2024-06-29 11:59:34', '0000-00-00 00:00:00', 1, 0),
(827, 5, 106, 1, 0, 1, 0, 1, '2024-06-29 11:59:34', '0000-00-00 00:00:00', 1, 0),
(828, 5, 132, 0, 0, 0, 0, 1, '2024-06-29 11:59:34', '0000-00-00 00:00:00', 1, 0),
(829, 5, 61, 0, 0, 0, 0, 1, '2024-06-29 11:59:34', '0000-00-00 00:00:00', 1, 0),
(830, 5, 62, 0, 0, 0, 0, 1, '2024-06-29 11:59:34', '0000-00-00 00:00:00', 1, 0),
(831, 5, 63, 0, 0, 0, 0, 1, '2024-06-29 11:59:34', '0000-00-00 00:00:00', 1, 0),
(832, 5, 64, 0, 0, 0, 0, 1, '2024-06-29 11:59:34', '0000-00-00 00:00:00', 1, 0),
(833, 5, 107, 0, 0, 0, 0, 1, '2024-06-29 11:59:34', '0000-00-00 00:00:00', 1, 0),
(834, 5, 86, 0, 0, 0, 0, 1, '2024-06-29 11:59:34', '0000-00-00 00:00:00', 1, 0),
(835, 5, 87, 0, 0, 0, 0, 1, '2024-06-29 11:59:34', '0000-00-00 00:00:00', 1, 0),
(836, 5, 88, 0, 0, 0, 0, 1, '2024-06-29 11:59:34', '0000-00-00 00:00:00', 1, 0),
(837, 5, 95, 0, 0, 0, 0, 1, '2024-06-29 11:59:34', '0000-00-00 00:00:00', 1, 0),
(838, 5, 96, 0, 0, 0, 0, 1, '2024-06-29 11:59:34', '0000-00-00 00:00:00', 1, 0),
(839, 5, 97, 0, 0, 0, 0, 1, '2024-06-29 11:59:34', '0000-00-00 00:00:00', 1, 0),
(840, 5, 98, 0, 0, 0, 0, 1, '2024-06-29 11:59:34', '0000-00-00 00:00:00', 1, 0),
(841, 5, 99, 0, 0, 0, 0, 1, '2024-06-29 11:59:34', '0000-00-00 00:00:00', 1, 0),
(842, 5, 100, 0, 0, 0, 0, 1, '2024-06-29 11:59:34', '0000-00-00 00:00:00', 1, 0),
(843, 5, 101, 0, 0, 0, 0, 1, '2024-06-29 11:59:34', '0000-00-00 00:00:00', 1, 0),
(844, 5, 94, 0, 0, 0, 0, 1, '2024-06-29 11:59:34', '0000-00-00 00:00:00', 1, 0),
(845, 5, 102, 0, 0, 0, 0, 1, '2024-06-29 11:59:34', '0000-00-00 00:00:00', 1, 0),
(846, 5, 103, 0, 0, 0, 0, 1, '2024-06-29 11:59:34', '0000-00-00 00:00:00', 1, 0),
(847, 5, 104, 0, 0, 0, 0, 1, '2024-06-29 11:59:34', '0000-00-00 00:00:00', 1, 0),
(848, 5, 108, 0, 0, 0, 0, 1, '2024-06-29 11:59:34', '0000-00-00 00:00:00', 1, 0),
(849, 5, 109, 0, 0, 0, 0, 1, '2024-06-29 11:59:34', '0000-00-00 00:00:00', 1, 0),
(850, 5, 110, 0, 0, 0, 0, 1, '2024-06-29 11:59:34', '0000-00-00 00:00:00', 1, 0),
(851, 5, 119, 0, 0, 0, 0, 1, '2024-06-29 11:59:34', '0000-00-00 00:00:00', 1, 0),
(852, 5, 120, 0, 0, 0, 0, 1, '2024-06-29 11:59:34', '0000-00-00 00:00:00', 1, 0),
(853, 5, 121, 0, 0, 0, 0, 1, '2024-06-29 11:59:34', '0000-00-00 00:00:00', 1, 0),
(854, 5, 122, 0, 0, 0, 0, 1, '2024-06-29 11:59:34', '0000-00-00 00:00:00', 1, 0),
(855, 5, 123, 0, 0, 0, 0, 1, '2024-06-29 11:59:34', '0000-00-00 00:00:00', 1, 0),
(856, 5, 133, 0, 0, 0, 0, 1, '2024-06-29 11:59:34', '0000-00-00 00:00:00', 1, 0),
(857, 5, 134, 0, 0, 0, 0, 1, '2024-06-29 11:59:34', '0000-00-00 00:00:00', 1, 0),
(858, 5, 135, 0, 0, 0, 0, 1, '2024-06-29 11:59:34', '0000-00-00 00:00:00', 1, 0),
(859, 5, 136, 0, 0, 0, 0, 1, '2024-06-29 11:59:34', '0000-00-00 00:00:00', 1, 0),
(860, 5, 137, 0, 0, 0, 0, 1, '2024-06-29 11:59:34', '0000-00-00 00:00:00', 1, 0),
(861, 5, 138, 0, 0, 0, 0, 1, '2024-06-29 11:59:34', '0000-00-00 00:00:00', 1, 0),
(862, 5, 139, 0, 0, 0, 0, 1, '2024-06-29 11:59:34', '0000-00-00 00:00:00', 1, 0),
(863, 5, 140, 0, 0, 0, 0, 1, '2024-06-29 11:59:34', '0000-00-00 00:00:00', 1, 0),
(864, 5, 142, 0, 0, 0, 0, 1, '2024-06-29 11:59:34', '0000-00-00 00:00:00', 1, 0),
(865, 12, 1, 0, 0, 0, 0, 1, '2024-07-02 17:16:53', '0000-00-00 00:00:00', 1, 0),
(866, 12, 2, 0, 0, 0, 0, 1, '2024-07-02 17:16:53', '0000-00-00 00:00:00', 1, 0),
(867, 12, 3, 0, 0, 0, 0, 1, '2024-07-02 17:16:53', '0000-00-00 00:00:00', 1, 0),
(868, 12, 4, 0, 0, 0, 0, 1, '2024-07-02 17:16:53', '0000-00-00 00:00:00', 1, 0),
(869, 12, 5, 0, 0, 0, 0, 1, '2024-07-02 17:16:53', '0000-00-00 00:00:00', 1, 0),
(870, 12, 6, 0, 0, 0, 0, 1, '2024-07-02 17:16:53', '0000-00-00 00:00:00', 1, 0),
(871, 12, 7, 0, 0, 0, 0, 1, '2024-07-02 17:16:53', '0000-00-00 00:00:00', 1, 0),
(872, 12, 8, 0, 0, 0, 0, 1, '2024-07-02 17:16:53', '0000-00-00 00:00:00', 1, 0),
(873, 12, 9, 0, 0, 0, 0, 1, '2024-07-02 17:16:53', '0000-00-00 00:00:00', 1, 0),
(874, 12, 10, 0, 0, 0, 0, 1, '2024-07-02 17:16:53', '0000-00-00 00:00:00', 1, 0),
(875, 12, 11, 0, 0, 0, 0, 1, '2024-07-02 17:16:53', '0000-00-00 00:00:00', 1, 0),
(876, 12, 12, 0, 0, 0, 0, 1, '2024-07-02 17:16:53', '0000-00-00 00:00:00', 1, 0),
(877, 12, 13, 0, 0, 0, 0, 1, '2024-07-02 17:16:53', '0000-00-00 00:00:00', 1, 0),
(878, 12, 14, 0, 0, 0, 0, 1, '2024-07-02 17:16:53', '0000-00-00 00:00:00', 1, 0),
(879, 12, 18, 0, 0, 0, 0, 1, '2024-07-02 17:16:53', '0000-00-00 00:00:00', 1, 0),
(880, 12, 19, 0, 0, 0, 0, 1, '2024-07-02 17:16:53', '0000-00-00 00:00:00', 1, 0),
(881, 12, 82, 0, 0, 0, 0, 1, '2024-07-02 17:16:53', '0000-00-00 00:00:00', 1, 0),
(882, 12, 83, 0, 0, 0, 0, 1, '2024-07-02 17:16:53', '0000-00-00 00:00:00', 1, 0),
(883, 12, 15, 0, 0, 0, 0, 1, '2024-07-02 17:16:53', '0000-00-00 00:00:00', 1, 0),
(884, 12, 16, 0, 0, 0, 0, 1, '2024-07-02 17:16:53', '0000-00-00 00:00:00', 1, 0),
(885, 12, 17, 0, 0, 0, 0, 1, '2024-07-02 17:16:53', '0000-00-00 00:00:00', 1, 0),
(886, 12, 111, 0, 0, 0, 0, 1, '2024-07-02 17:16:53', '0000-00-00 00:00:00', 1, 0),
(887, 12, 112, 0, 0, 0, 0, 1, '2024-07-02 17:16:53', '0000-00-00 00:00:00', 1, 0),
(888, 12, 113, 0, 0, 0, 0, 1, '2024-07-02 17:16:53', '0000-00-00 00:00:00', 1, 0),
(889, 12, 114, 0, 0, 0, 0, 1, '2024-07-02 17:16:53', '0000-00-00 00:00:00', 1, 0),
(890, 12, 115, 0, 0, 0, 0, 1, '2024-07-02 17:16:53', '0000-00-00 00:00:00', 1, 0),
(891, 12, 116, 0, 0, 0, 0, 1, '2024-07-02 17:16:53', '0000-00-00 00:00:00', 1, 0),
(892, 12, 117, 0, 0, 0, 0, 1, '2024-07-02 17:16:53', '0000-00-00 00:00:00', 1, 0),
(893, 12, 118, 0, 0, 0, 0, 1, '2024-07-02 17:16:53', '0000-00-00 00:00:00', 1, 0),
(894, 12, 20, 0, 0, 0, 0, 1, '2024-07-02 17:16:53', '0000-00-00 00:00:00', 1, 0),
(895, 12, 21, 0, 0, 0, 0, 1, '2024-07-02 17:16:53', '0000-00-00 00:00:00', 1, 0),
(896, 12, 22, 0, 0, 0, 0, 1, '2024-07-02 17:16:53', '0000-00-00 00:00:00', 1, 0),
(897, 12, 23, 0, 0, 0, 0, 1, '2024-07-02 17:16:53', '0000-00-00 00:00:00', 1, 0),
(898, 12, 24, 0, 0, 0, 0, 1, '2024-07-02 17:16:53', '0000-00-00 00:00:00', 1, 0),
(899, 12, 25, 0, 0, 0, 0, 1, '2024-07-02 17:16:53', '0000-00-00 00:00:00', 1, 0),
(900, 12, 43, 0, 0, 0, 0, 1, '2024-07-02 17:16:53', '0000-00-00 00:00:00', 1, 0),
(901, 12, 26, 1, 0, 1, 0, 1, '2024-07-02 17:16:53', '0000-00-00 00:00:00', 1, 0),
(902, 12, 27, 0, 0, 0, 0, 1, '2024-07-02 17:16:53', '0000-00-00 00:00:00', 1, 0),
(903, 12, 28, 1, 0, 1, 0, 1, '2024-07-02 17:16:53', '0000-00-00 00:00:00', 1, 0),
(904, 12, 29, 0, 0, 0, 0, 1, '2024-07-02 17:16:53', '0000-00-00 00:00:00', 1, 0),
(905, 12, 30, 0, 0, 0, 0, 1, '2024-07-02 17:16:53', '0000-00-00 00:00:00', 1, 0),
(906, 12, 31, 0, 0, 0, 0, 1, '2024-07-02 17:16:53', '0000-00-00 00:00:00', 1, 0),
(907, 12, 32, 0, 0, 0, 0, 1, '2024-07-02 17:16:53', '0000-00-00 00:00:00', 1, 0),
(908, 12, 33, 0, 0, 0, 0, 1, '2024-07-02 17:16:53', '0000-00-00 00:00:00', 1, 0),
(909, 12, 34, 0, 0, 0, 0, 1, '2024-07-02 17:16:53', '0000-00-00 00:00:00', 1, 0),
(910, 12, 126, 0, 0, 0, 0, 1, '2024-07-02 17:16:53', '0000-00-00 00:00:00', 1, 0),
(911, 12, 144, 0, 0, 0, 0, 1, '2024-07-02 17:16:53', '0000-00-00 00:00:00', 1, 0),
(912, 12, 35, 0, 0, 0, 0, 1, '2024-07-02 17:16:53', '0000-00-00 00:00:00', 1, 0),
(913, 12, 36, 0, 0, 0, 0, 1, '2024-07-02 17:16:53', '0000-00-00 00:00:00', 1, 0),
(914, 12, 37, 0, 0, 0, 0, 1, '2024-07-02 17:16:53', '0000-00-00 00:00:00', 1, 0),
(915, 12, 38, 0, 0, 0, 0, 1, '2024-07-02 17:16:53', '0000-00-00 00:00:00', 1, 0),
(916, 12, 39, 0, 0, 0, 0, 1, '2024-07-02 17:16:53', '0000-00-00 00:00:00', 1, 0),
(917, 12, 40, 0, 0, 0, 0, 1, '2024-07-02 17:16:53', '0000-00-00 00:00:00', 1, 0),
(918, 12, 41, 0, 0, 0, 0, 1, '2024-07-02 17:16:53', '0000-00-00 00:00:00', 1, 0),
(919, 12, 42, 0, 0, 0, 0, 1, '2024-07-02 17:16:53', '0000-00-00 00:00:00', 1, 0),
(920, 12, 67, 0, 0, 0, 0, 1, '2024-07-02 17:16:53', '0000-00-00 00:00:00', 1, 0),
(921, 12, 68, 0, 0, 0, 0, 1, '2024-07-02 17:16:53', '0000-00-00 00:00:00', 1, 0),
(922, 12, 69, 0, 0, 0, 0, 1, '2024-07-02 17:16:53', '0000-00-00 00:00:00', 1, 0),
(923, 12, 70, 0, 0, 0, 0, 1, '2024-07-02 17:16:53', '0000-00-00 00:00:00', 1, 0),
(924, 12, 71, 0, 0, 0, 0, 1, '2024-07-02 17:16:53', '0000-00-00 00:00:00', 1, 0),
(925, 12, 72, 0, 0, 0, 0, 1, '2024-07-02 17:16:53', '0000-00-00 00:00:00', 1, 0),
(926, 12, 73, 0, 0, 0, 0, 1, '2024-07-02 17:16:53', '0000-00-00 00:00:00', 1, 0),
(927, 12, 74, 0, 0, 0, 0, 1, '2024-07-02 17:16:53', '0000-00-00 00:00:00', 1, 0),
(928, 12, 75, 0, 0, 0, 0, 1, '2024-07-02 17:16:53', '0000-00-00 00:00:00', 1, 0),
(929, 12, 76, 0, 0, 0, 0, 1, '2024-07-02 17:16:53', '0000-00-00 00:00:00', 1, 0),
(930, 12, 77, 0, 0, 0, 0, 1, '2024-07-02 17:16:53', '0000-00-00 00:00:00', 1, 0),
(931, 12, 78, 0, 0, 0, 0, 1, '2024-07-02 17:16:53', '0000-00-00 00:00:00', 1, 0),
(932, 12, 79, 0, 0, 0, 0, 1, '2024-07-02 17:16:53', '0000-00-00 00:00:00', 1, 0),
(933, 12, 80, 0, 0, 0, 0, 1, '2024-07-02 17:16:53', '0000-00-00 00:00:00', 1, 0),
(934, 12, 81, 0, 0, 0, 0, 1, '2024-07-02 17:16:53', '0000-00-00 00:00:00', 1, 0),
(935, 12, 127, 0, 0, 0, 0, 1, '2024-07-02 17:16:53', '0000-00-00 00:00:00', 1, 0),
(936, 12, 128, 0, 0, 0, 0, 1, '2024-07-02 17:16:53', '0000-00-00 00:00:00', 1, 0),
(937, 12, 129, 0, 0, 0, 0, 1, '2024-07-02 17:16:53', '0000-00-00 00:00:00', 1, 0),
(938, 12, 143, 0, 0, 0, 0, 1, '2024-07-02 17:16:53', '0000-00-00 00:00:00', 1, 0),
(939, 12, 44, 0, 0, 0, 0, 1, '2024-07-02 17:16:53', '0000-00-00 00:00:00', 1, 0),
(940, 12, 130, 0, 0, 0, 0, 1, '2024-07-02 17:16:53', '0000-00-00 00:00:00', 1, 0),
(941, 12, 131, 0, 0, 0, 0, 1, '2024-07-02 17:16:53', '0000-00-00 00:00:00', 1, 0),
(942, 12, 45, 0, 0, 0, 0, 1, '2024-07-02 17:16:53', '0000-00-00 00:00:00', 1, 0),
(943, 12, 46, 0, 0, 0, 0, 1, '2024-07-02 17:16:53', '0000-00-00 00:00:00', 1, 0),
(944, 12, 47, 0, 0, 0, 0, 1, '2024-07-02 17:16:53', '0000-00-00 00:00:00', 1, 0),
(945, 12, 53, 1, 1, 1, 0, 1, '2024-07-02 17:16:53', '0000-00-00 00:00:00', 1, 0),
(946, 12, 65, 0, 0, 0, 0, 1, '2024-07-02 17:16:53', '0000-00-00 00:00:00', 1, 0),
(947, 12, 66, 0, 0, 0, 0, 1, '2024-07-02 17:16:53', '0000-00-00 00:00:00', 1, 0),
(948, 12, 48, 0, 0, 1, 0, 1, '2024-07-02 17:16:53', '0000-00-00 00:00:00', 1, 0),
(949, 12, 49, 0, 0, 1, 0, 1, '2024-07-02 17:16:53', '0000-00-00 00:00:00', 1, 0),
(950, 12, 50, 0, 0, 0, 0, 1, '2024-07-02 17:16:53', '0000-00-00 00:00:00', 1, 0),
(951, 12, 51, 0, 0, 0, 0, 1, '2024-07-02 17:16:53', '0000-00-00 00:00:00', 1, 0),
(952, 12, 52, 0, 0, 0, 0, 1, '2024-07-02 17:16:53', '0000-00-00 00:00:00', 1, 0),
(953, 12, 57, 0, 0, 0, 0, 1, '2024-07-02 17:16:53', '0000-00-00 00:00:00', 1, 0),
(954, 12, 84, 0, 0, 0, 0, 1, '2024-07-02 17:16:53', '0000-00-00 00:00:00', 1, 0),
(955, 12, 85, 0, 0, 0, 0, 1, '2024-07-02 17:16:53', '0000-00-00 00:00:00', 1, 0),
(956, 12, 91, 0, 0, 0, 0, 1, '2024-07-02 17:16:53', '0000-00-00 00:00:00', 1, 0),
(957, 12, 92, 0, 0, 0, 0, 1, '2024-07-02 17:16:53', '0000-00-00 00:00:00', 1, 0),
(958, 12, 105, 0, 0, 0, 0, 1, '2024-07-02 17:16:53', '0000-00-00 00:00:00', 1, 0),
(959, 12, 124, 0, 0, 0, 0, 1, '2024-07-02 17:16:53', '0000-00-00 00:00:00', 1, 0),
(960, 12, 125, 0, 0, 0, 0, 1, '2024-07-02 17:16:53', '0000-00-00 00:00:00', 1, 0),
(961, 12, 141, 0, 0, 0, 0, 1, '2024-07-02 17:16:53', '0000-00-00 00:00:00', 1, 0),
(962, 12, 54, 0, 0, 0, 0, 1, '2024-07-02 17:16:53', '0000-00-00 00:00:00', 1, 0),
(963, 12, 55, 0, 0, 0, 0, 1, '2024-07-02 17:16:53', '0000-00-00 00:00:00', 1, 0),
(964, 12, 56, 0, 0, 0, 0, 1, '2024-07-02 17:16:53', '0000-00-00 00:00:00', 1, 0),
(965, 12, 93, 0, 0, 0, 0, 1, '2024-07-02 17:16:53', '0000-00-00 00:00:00', 1, 0),
(966, 12, 58, 0, 0, 0, 0, 1, '2024-07-02 17:16:53', '0000-00-00 00:00:00', 1, 0),
(967, 12, 59, 0, 0, 0, 0, 1, '2024-07-02 17:16:53', '0000-00-00 00:00:00', 1, 0),
(968, 12, 60, 0, 0, 0, 0, 1, '2024-07-02 17:16:53', '0000-00-00 00:00:00', 1, 0),
(969, 12, 89, 0, 0, 0, 0, 1, '2024-07-02 17:16:53', '0000-00-00 00:00:00', 1, 0),
(970, 12, 90, 0, 0, 0, 0, 1, '2024-07-02 17:16:53', '0000-00-00 00:00:00', 1, 0),
(971, 12, 106, 0, 0, 0, 0, 1, '2024-07-02 17:16:53', '0000-00-00 00:00:00', 1, 0),
(972, 12, 132, 0, 0, 0, 0, 1, '2024-07-02 17:16:53', '0000-00-00 00:00:00', 1, 0),
(973, 12, 61, 0, 0, 0, 0, 1, '2024-07-02 17:16:53', '0000-00-00 00:00:00', 1, 0),
(974, 12, 62, 0, 0, 0, 0, 1, '2024-07-02 17:16:53', '0000-00-00 00:00:00', 1, 0),
(975, 12, 63, 0, 0, 0, 0, 1, '2024-07-02 17:16:53', '0000-00-00 00:00:00', 1, 0),
(976, 12, 64, 0, 0, 0, 0, 1, '2024-07-02 17:16:53', '0000-00-00 00:00:00', 1, 0),
(977, 12, 107, 0, 0, 0, 0, 1, '2024-07-02 17:16:53', '0000-00-00 00:00:00', 1, 0),
(978, 12, 86, 0, 0, 0, 0, 1, '2024-07-02 17:16:53', '0000-00-00 00:00:00', 1, 0),
(979, 12, 87, 0, 0, 0, 0, 1, '2024-07-02 17:16:53', '0000-00-00 00:00:00', 1, 0),
(980, 12, 88, 0, 0, 0, 0, 1, '2024-07-02 17:16:53', '0000-00-00 00:00:00', 1, 0),
(981, 12, 95, 0, 0, 0, 0, 1, '2024-07-02 17:16:53', '0000-00-00 00:00:00', 1, 0),
(982, 12, 96, 0, 0, 0, 0, 1, '2024-07-02 17:16:53', '0000-00-00 00:00:00', 1, 0),
(983, 12, 97, 0, 0, 0, 0, 1, '2024-07-02 17:16:53', '0000-00-00 00:00:00', 1, 0),
(984, 12, 98, 0, 0, 0, 0, 1, '2024-07-02 17:16:53', '0000-00-00 00:00:00', 1, 0),
(985, 12, 99, 0, 0, 0, 0, 1, '2024-07-02 17:16:53', '0000-00-00 00:00:00', 1, 0),
(986, 12, 100, 0, 0, 0, 0, 1, '2024-07-02 17:16:53', '0000-00-00 00:00:00', 1, 0),
(987, 12, 101, 0, 0, 0, 0, 1, '2024-07-02 17:16:53', '0000-00-00 00:00:00', 1, 0),
(988, 12, 94, 0, 0, 0, 0, 1, '2024-07-02 17:16:53', '0000-00-00 00:00:00', 1, 0),
(989, 12, 102, 0, 0, 0, 0, 1, '2024-07-02 17:16:53', '0000-00-00 00:00:00', 1, 0),
(990, 12, 103, 0, 0, 0, 0, 1, '2024-07-02 17:16:53', '0000-00-00 00:00:00', 1, 0),
(991, 12, 104, 0, 0, 0, 0, 1, '2024-07-02 17:16:53', '0000-00-00 00:00:00', 1, 0),
(992, 12, 108, 0, 0, 0, 0, 1, '2024-07-02 17:16:53', '0000-00-00 00:00:00', 1, 0),
(993, 12, 109, 0, 0, 0, 0, 1, '2024-07-02 17:16:53', '0000-00-00 00:00:00', 1, 0),
(994, 12, 110, 0, 0, 0, 0, 1, '2024-07-02 17:16:53', '0000-00-00 00:00:00', 1, 0),
(995, 12, 119, 0, 0, 0, 0, 1, '2024-07-02 17:16:53', '0000-00-00 00:00:00', 1, 0),
(996, 12, 120, 0, 0, 0, 0, 1, '2024-07-02 17:16:53', '0000-00-00 00:00:00', 1, 0),
(997, 12, 121, 0, 0, 0, 0, 1, '2024-07-02 17:16:53', '0000-00-00 00:00:00', 1, 0),
(998, 12, 122, 0, 0, 0, 0, 1, '2024-07-02 17:16:53', '0000-00-00 00:00:00', 1, 0),
(999, 12, 123, 0, 0, 0, 0, 1, '2024-07-02 17:16:53', '0000-00-00 00:00:00', 1, 0),
(1000, 12, 133, 0, 0, 0, 0, 1, '2024-07-02 17:16:53', '0000-00-00 00:00:00', 1, 0),
(1001, 12, 134, 0, 0, 0, 0, 1, '2024-07-02 17:16:53', '0000-00-00 00:00:00', 1, 0),
(1002, 12, 135, 0, 0, 0, 0, 1, '2024-07-02 17:16:53', '0000-00-00 00:00:00', 1, 0),
(1003, 12, 136, 0, 0, 0, 0, 1, '2024-07-02 17:16:53', '0000-00-00 00:00:00', 1, 0),
(1004, 12, 137, 0, 0, 0, 0, 1, '2024-07-02 17:16:53', '0000-00-00 00:00:00', 1, 0),
(1005, 12, 138, 0, 0, 0, 0, 1, '2024-07-02 17:16:53', '0000-00-00 00:00:00', 1, 0),
(1006, 12, 139, 0, 0, 0, 0, 1, '2024-07-02 17:16:53', '0000-00-00 00:00:00', 1, 0),
(1007, 12, 140, 0, 0, 0, 0, 1, '2024-07-02 17:16:53', '0000-00-00 00:00:00', 1, 0),
(1008, 12, 142, 0, 0, 0, 0, 1, '2024-07-02 17:16:53', '0000-00-00 00:00:00', 1, 0),
(1009, 1, 145, 1, 1, 1, 1, 1, '2025-04-28 16:03:31', '0000-00-00 00:00:00', 1, 0),
(1010, 1, 146, 1, 1, 1, 1, 1, '2025-04-28 16:03:31', '0000-00-00 00:00:00', 1, 0),
(1011, 1, 147, 1, 1, 1, 1, 1, '2025-04-28 16:03:31', '0000-00-00 00:00:00', 1, 0),
(1012, 2, 145, 0, 0, 0, 0, 1, '2025-04-28 13:51:54', '0000-00-00 00:00:00', 1, 0),
(1013, 2, 146, 0, 0, 0, 0, 1, '2025-04-28 13:51:54', '0000-00-00 00:00:00', 1, 0),
(1014, 2, 147, 0, 0, 0, 0, 1, '2025-04-28 13:51:54', '0000-00-00 00:00:00', 1, 0),
(1015, 9, 145, 0, 0, 0, 0, 1, '2024-09-10 14:43:05', '0000-00-00 00:00:00', 1, 0),
(1016, 9, 146, 0, 0, 0, 0, 1, '2024-09-10 14:43:05', '0000-00-00 00:00:00', 1, 0),
(1017, 9, 147, 0, 0, 0, 0, 1, '2024-09-10 14:43:05', '0000-00-00 00:00:00', 1, 0),
(1018, 10, 1, 0, 0, 0, 0, 1, '2024-06-30 09:35:59', '0000-00-00 00:00:00', 1, 0),
(1019, 10, 2, 0, 0, 0, 0, 1, '2024-06-30 09:35:59', '0000-00-00 00:00:00', 1, 0),
(1020, 10, 3, 0, 0, 0, 0, 1, '2024-06-30 09:35:59', '0000-00-00 00:00:00', 1, 0),
(1021, 10, 4, 0, 0, 0, 0, 1, '2024-06-30 09:35:59', '0000-00-00 00:00:00', 1, 0),
(1022, 10, 5, 0, 0, 0, 0, 1, '2024-06-30 09:35:59', '0000-00-00 00:00:00', 1, 0),
(1023, 10, 6, 0, 0, 0, 0, 1, '2024-06-30 09:35:59', '0000-00-00 00:00:00', 1, 0),
(1024, 10, 7, 0, 0, 0, 0, 1, '2024-06-30 09:35:59', '0000-00-00 00:00:00', 1, 0),
(1025, 10, 8, 0, 0, 0, 0, 1, '2024-06-30 09:35:59', '0000-00-00 00:00:00', 1, 0),
(1026, 10, 9, 0, 0, 0, 0, 1, '2024-06-30 09:35:59', '0000-00-00 00:00:00', 1, 0),
(1027, 10, 10, 0, 0, 0, 0, 1, '2024-06-30 09:35:59', '0000-00-00 00:00:00', 1, 0),
(1028, 10, 11, 0, 0, 0, 0, 1, '2024-06-30 09:35:59', '0000-00-00 00:00:00', 1, 0),
(1029, 10, 12, 0, 0, 0, 0, 1, '2024-06-30 09:35:59', '0000-00-00 00:00:00', 1, 0),
(1030, 10, 13, 0, 0, 0, 0, 1, '2024-06-30 09:35:59', '0000-00-00 00:00:00', 1, 0),
(1031, 10, 14, 0, 0, 0, 0, 1, '2024-06-30 09:35:59', '0000-00-00 00:00:00', 1, 0),
(1032, 10, 18, 0, 0, 0, 0, 1, '2024-06-30 09:35:59', '0000-00-00 00:00:00', 1, 0),
(1033, 10, 19, 0, 0, 0, 0, 1, '2024-06-30 09:35:59', '0000-00-00 00:00:00', 1, 0),
(1034, 10, 82, 0, 0, 0, 0, 1, '2024-06-30 09:35:59', '0000-00-00 00:00:00', 1, 0),
(1035, 10, 83, 0, 0, 0, 0, 1, '2024-06-30 09:35:59', '0000-00-00 00:00:00', 1, 0),
(1036, 10, 15, 0, 0, 0, 0, 1, '2024-06-30 09:35:59', '0000-00-00 00:00:00', 1, 0),
(1037, 10, 16, 0, 0, 0, 0, 1, '2024-06-30 09:35:59', '0000-00-00 00:00:00', 1, 0),
(1038, 10, 17, 0, 0, 0, 0, 1, '2024-06-30 09:35:59', '0000-00-00 00:00:00', 1, 0),
(1039, 10, 111, 0, 0, 0, 0, 1, '2024-06-30 09:35:59', '0000-00-00 00:00:00', 1, 0),
(1040, 10, 112, 0, 0, 0, 0, 1, '2024-06-30 09:35:59', '0000-00-00 00:00:00', 1, 0),
(1041, 10, 113, 0, 0, 0, 0, 1, '2024-06-30 09:35:59', '0000-00-00 00:00:00', 1, 0),
(1042, 10, 114, 0, 0, 0, 0, 1, '2024-06-30 09:35:59', '0000-00-00 00:00:00', 1, 0),
(1043, 10, 115, 0, 0, 0, 0, 1, '2024-06-30 09:35:59', '0000-00-00 00:00:00', 1, 0),
(1044, 10, 116, 0, 0, 0, 0, 1, '2024-06-30 09:35:59', '0000-00-00 00:00:00', 1, 0),
(1045, 10, 117, 0, 0, 0, 0, 1, '2024-06-30 09:35:59', '0000-00-00 00:00:00', 1, 0),
(1046, 10, 118, 0, 0, 0, 0, 1, '2024-06-30 09:35:59', '0000-00-00 00:00:00', 1, 0),
(1047, 10, 20, 0, 0, 0, 0, 1, '2024-06-30 09:35:59', '0000-00-00 00:00:00', 1, 0),
(1048, 10, 21, 0, 0, 0, 0, 1, '2024-06-30 09:35:59', '0000-00-00 00:00:00', 1, 0),
(1049, 10, 22, 0, 0, 0, 0, 1, '2024-06-30 09:35:59', '0000-00-00 00:00:00', 1, 0),
(1050, 10, 23, 0, 0, 0, 0, 1, '2024-06-30 09:35:59', '0000-00-00 00:00:00', 1, 0),
(1051, 10, 24, 0, 0, 0, 0, 1, '2024-06-30 09:35:59', '0000-00-00 00:00:00', 1, 0),
(1052, 10, 25, 0, 0, 0, 0, 1, '2024-06-30 09:35:59', '0000-00-00 00:00:00', 1, 0),
(1053, 10, 43, 0, 0, 0, 0, 1, '2024-06-30 09:35:59', '0000-00-00 00:00:00', 1, 0),
(1054, 10, 26, 1, 0, 1, 0, 1, '2024-06-30 09:35:59', '0000-00-00 00:00:00', 1, 0),
(1055, 10, 27, 0, 0, 0, 0, 1, '2024-06-30 09:35:59', '0000-00-00 00:00:00', 1, 0),
(1056, 10, 28, 1, 0, 1, 0, 1, '2024-06-30 09:35:59', '0000-00-00 00:00:00', 1, 0),
(1057, 10, 29, 0, 0, 0, 0, 1, '2024-06-30 09:35:59', '0000-00-00 00:00:00', 1, 0),
(1058, 10, 30, 0, 0, 0, 0, 1, '2024-06-30 09:35:59', '0000-00-00 00:00:00', 1, 0),
(1059, 10, 31, 0, 0, 0, 0, 1, '2024-06-30 09:35:59', '0000-00-00 00:00:00', 1, 0),
(1060, 10, 32, 0, 0, 0, 0, 1, '2024-06-30 09:35:59', '0000-00-00 00:00:00', 1, 0),
(1061, 10, 33, 0, 0, 0, 0, 1, '2024-06-30 09:35:59', '0000-00-00 00:00:00', 1, 0),
(1062, 10, 34, 0, 0, 0, 0, 1, '2024-06-30 09:35:59', '0000-00-00 00:00:00', 1, 0),
(1063, 10, 126, 0, 0, 0, 0, 1, '2024-06-30 09:35:59', '0000-00-00 00:00:00', 1, 0),
(1064, 10, 144, 0, 0, 0, 0, 1, '2024-06-30 09:35:59', '0000-00-00 00:00:00', 1, 0),
(1065, 10, 35, 0, 0, 0, 0, 1, '2024-06-30 09:35:59', '0000-00-00 00:00:00', 1, 0),
(1066, 10, 36, 0, 0, 0, 0, 1, '2024-06-30 09:35:59', '0000-00-00 00:00:00', 1, 0),
(1067, 10, 37, 0, 0, 0, 0, 1, '2024-06-30 09:35:59', '0000-00-00 00:00:00', 1, 0),
(1068, 10, 38, 0, 0, 0, 0, 1, '2024-06-30 09:35:59', '0000-00-00 00:00:00', 1, 0),
(1069, 10, 39, 0, 0, 0, 0, 1, '2024-06-30 09:35:59', '0000-00-00 00:00:00', 1, 0),
(1070, 10, 40, 0, 0, 0, 0, 1, '2024-06-30 09:35:59', '0000-00-00 00:00:00', 1, 0),
(1071, 10, 41, 0, 0, 0, 0, 1, '2024-06-30 09:35:59', '0000-00-00 00:00:00', 1, 0),
(1072, 10, 42, 0, 0, 0, 0, 1, '2024-06-30 09:35:59', '0000-00-00 00:00:00', 1, 0),
(1073, 10, 67, 0, 0, 0, 0, 1, '2024-06-30 09:35:59', '0000-00-00 00:00:00', 1, 0),
(1074, 10, 68, 0, 0, 0, 0, 1, '2024-06-30 09:35:59', '0000-00-00 00:00:00', 1, 0),
(1075, 10, 69, 0, 0, 0, 0, 1, '2024-06-30 09:35:59', '0000-00-00 00:00:00', 1, 0),
(1076, 10, 70, 0, 0, 0, 0, 1, '2024-06-30 09:35:59', '0000-00-00 00:00:00', 1, 0),
(1077, 10, 71, 0, 0, 0, 0, 1, '2024-06-30 09:36:00', '0000-00-00 00:00:00', 1, 0),
(1078, 10, 72, 0, 0, 0, 0, 1, '2024-06-30 09:36:00', '0000-00-00 00:00:00', 1, 0),
(1079, 10, 73, 0, 0, 0, 0, 1, '2024-06-30 09:36:00', '0000-00-00 00:00:00', 1, 0),
(1080, 10, 74, 0, 0, 0, 0, 1, '2024-06-30 09:36:00', '0000-00-00 00:00:00', 1, 0),
(1081, 10, 75, 0, 0, 0, 0, 1, '2024-06-30 09:36:00', '0000-00-00 00:00:00', 1, 0),
(1082, 10, 76, 0, 0, 0, 0, 1, '2024-06-30 09:36:00', '0000-00-00 00:00:00', 1, 0),
(1083, 10, 77, 0, 0, 0, 0, 1, '2024-06-30 09:36:00', '0000-00-00 00:00:00', 1, 0),
(1084, 10, 78, 0, 0, 0, 0, 1, '2024-06-30 09:36:00', '0000-00-00 00:00:00', 1, 0),
(1085, 10, 79, 0, 0, 0, 0, 1, '2024-06-30 09:36:00', '0000-00-00 00:00:00', 1, 0),
(1086, 10, 80, 0, 0, 0, 0, 1, '2024-06-30 09:36:00', '0000-00-00 00:00:00', 1, 0),
(1087, 10, 81, 0, 0, 0, 0, 1, '2024-06-30 09:36:00', '0000-00-00 00:00:00', 1, 0),
(1088, 10, 127, 0, 0, 0, 0, 1, '2024-06-30 09:36:00', '0000-00-00 00:00:00', 1, 0),
(1089, 10, 128, 0, 0, 0, 0, 1, '2024-06-30 09:36:00', '0000-00-00 00:00:00', 1, 0),
(1090, 10, 129, 0, 0, 0, 0, 1, '2024-06-30 09:36:00', '0000-00-00 00:00:00', 1, 0),
(1091, 10, 143, 0, 0, 0, 0, 1, '2024-06-30 09:36:00', '0000-00-00 00:00:00', 1, 0),
(1092, 10, 44, 0, 0, 0, 0, 1, '2024-06-30 09:36:00', '0000-00-00 00:00:00', 1, 0),
(1093, 10, 130, 0, 0, 0, 0, 1, '2024-06-30 09:36:00', '0000-00-00 00:00:00', 1, 0),
(1094, 10, 131, 0, 0, 0, 0, 1, '2024-06-30 09:36:00', '0000-00-00 00:00:00', 1, 0),
(1095, 10, 45, 0, 0, 0, 0, 1, '2024-06-30 09:36:00', '0000-00-00 00:00:00', 1, 0),
(1096, 10, 46, 0, 0, 0, 0, 1, '2024-06-30 09:36:00', '0000-00-00 00:00:00', 1, 0),
(1097, 10, 47, 0, 0, 0, 0, 1, '2024-06-30 09:36:00', '0000-00-00 00:00:00', 1, 0),
(1098, 10, 53, 0, 0, 0, 0, 1, '2024-06-30 09:36:00', '0000-00-00 00:00:00', 1, 0),
(1099, 10, 65, 0, 0, 0, 0, 1, '2024-06-30 09:36:00', '0000-00-00 00:00:00', 1, 0),
(1100, 10, 66, 0, 0, 0, 0, 1, '2024-06-30 09:36:00', '0000-00-00 00:00:00', 1, 0),
(1101, 10, 48, 0, 0, 0, 0, 1, '2024-06-30 09:36:00', '0000-00-00 00:00:00', 1, 0),
(1102, 10, 49, 0, 0, 0, 0, 1, '2024-06-30 09:36:00', '0000-00-00 00:00:00', 1, 0),
(1103, 10, 50, 0, 0, 0, 0, 1, '2024-06-30 09:36:00', '0000-00-00 00:00:00', 1, 0),
(1104, 10, 51, 0, 0, 0, 0, 1, '2024-06-30 09:36:00', '0000-00-00 00:00:00', 1, 0),
(1105, 10, 52, 0, 0, 0, 0, 1, '2024-06-30 09:36:00', '0000-00-00 00:00:00', 1, 0),
(1106, 10, 57, 0, 0, 0, 0, 1, '2024-06-30 09:36:00', '0000-00-00 00:00:00', 1, 0),
(1107, 10, 84, 0, 0, 0, 0, 1, '2024-06-30 09:36:00', '0000-00-00 00:00:00', 1, 0),
(1108, 10, 85, 0, 0, 0, 0, 1, '2024-06-30 09:36:00', '0000-00-00 00:00:00', 1, 0),
(1109, 10, 91, 0, 0, 0, 0, 1, '2024-06-30 09:36:00', '0000-00-00 00:00:00', 1, 0),
(1110, 10, 92, 0, 0, 0, 0, 1, '2024-06-30 09:36:00', '0000-00-00 00:00:00', 1, 0),
(1111, 10, 105, 0, 0, 0, 0, 1, '2024-06-30 09:36:00', '0000-00-00 00:00:00', 1, 0),
(1112, 10, 124, 0, 0, 0, 0, 1, '2024-06-30 09:36:00', '0000-00-00 00:00:00', 1, 0),
(1113, 10, 125, 0, 0, 0, 0, 1, '2024-06-30 09:36:00', '0000-00-00 00:00:00', 1, 0),
(1114, 10, 141, 0, 0, 0, 0, 1, '2024-06-30 09:36:00', '0000-00-00 00:00:00', 1, 0),
(1115, 10, 54, 0, 0, 0, 0, 1, '2024-06-30 09:36:00', '0000-00-00 00:00:00', 1, 0),
(1116, 10, 55, 0, 0, 0, 0, 1, '2024-06-30 09:36:00', '0000-00-00 00:00:00', 1, 0),
(1117, 10, 56, 0, 0, 0, 0, 1, '2024-06-30 09:36:00', '0000-00-00 00:00:00', 1, 0),
(1118, 10, 93, 0, 0, 0, 0, 1, '2024-06-30 09:36:00', '0000-00-00 00:00:00', 1, 0),
(1119, 10, 58, 0, 0, 0, 0, 1, '2024-06-30 09:36:00', '0000-00-00 00:00:00', 1, 0),
(1120, 10, 59, 0, 0, 0, 0, 1, '2024-06-30 09:36:00', '0000-00-00 00:00:00', 1, 0),
(1121, 10, 60, 0, 0, 0, 0, 1, '2024-06-30 09:36:00', '0000-00-00 00:00:00', 1, 0),
(1122, 10, 89, 0, 0, 0, 0, 1, '2024-06-30 09:36:00', '0000-00-00 00:00:00', 1, 0),
(1123, 10, 90, 0, 0, 0, 0, 1, '2024-06-30 09:36:00', '0000-00-00 00:00:00', 1, 0),
(1124, 10, 106, 0, 0, 0, 0, 1, '2024-06-30 09:36:00', '0000-00-00 00:00:00', 1, 0),
(1125, 10, 132, 0, 0, 0, 0, 1, '2024-06-30 09:36:00', '0000-00-00 00:00:00', 1, 0),
(1126, 10, 61, 0, 0, 0, 0, 1, '2024-06-30 09:36:00', '0000-00-00 00:00:00', 1, 0),
(1127, 10, 62, 0, 0, 0, 0, 1, '2024-06-30 09:36:00', '0000-00-00 00:00:00', 1, 0),
(1128, 10, 63, 0, 0, 0, 0, 1, '2024-06-30 09:36:00', '0000-00-00 00:00:00', 1, 0),
(1129, 10, 64, 0, 0, 0, 0, 1, '2024-06-30 09:36:00', '0000-00-00 00:00:00', 1, 0),
(1130, 10, 107, 0, 0, 0, 0, 1, '2024-06-30 09:36:00', '0000-00-00 00:00:00', 1, 0),
(1131, 10, 86, 0, 0, 0, 0, 1, '2024-06-30 09:36:00', '0000-00-00 00:00:00', 1, 0),
(1132, 10, 87, 0, 0, 0, 0, 1, '2024-06-30 09:36:00', '0000-00-00 00:00:00', 1, 0),
(1133, 10, 88, 0, 0, 0, 0, 1, '2024-06-30 09:36:00', '0000-00-00 00:00:00', 1, 0),
(1134, 10, 95, 0, 0, 0, 0, 1, '2024-06-30 09:36:00', '0000-00-00 00:00:00', 1, 0),
(1135, 10, 96, 0, 0, 0, 0, 1, '2024-06-30 09:36:00', '0000-00-00 00:00:00', 1, 0),
(1136, 10, 97, 0, 0, 0, 0, 1, '2024-06-30 09:36:00', '0000-00-00 00:00:00', 1, 0),
(1137, 10, 98, 0, 0, 0, 0, 1, '2024-06-30 09:36:00', '0000-00-00 00:00:00', 1, 0),
(1138, 10, 99, 0, 0, 0, 0, 1, '2024-06-30 09:36:00', '0000-00-00 00:00:00', 1, 0),
(1139, 10, 100, 0, 0, 0, 0, 1, '2024-06-30 09:36:00', '0000-00-00 00:00:00', 1, 0),
(1140, 10, 101, 0, 0, 0, 0, 1, '2024-06-30 09:36:00', '0000-00-00 00:00:00', 1, 0),
(1141, 10, 94, 0, 0, 0, 0, 1, '2024-06-30 09:36:00', '0000-00-00 00:00:00', 1, 0),
(1142, 10, 102, 0, 0, 0, 0, 1, '2024-06-30 09:36:00', '0000-00-00 00:00:00', 1, 0),
(1143, 10, 103, 0, 0, 0, 0, 1, '2024-06-30 09:36:00', '0000-00-00 00:00:00', 1, 0),
(1144, 10, 104, 0, 0, 0, 0, 1, '2024-06-30 09:36:00', '0000-00-00 00:00:00', 1, 0),
(1145, 10, 108, 0, 0, 0, 0, 1, '2024-06-30 09:36:00', '0000-00-00 00:00:00', 1, 0),
(1146, 10, 109, 0, 0, 0, 0, 1, '2024-06-30 09:36:00', '0000-00-00 00:00:00', 1, 0),
(1147, 10, 110, 0, 0, 0, 0, 1, '2024-06-30 09:36:00', '0000-00-00 00:00:00', 1, 0),
(1148, 10, 119, 0, 0, 0, 0, 1, '2024-06-30 09:36:00', '0000-00-00 00:00:00', 1, 0),
(1149, 10, 120, 0, 0, 0, 0, 1, '2024-06-30 09:36:00', '0000-00-00 00:00:00', 1, 0),
(1150, 10, 121, 0, 0, 0, 0, 1, '2024-06-30 09:36:00', '0000-00-00 00:00:00', 1, 0),
(1151, 10, 122, 0, 0, 0, 0, 1, '2024-06-30 09:36:00', '0000-00-00 00:00:00', 1, 0),
(1152, 10, 123, 0, 0, 0, 0, 1, '2024-06-30 09:36:00', '0000-00-00 00:00:00', 1, 0),
(1153, 10, 133, 0, 0, 0, 0, 1, '2024-06-30 09:36:00', '0000-00-00 00:00:00', 1, 0),
(1154, 10, 134, 0, 0, 0, 0, 1, '2024-06-30 09:36:00', '0000-00-00 00:00:00', 1, 0),
(1155, 10, 135, 0, 0, 0, 0, 1, '2024-06-30 09:36:00', '0000-00-00 00:00:00', 1, 0),
(1156, 10, 136, 0, 0, 0, 0, 1, '2024-06-30 09:36:00', '0000-00-00 00:00:00', 1, 0),
(1157, 10, 137, 0, 0, 0, 0, 1, '2024-06-30 09:36:00', '0000-00-00 00:00:00', 1, 0),
(1158, 10, 138, 0, 0, 0, 0, 1, '2024-06-30 09:36:00', '0000-00-00 00:00:00', 1, 0),
(1159, 10, 139, 0, 0, 0, 0, 1, '2024-06-30 09:36:00', '0000-00-00 00:00:00', 1, 0),
(1160, 10, 140, 0, 0, 0, 0, 1, '2024-06-30 09:36:00', '0000-00-00 00:00:00', 1, 0),
(1161, 10, 142, 0, 0, 0, 0, 1, '2024-06-30 09:36:00', '0000-00-00 00:00:00', 1, 0),
(1162, 10, 145, 0, 0, 0, 0, 1, '2024-06-30 09:36:00', '0000-00-00 00:00:00', 1, 0),
(1163, 10, 146, 0, 0, 0, 0, 1, '2024-06-30 09:36:00', '0000-00-00 00:00:00', 1, 0),
(1164, 10, 147, 0, 0, 0, 0, 1, '2024-06-30 09:36:00', '0000-00-00 00:00:00', 1, 0),
(1165, 12, 145, 0, 0, 0, 0, 1, '2024-07-02 17:16:53', '0000-00-00 00:00:00', 1, 0),
(1166, 12, 146, 0, 0, 0, 0, 1, '2024-07-02 17:16:53', '0000-00-00 00:00:00', 1, 0),
(1167, 12, 147, 0, 0, 0, 0, 1, '2024-07-02 17:16:53', '0000-00-00 00:00:00', 1, 0),
(1168, 6, 145, 0, 0, 0, 0, 1, '2024-06-29 12:00:12', '0000-00-00 00:00:00', 1, 0),
(1169, 6, 146, 0, 0, 0, 0, 1, '2024-06-29 12:00:12', '0000-00-00 00:00:00', 1, 0),
(1170, 6, 147, 0, 0, 0, 0, 1, '2024-06-29 12:00:12', '0000-00-00 00:00:00', 1, 0),
(1171, 5, 145, 0, 0, 0, 0, 1, '2024-06-29 11:59:34', '0000-00-00 00:00:00', 1, 0),
(1172, 5, 146, 0, 0, 0, 0, 1, '2024-06-29 11:59:34', '0000-00-00 00:00:00', 1, 0),
(1173, 5, 147, 0, 0, 0, 0, 1, '2024-06-29 11:59:34', '0000-00-00 00:00:00', 1, 0),
(1174, 3, 145, 0, 0, 0, 0, 1, '2023-03-27 12:46:45', '0000-00-00 00:00:00', 1, 0),
(1175, 3, 146, 0, 0, 0, 0, 1, '2023-03-27 12:46:45', '0000-00-00 00:00:00', 1, 0),
(1176, 3, 147, 0, 0, 0, 0, 1, '2023-03-27 12:46:45', '0000-00-00 00:00:00', 1, 0),
(1177, 7, 1, 0, 0, 0, 0, 1, '2024-06-11 15:45:18', '0000-00-00 00:00:00', 1, 0),
(1178, 7, 2, 0, 0, 0, 0, 1, '2024-06-11 15:45:18', '0000-00-00 00:00:00', 1, 0),
(1179, 7, 3, 0, 0, 0, 0, 1, '2024-06-11 15:45:18', '0000-00-00 00:00:00', 1, 0),
(1180, 7, 4, 0, 0, 0, 0, 1, '2024-06-11 15:45:18', '0000-00-00 00:00:00', 1, 0),
(1181, 7, 5, 0, 0, 0, 0, 1, '2024-06-11 15:45:18', '0000-00-00 00:00:00', 1, 0),
(1182, 7, 6, 0, 0, 0, 0, 1, '2024-06-11 15:45:18', '0000-00-00 00:00:00', 1, 0),
(1183, 7, 7, 0, 0, 0, 0, 1, '2024-06-11 15:45:18', '0000-00-00 00:00:00', 1, 0),
(1184, 7, 8, 0, 0, 0, 0, 1, '2024-06-11 15:45:18', '0000-00-00 00:00:00', 1, 0),
(1185, 7, 9, 0, 0, 0, 0, 1, '2024-06-11 15:45:18', '0000-00-00 00:00:00', 1, 0),
(1186, 7, 10, 0, 0, 0, 0, 1, '2024-06-11 15:45:18', '0000-00-00 00:00:00', 1, 0),
(1187, 7, 11, 0, 0, 0, 0, 1, '2024-06-11 15:45:18', '0000-00-00 00:00:00', 1, 0),
(1188, 7, 12, 0, 0, 0, 0, 1, '2024-06-11 15:45:18', '0000-00-00 00:00:00', 1, 0),
(1189, 7, 13, 0, 0, 0, 0, 1, '2024-06-11 15:45:18', '0000-00-00 00:00:00', 1, 0),
(1190, 7, 14, 0, 0, 0, 0, 1, '2024-06-11 15:45:18', '0000-00-00 00:00:00', 1, 0),
(1191, 7, 18, 0, 0, 0, 0, 1, '2024-06-11 15:45:18', '0000-00-00 00:00:00', 1, 0),
(1192, 7, 19, 0, 0, 0, 0, 1, '2024-06-11 15:45:18', '0000-00-00 00:00:00', 1, 0),
(1193, 7, 82, 0, 0, 0, 0, 1, '2024-06-11 15:45:18', '0000-00-00 00:00:00', 1, 0),
(1194, 7, 83, 0, 0, 0, 0, 1, '2024-06-11 15:45:18', '0000-00-00 00:00:00', 1, 0),
(1195, 7, 15, 0, 0, 0, 0, 1, '2024-06-11 15:45:18', '0000-00-00 00:00:00', 1, 0),
(1196, 7, 16, 0, 0, 0, 0, 1, '2024-06-11 15:45:18', '0000-00-00 00:00:00', 1, 0),
(1197, 7, 17, 0, 0, 0, 0, 1, '2024-06-11 15:45:18', '0000-00-00 00:00:00', 1, 0),
(1198, 7, 111, 0, 0, 0, 0, 1, '2024-06-11 15:45:18', '0000-00-00 00:00:00', 1, 0),
(1199, 7, 112, 0, 0, 0, 0, 1, '2024-06-11 15:45:18', '0000-00-00 00:00:00', 1, 0),
(1200, 7, 113, 0, 0, 0, 0, 1, '2024-06-11 15:45:18', '0000-00-00 00:00:00', 1, 0),
(1201, 7, 114, 0, 0, 0, 0, 1, '2024-06-11 15:45:18', '0000-00-00 00:00:00', 1, 0),
(1202, 7, 115, 0, 0, 0, 0, 1, '2024-06-11 15:45:18', '0000-00-00 00:00:00', 1, 0),
(1203, 7, 116, 0, 0, 0, 0, 1, '2024-06-11 15:45:18', '0000-00-00 00:00:00', 1, 0),
(1204, 7, 117, 0, 0, 0, 0, 1, '2024-06-11 15:45:18', '0000-00-00 00:00:00', 1, 0),
(1205, 7, 118, 0, 0, 0, 0, 1, '2024-06-11 15:45:18', '0000-00-00 00:00:00', 1, 0),
(1206, 7, 20, 0, 0, 0, 0, 1, '2024-06-11 15:45:18', '0000-00-00 00:00:00', 1, 0),
(1207, 7, 21, 0, 0, 0, 0, 1, '2024-06-11 15:45:18', '0000-00-00 00:00:00', 1, 0),
(1208, 7, 22, 0, 0, 0, 0, 1, '2024-06-11 15:45:18', '0000-00-00 00:00:00', 1, 0),
(1209, 7, 23, 0, 0, 0, 0, 1, '2024-06-11 15:45:18', '0000-00-00 00:00:00', 1, 0),
(1210, 7, 24, 0, 0, 0, 0, 1, '2024-06-11 15:45:18', '0000-00-00 00:00:00', 1, 0),
(1211, 7, 25, 0, 0, 0, 0, 1, '2024-06-11 15:45:18', '0000-00-00 00:00:00', 1, 0),
(1212, 7, 43, 0, 0, 0, 0, 1, '2024-06-11 15:45:18', '0000-00-00 00:00:00', 1, 0),
(1213, 7, 26, 1, 0, 1, 0, 1, '2024-06-11 15:45:18', '0000-00-00 00:00:00', 1, 0),
(1214, 7, 27, 0, 0, 0, 0, 1, '2024-06-11 15:45:18', '0000-00-00 00:00:00', 1, 0),
(1215, 7, 28, 0, 0, 0, 0, 1, '2024-06-11 15:45:18', '0000-00-00 00:00:00', 1, 0),
(1216, 7, 29, 0, 0, 0, 0, 1, '2024-06-11 15:45:18', '0000-00-00 00:00:00', 1, 0),
(1217, 7, 30, 0, 0, 0, 0, 1, '2024-06-11 15:45:18', '0000-00-00 00:00:00', 1, 0),
(1218, 7, 31, 0, 0, 0, 0, 1, '2024-06-11 15:45:18', '0000-00-00 00:00:00', 1, 0),
(1219, 7, 32, 0, 0, 0, 0, 1, '2024-06-11 15:45:18', '0000-00-00 00:00:00', 1, 0),
(1220, 7, 33, 0, 0, 0, 0, 1, '2024-06-11 15:45:18', '0000-00-00 00:00:00', 1, 0),
(1221, 7, 34, 0, 0, 0, 0, 1, '2024-06-11 15:45:18', '0000-00-00 00:00:00', 1, 0),
(1222, 7, 126, 0, 0, 0, 0, 1, '2024-06-11 15:45:18', '0000-00-00 00:00:00', 1, 0),
(1223, 7, 144, 0, 0, 0, 0, 1, '2024-06-11 15:45:18', '0000-00-00 00:00:00', 1, 0),
(1224, 7, 35, 1, 0, 1, 0, 1, '2024-06-11 15:45:18', '0000-00-00 00:00:00', 1, 0),
(1225, 7, 36, 0, 0, 0, 0, 1, '2024-06-11 15:45:18', '0000-00-00 00:00:00', 1, 0),
(1226, 7, 37, 0, 0, 0, 0, 1, '2024-06-11 15:45:18', '0000-00-00 00:00:00', 1, 0),
(1227, 7, 38, 0, 0, 0, 0, 1, '2024-06-11 15:45:18', '0000-00-00 00:00:00', 1, 0),
(1228, 7, 39, 0, 0, 0, 0, 1, '2024-06-11 15:45:18', '0000-00-00 00:00:00', 1, 0),
(1229, 7, 40, 0, 0, 0, 0, 1, '2024-06-11 15:45:18', '0000-00-00 00:00:00', 1, 0),
(1230, 7, 41, 0, 0, 0, 0, 1, '2024-06-11 15:45:18', '0000-00-00 00:00:00', 1, 0),
(1231, 7, 42, 0, 0, 0, 0, 1, '2024-06-11 15:45:18', '0000-00-00 00:00:00', 1, 0),
(1232, 7, 67, 0, 0, 0, 0, 1, '2024-06-11 15:45:18', '0000-00-00 00:00:00', 1, 0),
(1233, 7, 68, 0, 0, 0, 0, 1, '2024-06-11 15:45:18', '0000-00-00 00:00:00', 1, 0),
(1234, 7, 69, 0, 0, 0, 0, 1, '2024-06-11 15:45:18', '0000-00-00 00:00:00', 1, 0),
(1235, 7, 70, 0, 0, 0, 0, 1, '2024-06-11 15:45:18', '0000-00-00 00:00:00', 1, 0),
(1236, 7, 71, 0, 0, 0, 0, 1, '2024-06-11 15:45:18', '0000-00-00 00:00:00', 1, 0),
(1237, 7, 72, 0, 0, 0, 0, 1, '2024-06-11 15:45:18', '0000-00-00 00:00:00', 1, 0),
(1238, 7, 73, 0, 0, 0, 0, 1, '2024-06-11 15:45:18', '0000-00-00 00:00:00', 1, 0),
(1239, 7, 74, 0, 0, 0, 0, 1, '2024-06-11 15:45:18', '0000-00-00 00:00:00', 1, 0),
(1240, 7, 75, 0, 0, 0, 0, 1, '2024-06-11 15:45:18', '0000-00-00 00:00:00', 1, 0),
(1241, 7, 76, 0, 0, 0, 0, 1, '2024-06-11 15:45:18', '0000-00-00 00:00:00', 1, 0),
(1242, 7, 77, 0, 0, 0, 0, 1, '2024-06-11 15:45:18', '0000-00-00 00:00:00', 1, 0),
(1243, 7, 78, 0, 0, 0, 0, 1, '2024-06-11 15:45:18', '0000-00-00 00:00:00', 1, 0),
(1244, 7, 79, 0, 0, 0, 0, 1, '2024-06-11 15:45:18', '0000-00-00 00:00:00', 1, 0),
(1245, 7, 80, 0, 0, 0, 0, 1, '2024-06-11 15:45:18', '0000-00-00 00:00:00', 1, 0),
(1246, 7, 81, 0, 0, 0, 0, 1, '2024-06-11 15:45:18', '0000-00-00 00:00:00', 1, 0),
(1247, 7, 127, 0, 0, 0, 0, 1, '2024-06-11 15:45:18', '0000-00-00 00:00:00', 1, 0),
(1248, 7, 128, 0, 0, 0, 0, 1, '2024-06-11 15:45:18', '0000-00-00 00:00:00', 1, 0),
(1249, 7, 129, 0, 0, 0, 0, 1, '2024-06-11 15:45:18', '0000-00-00 00:00:00', 1, 0),
(1250, 7, 143, 0, 0, 0, 0, 1, '2024-06-11 15:45:18', '0000-00-00 00:00:00', 1, 0),
(1251, 7, 44, 0, 0, 0, 0, 1, '2024-06-11 15:45:18', '0000-00-00 00:00:00', 1, 0);
INSERT INTO `privileges` (`id`, `role_id`, `operation_id`, `is_add`, `is_edit`, `is_view`, `is_delete`, `status`, `created_at`, `modified_at`, `created_by`, `modified_by`) VALUES
(1252, 7, 130, 0, 0, 0, 0, 1, '2024-06-11 15:45:18', '0000-00-00 00:00:00', 1, 0),
(1253, 7, 131, 0, 0, 0, 0, 1, '2024-06-11 15:45:18', '0000-00-00 00:00:00', 1, 0),
(1254, 7, 45, 0, 0, 0, 0, 1, '2024-06-11 15:45:18', '0000-00-00 00:00:00', 1, 0),
(1255, 7, 46, 0, 0, 0, 0, 1, '2024-06-11 15:45:18', '0000-00-00 00:00:00', 1, 0),
(1256, 7, 47, 0, 0, 0, 0, 1, '2024-06-11 15:45:18', '0000-00-00 00:00:00', 1, 0),
(1257, 7, 53, 0, 0, 0, 0, 1, '2024-06-11 15:45:18', '0000-00-00 00:00:00', 1, 0),
(1258, 7, 65, 0, 0, 0, 0, 1, '2024-06-11 15:45:18', '0000-00-00 00:00:00', 1, 0),
(1259, 7, 66, 0, 0, 0, 0, 1, '2024-06-11 15:45:18', '0000-00-00 00:00:00', 1, 0),
(1260, 7, 48, 0, 0, 0, 0, 1, '2024-06-11 15:45:18', '0000-00-00 00:00:00', 1, 0),
(1261, 7, 49, 0, 0, 0, 0, 1, '2024-06-11 15:45:18', '0000-00-00 00:00:00', 1, 0),
(1262, 7, 50, 0, 0, 0, 0, 1, '2024-06-11 15:45:18', '0000-00-00 00:00:00', 1, 0),
(1263, 7, 51, 0, 0, 0, 0, 1, '2024-06-11 15:45:18', '0000-00-00 00:00:00', 1, 0),
(1264, 7, 52, 0, 0, 0, 0, 1, '2024-06-11 15:45:18', '0000-00-00 00:00:00', 1, 0),
(1265, 7, 57, 0, 0, 0, 0, 1, '2024-06-11 15:45:18', '0000-00-00 00:00:00', 1, 0),
(1266, 7, 84, 0, 0, 0, 0, 1, '2024-06-11 15:45:18', '0000-00-00 00:00:00', 1, 0),
(1267, 7, 85, 0, 0, 0, 0, 1, '2024-06-11 15:45:18', '0000-00-00 00:00:00', 1, 0),
(1268, 7, 91, 0, 0, 0, 0, 1, '2024-06-11 15:45:18', '0000-00-00 00:00:00', 1, 0),
(1269, 7, 92, 0, 0, 0, 0, 1, '2024-06-11 15:45:18', '0000-00-00 00:00:00', 1, 0),
(1270, 7, 105, 0, 0, 0, 0, 1, '2024-06-11 15:45:18', '0000-00-00 00:00:00', 1, 0),
(1271, 7, 124, 0, 0, 0, 0, 1, '2024-06-11 15:45:18', '0000-00-00 00:00:00', 1, 0),
(1272, 7, 125, 0, 0, 0, 0, 1, '2024-06-11 15:45:18', '0000-00-00 00:00:00', 1, 0),
(1273, 7, 141, 0, 0, 0, 0, 1, '2024-06-11 15:45:18', '0000-00-00 00:00:00', 1, 0),
(1274, 7, 54, 0, 0, 0, 0, 1, '2024-06-11 15:45:18', '0000-00-00 00:00:00', 1, 0),
(1275, 7, 55, 0, 0, 1, 0, 1, '2024-06-11 15:45:18', '0000-00-00 00:00:00', 1, 0),
(1276, 7, 56, 0, 0, 0, 0, 1, '2024-06-11 15:45:18', '0000-00-00 00:00:00', 1, 0),
(1277, 7, 93, 1, 1, 1, 0, 1, '2024-06-11 15:45:18', '0000-00-00 00:00:00', 1, 0),
(1278, 7, 58, 0, 0, 0, 0, 1, '2024-06-11 15:45:18', '0000-00-00 00:00:00', 1, 0),
(1279, 7, 59, 0, 0, 0, 0, 1, '2024-06-11 15:45:18', '0000-00-00 00:00:00', 1, 0),
(1280, 7, 60, 0, 0, 0, 0, 1, '2024-06-11 15:45:18', '0000-00-00 00:00:00', 1, 0),
(1281, 7, 89, 0, 0, 0, 0, 1, '2024-06-11 15:45:18', '0000-00-00 00:00:00', 1, 0),
(1282, 7, 90, 0, 0, 0, 0, 1, '2024-06-11 15:45:18', '0000-00-00 00:00:00', 1, 0),
(1283, 7, 106, 0, 0, 0, 0, 1, '2024-06-11 15:45:18', '0000-00-00 00:00:00', 1, 0),
(1284, 7, 132, 0, 0, 0, 0, 1, '2024-06-11 15:45:18', '0000-00-00 00:00:00', 1, 0),
(1285, 7, 61, 0, 0, 0, 0, 1, '2024-06-11 15:45:18', '0000-00-00 00:00:00', 1, 0),
(1286, 7, 62, 0, 0, 0, 0, 1, '2024-06-11 15:45:18', '0000-00-00 00:00:00', 1, 0),
(1287, 7, 63, 0, 0, 0, 0, 1, '2024-06-11 15:45:18', '0000-00-00 00:00:00', 1, 0),
(1288, 7, 64, 0, 0, 0, 0, 1, '2024-06-11 15:45:18', '0000-00-00 00:00:00', 1, 0),
(1289, 7, 107, 0, 0, 0, 0, 1, '2024-06-11 15:45:18', '0000-00-00 00:00:00', 1, 0),
(1290, 7, 86, 0, 0, 0, 0, 1, '2024-06-11 15:45:18', '0000-00-00 00:00:00', 1, 0),
(1291, 7, 87, 0, 0, 0, 0, 1, '2024-06-11 15:45:18', '0000-00-00 00:00:00', 1, 0),
(1292, 7, 88, 0, 0, 0, 0, 1, '2024-06-11 15:45:18', '0000-00-00 00:00:00', 1, 0),
(1293, 7, 95, 0, 0, 0, 0, 1, '2024-06-11 15:45:18', '0000-00-00 00:00:00', 1, 0),
(1294, 7, 96, 0, 0, 0, 0, 1, '2024-06-11 15:45:18', '0000-00-00 00:00:00', 1, 0),
(1295, 7, 97, 0, 0, 0, 0, 1, '2024-06-11 15:45:18', '0000-00-00 00:00:00', 1, 0),
(1296, 7, 98, 0, 0, 0, 0, 1, '2024-06-11 15:45:18', '0000-00-00 00:00:00', 1, 0),
(1297, 7, 99, 0, 0, 0, 0, 1, '2024-06-11 15:45:18', '0000-00-00 00:00:00', 1, 0),
(1298, 7, 100, 0, 0, 0, 0, 1, '2024-06-11 15:45:18', '0000-00-00 00:00:00', 1, 0),
(1299, 7, 101, 0, 0, 0, 0, 1, '2024-06-11 15:45:18', '0000-00-00 00:00:00', 1, 0),
(1300, 7, 94, 1, 1, 1, 0, 1, '2024-06-11 15:45:18', '0000-00-00 00:00:00', 1, 0),
(1301, 7, 102, 0, 0, 0, 0, 1, '2024-06-11 15:45:18', '0000-00-00 00:00:00', 1, 0),
(1302, 7, 103, 0, 0, 0, 0, 1, '2024-06-11 15:45:18', '0000-00-00 00:00:00', 1, 0),
(1303, 7, 104, 0, 0, 0, 0, 1, '2024-06-11 15:45:18', '0000-00-00 00:00:00', 1, 0),
(1304, 7, 108, 0, 0, 0, 0, 1, '2024-06-11 15:45:18', '0000-00-00 00:00:00', 1, 0),
(1305, 7, 109, 0, 0, 0, 0, 1, '2024-06-11 15:45:18', '0000-00-00 00:00:00', 1, 0),
(1306, 7, 110, 0, 0, 0, 0, 1, '2024-06-11 15:45:18', '0000-00-00 00:00:00', 1, 0),
(1307, 7, 119, 0, 0, 0, 0, 1, '2024-06-11 15:45:18', '0000-00-00 00:00:00', 1, 0),
(1308, 7, 120, 0, 0, 0, 0, 1, '2024-06-11 15:45:18', '0000-00-00 00:00:00', 1, 0),
(1309, 7, 121, 0, 0, 0, 0, 1, '2024-06-11 15:45:18', '0000-00-00 00:00:00', 1, 0),
(1310, 7, 122, 0, 0, 0, 0, 1, '2024-06-11 15:45:18', '0000-00-00 00:00:00', 1, 0),
(1311, 7, 123, 0, 0, 0, 0, 1, '2024-06-11 15:45:18', '0000-00-00 00:00:00', 1, 0),
(1312, 7, 133, 0, 0, 0, 0, 1, '2024-06-11 15:45:18', '0000-00-00 00:00:00', 1, 0),
(1313, 7, 134, 0, 0, 0, 0, 1, '2024-06-11 15:45:18', '0000-00-00 00:00:00', 1, 0),
(1314, 7, 135, 0, 0, 0, 0, 1, '2024-06-11 15:45:18', '0000-00-00 00:00:00', 1, 0),
(1315, 7, 136, 0, 0, 0, 0, 1, '2024-06-11 15:45:18', '0000-00-00 00:00:00', 1, 0),
(1316, 7, 137, 0, 0, 0, 0, 1, '2024-06-11 15:45:18', '0000-00-00 00:00:00', 1, 0),
(1317, 7, 138, 0, 0, 0, 0, 1, '2024-06-11 15:45:18', '0000-00-00 00:00:00', 1, 0),
(1318, 7, 139, 0, 0, 0, 0, 1, '2024-06-11 15:45:18', '0000-00-00 00:00:00', 1, 0),
(1319, 7, 140, 0, 0, 0, 0, 1, '2024-06-11 15:45:18', '0000-00-00 00:00:00', 1, 0),
(1320, 7, 142, 0, 0, 0, 0, 1, '2024-06-11 15:45:18', '0000-00-00 00:00:00', 1, 0),
(1321, 7, 145, 0, 0, 0, 0, 1, '2024-06-11 15:45:18', '0000-00-00 00:00:00', 1, 0),
(1322, 7, 146, 0, 0, 0, 0, 1, '2024-06-11 15:45:18', '0000-00-00 00:00:00', 1, 0),
(1323, 7, 147, 0, 0, 0, 0, 1, '2024-06-11 15:45:18', '0000-00-00 00:00:00', 1, 0),
(1324, 13, 1, 0, 0, 0, 0, 1, '2024-06-13 09:52:21', '0000-00-00 00:00:00', 1, 0),
(1325, 13, 2, 0, 0, 0, 0, 1, '2024-06-13 09:52:21', '0000-00-00 00:00:00', 1, 0),
(1326, 13, 3, 0, 0, 0, 0, 1, '2024-06-13 09:52:21', '0000-00-00 00:00:00', 1, 0),
(1327, 13, 4, 0, 0, 0, 0, 1, '2024-06-13 09:52:21', '0000-00-00 00:00:00', 1, 0),
(1328, 13, 5, 0, 0, 0, 0, 1, '2024-06-13 09:52:21', '0000-00-00 00:00:00', 1, 0),
(1329, 13, 6, 0, 0, 0, 0, 1, '2024-06-13 09:52:21', '0000-00-00 00:00:00', 1, 0),
(1330, 13, 7, 0, 0, 0, 0, 1, '2024-06-13 09:52:21', '0000-00-00 00:00:00', 1, 0),
(1331, 13, 8, 0, 0, 0, 0, 1, '2024-06-13 09:52:21', '0000-00-00 00:00:00', 1, 0),
(1332, 13, 9, 0, 0, 0, 0, 1, '2024-06-13 09:52:21', '0000-00-00 00:00:00', 1, 0),
(1333, 13, 10, 0, 0, 0, 0, 1, '2024-06-13 09:52:21', '0000-00-00 00:00:00', 1, 0),
(1334, 13, 11, 0, 0, 0, 0, 1, '2024-06-13 09:52:21', '0000-00-00 00:00:00', 1, 0),
(1335, 13, 12, 0, 0, 0, 0, 1, '2024-06-13 09:52:21', '0000-00-00 00:00:00', 1, 0),
(1336, 13, 13, 0, 0, 0, 0, 1, '2024-06-13 09:52:21', '0000-00-00 00:00:00', 1, 0),
(1337, 13, 14, 0, 0, 0, 0, 1, '2024-06-13 09:52:21', '0000-00-00 00:00:00', 1, 0),
(1338, 13, 18, 0, 0, 0, 0, 1, '2024-06-13 09:52:21', '0000-00-00 00:00:00', 1, 0),
(1339, 13, 19, 0, 0, 0, 0, 1, '2024-06-13 09:52:21', '0000-00-00 00:00:00', 1, 0),
(1340, 13, 82, 0, 0, 0, 0, 1, '2024-06-13 09:52:21', '0000-00-00 00:00:00', 1, 0),
(1341, 13, 83, 0, 0, 0, 0, 1, '2024-06-13 09:52:21', '0000-00-00 00:00:00', 1, 0),
(1342, 13, 15, 0, 0, 0, 0, 1, '2024-06-13 09:52:21', '0000-00-00 00:00:00', 1, 0),
(1343, 13, 16, 0, 0, 0, 0, 1, '2024-06-13 09:52:21', '0000-00-00 00:00:00', 1, 0),
(1344, 13, 17, 0, 0, 0, 0, 1, '2024-06-13 09:52:21', '0000-00-00 00:00:00', 1, 0),
(1345, 13, 111, 0, 0, 0, 0, 1, '2024-06-13 09:52:21', '0000-00-00 00:00:00', 1, 0),
(1346, 13, 112, 0, 0, 0, 0, 1, '2024-06-13 09:52:21', '0000-00-00 00:00:00', 1, 0),
(1347, 13, 113, 0, 0, 0, 0, 1, '2024-06-13 09:52:21', '0000-00-00 00:00:00', 1, 0),
(1348, 13, 114, 0, 0, 0, 0, 1, '2024-06-13 09:52:21', '0000-00-00 00:00:00', 1, 0),
(1349, 13, 115, 0, 0, 0, 0, 1, '2024-06-13 09:52:21', '0000-00-00 00:00:00', 1, 0),
(1350, 13, 116, 0, 0, 0, 0, 1, '2024-06-13 09:52:21', '0000-00-00 00:00:00', 1, 0),
(1351, 13, 117, 0, 0, 0, 0, 1, '2024-06-13 09:52:21', '0000-00-00 00:00:00', 1, 0),
(1352, 13, 118, 0, 0, 0, 0, 1, '2024-06-13 09:52:21', '0000-00-00 00:00:00', 1, 0),
(1353, 13, 20, 0, 0, 0, 0, 1, '2024-06-13 09:52:21', '0000-00-00 00:00:00', 1, 0),
(1354, 13, 21, 0, 0, 0, 0, 1, '2024-06-13 09:52:21', '0000-00-00 00:00:00', 1, 0),
(1355, 13, 22, 0, 0, 0, 0, 1, '2024-06-13 09:52:21', '0000-00-00 00:00:00', 1, 0),
(1356, 13, 23, 0, 0, 0, 0, 1, '2024-06-13 09:52:21', '0000-00-00 00:00:00', 1, 0),
(1357, 13, 24, 0, 0, 0, 0, 1, '2024-06-13 09:52:21', '0000-00-00 00:00:00', 1, 0),
(1358, 13, 25, 0, 0, 0, 0, 1, '2024-06-13 09:52:21', '0000-00-00 00:00:00', 1, 0),
(1359, 13, 43, 0, 0, 0, 0, 1, '2024-06-13 09:52:21', '0000-00-00 00:00:00', 1, 0),
(1360, 13, 26, 1, 0, 1, 0, 1, '2024-06-13 09:52:21', '0000-00-00 00:00:00', 1, 0),
(1361, 13, 27, 0, 0, 0, 0, 1, '2024-06-13 09:52:21', '0000-00-00 00:00:00', 1, 0),
(1362, 13, 28, 0, 0, 0, 0, 1, '2024-06-13 09:52:21', '0000-00-00 00:00:00', 1, 0),
(1363, 13, 29, 0, 0, 0, 0, 1, '2024-06-13 09:52:21', '0000-00-00 00:00:00', 1, 0),
(1364, 13, 30, 0, 0, 0, 0, 1, '2024-06-13 09:52:21', '0000-00-00 00:00:00', 1, 0),
(1365, 13, 31, 0, 0, 0, 0, 1, '2024-06-13 09:52:21', '0000-00-00 00:00:00', 1, 0),
(1366, 13, 32, 0, 0, 0, 0, 1, '2024-06-13 09:52:21', '0000-00-00 00:00:00', 1, 0),
(1367, 13, 33, 0, 0, 0, 0, 1, '2024-06-13 09:52:21', '0000-00-00 00:00:00', 1, 0),
(1368, 13, 34, 0, 0, 0, 0, 1, '2024-06-13 09:52:21', '0000-00-00 00:00:00', 1, 0),
(1369, 13, 126, 0, 0, 0, 0, 1, '2024-06-13 09:52:21', '0000-00-00 00:00:00', 1, 0),
(1370, 13, 144, 0, 0, 0, 0, 1, '2024-06-13 09:52:21', '0000-00-00 00:00:00', 1, 0),
(1371, 13, 35, 1, 0, 1, 0, 1, '2024-06-13 09:52:21', '0000-00-00 00:00:00', 1, 0),
(1372, 13, 36, 0, 0, 0, 0, 1, '2024-06-13 09:52:21', '0000-00-00 00:00:00', 1, 0),
(1373, 13, 37, 0, 0, 0, 0, 1, '2024-06-13 09:52:21', '0000-00-00 00:00:00', 1, 0),
(1374, 13, 38, 0, 0, 0, 0, 1, '2024-06-13 09:52:21', '0000-00-00 00:00:00', 1, 0),
(1375, 13, 39, 0, 0, 0, 0, 1, '2024-06-13 09:52:21', '0000-00-00 00:00:00', 1, 0),
(1376, 13, 40, 0, 0, 0, 0, 1, '2024-06-13 09:52:21', '0000-00-00 00:00:00', 1, 0),
(1377, 13, 41, 0, 0, 0, 0, 1, '2024-06-13 09:52:21', '0000-00-00 00:00:00', 1, 0),
(1378, 13, 42, 0, 0, 0, 0, 1, '2024-06-13 09:52:21', '0000-00-00 00:00:00', 1, 0),
(1379, 13, 67, 0, 0, 0, 0, 1, '2024-06-13 09:52:21', '0000-00-00 00:00:00', 1, 0),
(1380, 13, 68, 0, 0, 0, 0, 1, '2024-06-13 09:52:21', '0000-00-00 00:00:00', 1, 0),
(1381, 13, 69, 0, 0, 0, 0, 1, '2024-06-13 09:52:21', '0000-00-00 00:00:00', 1, 0),
(1382, 13, 70, 0, 0, 0, 0, 1, '2024-06-13 09:52:21', '0000-00-00 00:00:00', 1, 0),
(1383, 13, 71, 0, 0, 0, 0, 1, '2024-06-13 09:52:21', '0000-00-00 00:00:00', 1, 0),
(1384, 13, 72, 0, 0, 0, 0, 1, '2024-06-13 09:52:21', '0000-00-00 00:00:00', 1, 0),
(1385, 13, 73, 0, 0, 0, 0, 1, '2024-06-13 09:52:21', '0000-00-00 00:00:00', 1, 0),
(1386, 13, 74, 0, 0, 0, 0, 1, '2024-06-13 09:52:21', '0000-00-00 00:00:00', 1, 0),
(1387, 13, 75, 0, 0, 0, 0, 1, '2024-06-13 09:52:21', '0000-00-00 00:00:00', 1, 0),
(1388, 13, 76, 0, 0, 0, 0, 1, '2024-06-13 09:52:21', '0000-00-00 00:00:00', 1, 0),
(1389, 13, 77, 0, 0, 0, 0, 1, '2024-06-13 09:52:21', '0000-00-00 00:00:00', 1, 0),
(1390, 13, 78, 0, 0, 0, 0, 1, '2024-06-13 09:52:21', '0000-00-00 00:00:00', 1, 0),
(1391, 13, 79, 0, 0, 0, 0, 1, '2024-06-13 09:52:21', '0000-00-00 00:00:00', 1, 0),
(1392, 13, 80, 0, 0, 0, 0, 1, '2024-06-13 09:52:21', '0000-00-00 00:00:00', 1, 0),
(1393, 13, 81, 0, 0, 0, 0, 1, '2024-06-13 09:52:21', '0000-00-00 00:00:00', 1, 0),
(1394, 13, 127, 0, 0, 0, 0, 1, '2024-06-13 09:52:21', '0000-00-00 00:00:00', 1, 0),
(1395, 13, 128, 0, 0, 0, 0, 1, '2024-06-13 09:52:21', '0000-00-00 00:00:00', 1, 0),
(1396, 13, 129, 0, 0, 0, 0, 1, '2024-06-13 09:52:21', '0000-00-00 00:00:00', 1, 0),
(1397, 13, 143, 0, 0, 0, 0, 1, '2024-06-13 09:52:21', '0000-00-00 00:00:00', 1, 0),
(1398, 13, 44, 0, 0, 0, 0, 1, '2024-06-13 09:52:21', '0000-00-00 00:00:00', 1, 0),
(1399, 13, 130, 0, 0, 0, 0, 1, '2024-06-13 09:52:21', '0000-00-00 00:00:00', 1, 0),
(1400, 13, 131, 0, 0, 0, 0, 1, '2024-06-13 09:52:21', '0000-00-00 00:00:00', 1, 0),
(1401, 13, 45, 0, 0, 0, 0, 1, '2024-06-13 09:52:21', '0000-00-00 00:00:00', 1, 0),
(1402, 13, 46, 0, 0, 0, 0, 1, '2024-06-13 09:52:21', '0000-00-00 00:00:00', 1, 0),
(1403, 13, 47, 0, 0, 0, 0, 1, '2024-06-13 09:52:21', '0000-00-00 00:00:00', 1, 0),
(1404, 13, 53, 0, 0, 0, 0, 1, '2024-06-13 09:52:21', '0000-00-00 00:00:00', 1, 0),
(1405, 13, 65, 0, 0, 0, 0, 1, '2024-06-13 09:52:21', '0000-00-00 00:00:00', 1, 0),
(1406, 13, 66, 0, 0, 0, 0, 1, '2024-06-13 09:52:21', '0000-00-00 00:00:00', 1, 0),
(1407, 13, 48, 0, 0, 0, 0, 1, '2024-06-13 09:52:21', '0000-00-00 00:00:00', 1, 0),
(1408, 13, 49, 0, 0, 0, 0, 1, '2024-06-13 09:52:21', '0000-00-00 00:00:00', 1, 0),
(1409, 13, 50, 0, 0, 0, 0, 1, '2024-06-13 09:52:21', '0000-00-00 00:00:00', 1, 0),
(1410, 13, 51, 0, 0, 0, 0, 1, '2024-06-13 09:52:21', '0000-00-00 00:00:00', 1, 0),
(1411, 13, 52, 0, 0, 0, 0, 1, '2024-06-13 09:52:21', '0000-00-00 00:00:00', 1, 0),
(1412, 13, 57, 0, 0, 0, 0, 1, '2024-06-13 09:52:21', '0000-00-00 00:00:00', 1, 0),
(1413, 13, 84, 0, 0, 0, 0, 1, '2024-06-13 09:52:21', '0000-00-00 00:00:00', 1, 0),
(1414, 13, 85, 0, 0, 0, 0, 1, '2024-06-13 09:52:21', '0000-00-00 00:00:00', 1, 0),
(1415, 13, 91, 0, 0, 0, 0, 1, '2024-06-13 09:52:21', '0000-00-00 00:00:00', 1, 0),
(1416, 13, 92, 0, 0, 0, 0, 1, '2024-06-13 09:52:21', '0000-00-00 00:00:00', 1, 0),
(1417, 13, 105, 0, 0, 0, 0, 1, '2024-06-13 09:52:21', '0000-00-00 00:00:00', 1, 0),
(1418, 13, 124, 0, 0, 0, 0, 1, '2024-06-13 09:52:21', '0000-00-00 00:00:00', 1, 0),
(1419, 13, 125, 0, 0, 0, 0, 1, '2024-06-13 09:52:21', '0000-00-00 00:00:00', 1, 0),
(1420, 13, 141, 0, 0, 0, 0, 1, '2024-06-13 09:52:21', '0000-00-00 00:00:00', 1, 0),
(1421, 13, 54, 0, 0, 0, 0, 1, '2024-06-13 09:52:21', '0000-00-00 00:00:00', 1, 0),
(1422, 13, 55, 0, 0, 0, 0, 1, '2024-06-13 09:52:21', '0000-00-00 00:00:00', 1, 0),
(1423, 13, 56, 0, 0, 0, 0, 1, '2024-06-13 09:52:21', '0000-00-00 00:00:00', 1, 0),
(1424, 13, 93, 0, 0, 0, 0, 1, '2024-06-13 09:52:21', '0000-00-00 00:00:00', 1, 0),
(1425, 13, 58, 0, 0, 0, 0, 1, '2024-06-13 09:52:21', '0000-00-00 00:00:00', 1, 0),
(1426, 13, 59, 0, 0, 0, 0, 1, '2024-06-13 09:52:21', '0000-00-00 00:00:00', 1, 0),
(1427, 13, 60, 0, 0, 0, 0, 1, '2024-06-13 09:52:21', '0000-00-00 00:00:00', 1, 0),
(1428, 13, 89, 0, 0, 0, 0, 1, '2024-06-13 09:52:21', '0000-00-00 00:00:00', 1, 0),
(1429, 13, 90, 0, 0, 0, 0, 1, '2024-06-13 09:52:21', '0000-00-00 00:00:00', 1, 0),
(1430, 13, 106, 0, 0, 0, 0, 1, '2024-06-13 09:52:21', '0000-00-00 00:00:00', 1, 0),
(1431, 13, 132, 0, 0, 0, 0, 1, '2024-06-13 09:52:21', '0000-00-00 00:00:00', 1, 0),
(1432, 13, 61, 0, 0, 0, 0, 1, '2024-06-13 09:52:21', '0000-00-00 00:00:00', 1, 0),
(1433, 13, 62, 0, 0, 0, 0, 1, '2024-06-13 09:52:21', '0000-00-00 00:00:00', 1, 0),
(1434, 13, 63, 0, 0, 0, 0, 1, '2024-06-13 09:52:21', '0000-00-00 00:00:00', 1, 0),
(1435, 13, 64, 0, 0, 0, 0, 1, '2024-06-13 09:52:21', '0000-00-00 00:00:00', 1, 0),
(1436, 13, 107, 0, 0, 0, 0, 1, '2024-06-13 09:52:21', '0000-00-00 00:00:00', 1, 0),
(1437, 13, 86, 0, 0, 1, 0, 1, '2024-06-13 09:52:21', '0000-00-00 00:00:00', 1, 0),
(1438, 13, 87, 1, 0, 1, 0, 1, '2024-06-13 09:52:21', '0000-00-00 00:00:00', 1, 0),
(1439, 13, 88, 1, 0, 1, 0, 1, '2024-06-13 09:52:21', '0000-00-00 00:00:00', 1, 0),
(1440, 13, 95, 1, 0, 1, 0, 1, '2024-06-13 09:52:21', '0000-00-00 00:00:00', 1, 0),
(1441, 13, 96, 1, 0, 1, 0, 1, '2024-06-13 09:52:21', '0000-00-00 00:00:00', 1, 0),
(1442, 13, 97, 1, 1, 1, 0, 1, '2024-06-13 09:52:21', '0000-00-00 00:00:00', 1, 0),
(1443, 13, 98, 1, 1, 1, 0, 1, '2024-06-13 09:52:21', '0000-00-00 00:00:00', 1, 0),
(1444, 13, 99, 1, 1, 1, 0, 1, '2024-06-13 09:52:21', '0000-00-00 00:00:00', 1, 0),
(1445, 13, 100, 1, 0, 1, 0, 1, '2024-06-13 09:52:21', '0000-00-00 00:00:00', 1, 0),
(1446, 13, 101, 0, 0, 1, 0, 1, '2024-06-13 09:52:21', '0000-00-00 00:00:00', 1, 0),
(1447, 13, 94, 0, 0, 0, 0, 1, '2024-06-13 09:52:21', '0000-00-00 00:00:00', 1, 0),
(1448, 13, 102, 0, 0, 0, 0, 1, '2024-06-13 09:52:21', '0000-00-00 00:00:00', 1, 0),
(1449, 13, 103, 0, 0, 0, 0, 1, '2024-06-13 09:52:21', '0000-00-00 00:00:00', 1, 0),
(1450, 13, 104, 0, 0, 0, 0, 1, '2024-06-13 09:52:21', '0000-00-00 00:00:00', 1, 0),
(1451, 13, 108, 0, 0, 0, 0, 1, '2024-06-13 09:52:21', '0000-00-00 00:00:00', 1, 0),
(1452, 13, 109, 0, 0, 0, 0, 1, '2024-06-13 09:52:21', '0000-00-00 00:00:00', 1, 0),
(1453, 13, 110, 0, 0, 0, 0, 1, '2024-06-13 09:52:21', '0000-00-00 00:00:00', 1, 0),
(1454, 13, 119, 0, 0, 0, 0, 1, '2024-06-13 09:52:21', '0000-00-00 00:00:00', 1, 0),
(1455, 13, 120, 0, 0, 0, 0, 1, '2024-06-13 09:52:21', '0000-00-00 00:00:00', 1, 0),
(1456, 13, 121, 0, 0, 0, 0, 1, '2024-06-13 09:52:21', '0000-00-00 00:00:00', 1, 0),
(1457, 13, 122, 0, 0, 0, 0, 1, '2024-06-13 09:52:21', '0000-00-00 00:00:00', 1, 0),
(1458, 13, 123, 0, 0, 0, 0, 1, '2024-06-13 09:52:21', '0000-00-00 00:00:00', 1, 0),
(1459, 13, 133, 0, 0, 0, 0, 1, '2024-06-13 09:52:21', '0000-00-00 00:00:00', 1, 0),
(1460, 13, 134, 0, 0, 0, 0, 1, '2024-06-13 09:52:21', '0000-00-00 00:00:00', 1, 0),
(1461, 13, 135, 0, 0, 0, 0, 1, '2024-06-13 09:52:21', '0000-00-00 00:00:00', 1, 0),
(1462, 13, 136, 0, 0, 0, 0, 1, '2024-06-13 09:52:21', '0000-00-00 00:00:00', 1, 0),
(1463, 13, 137, 0, 0, 0, 0, 1, '2024-06-13 09:52:21', '0000-00-00 00:00:00', 1, 0),
(1464, 13, 138, 0, 0, 0, 0, 1, '2024-06-13 09:52:21', '0000-00-00 00:00:00', 1, 0),
(1465, 13, 139, 0, 0, 0, 0, 1, '2024-06-13 09:52:21', '0000-00-00 00:00:00', 1, 0),
(1466, 13, 140, 0, 0, 0, 0, 1, '2024-06-13 09:52:21', '0000-00-00 00:00:00', 1, 0),
(1467, 13, 142, 0, 0, 0, 0, 1, '2024-06-13 09:52:21', '0000-00-00 00:00:00', 1, 0),
(1468, 13, 145, 0, 0, 0, 0, 1, '2024-06-13 09:52:21', '0000-00-00 00:00:00', 1, 0),
(1469, 13, 146, 0, 0, 0, 0, 1, '2024-06-13 09:52:21', '0000-00-00 00:00:00', 1, 0),
(1470, 13, 147, 0, 0, 0, 0, 1, '2024-06-13 09:52:21', '0000-00-00 00:00:00', 1, 0),
(1471, 9, 148, 0, 0, 0, 0, 1, '2024-09-10 14:43:04', '0000-00-00 00:00:00', 1, 0),
(1472, 14, 1, 0, 0, 0, 0, 1, '2024-07-28 12:41:39', '0000-00-00 00:00:00', 1, 0),
(1473, 14, 2, 0, 0, 0, 0, 1, '2024-07-28 12:41:39', '0000-00-00 00:00:00', 1, 0),
(1474, 14, 3, 0, 0, 0, 0, 1, '2024-07-28 12:41:39', '0000-00-00 00:00:00', 1, 0),
(1475, 14, 4, 0, 0, 0, 0, 1, '2024-07-28 12:41:39', '0000-00-00 00:00:00', 1, 0),
(1476, 14, 5, 0, 0, 0, 0, 1, '2024-07-28 12:41:39', '0000-00-00 00:00:00', 1, 0),
(1477, 14, 6, 0, 0, 0, 0, 1, '2024-07-28 12:41:39', '0000-00-00 00:00:00', 1, 0),
(1478, 14, 7, 0, 0, 0, 0, 1, '2024-07-28 12:41:39', '0000-00-00 00:00:00', 1, 0),
(1479, 14, 8, 0, 0, 0, 0, 1, '2024-07-28 12:41:39', '0000-00-00 00:00:00', 1, 0),
(1480, 14, 9, 0, 0, 0, 0, 1, '2024-07-28 12:41:39', '0000-00-00 00:00:00', 1, 0),
(1481, 14, 10, 0, 0, 0, 0, 1, '2024-07-28 12:41:39', '0000-00-00 00:00:00', 1, 0),
(1482, 14, 11, 0, 0, 0, 0, 1, '2024-07-28 12:41:39', '0000-00-00 00:00:00', 1, 0),
(1483, 14, 12, 0, 0, 0, 0, 1, '2024-07-28 12:41:39', '0000-00-00 00:00:00', 1, 0),
(1484, 14, 13, 0, 0, 0, 0, 1, '2024-07-28 12:41:39', '0000-00-00 00:00:00', 1, 0),
(1485, 14, 14, 0, 0, 0, 0, 1, '2024-07-28 12:41:39', '0000-00-00 00:00:00', 1, 0),
(1486, 14, 18, 0, 0, 0, 0, 1, '2024-07-28 12:41:39', '0000-00-00 00:00:00', 1, 0),
(1487, 14, 19, 0, 0, 0, 0, 1, '2024-07-28 12:41:39', '0000-00-00 00:00:00', 1, 0),
(1488, 14, 82, 0, 0, 0, 0, 1, '2024-07-28 12:41:39', '0000-00-00 00:00:00', 1, 0),
(1489, 14, 83, 0, 0, 0, 0, 1, '2024-07-28 12:41:39', '0000-00-00 00:00:00', 1, 0),
(1490, 14, 15, 0, 0, 0, 0, 1, '2024-07-28 12:41:39', '0000-00-00 00:00:00', 1, 0),
(1491, 14, 16, 0, 0, 0, 0, 1, '2024-07-28 12:41:39', '0000-00-00 00:00:00', 1, 0),
(1492, 14, 17, 0, 0, 0, 0, 1, '2024-07-28 12:41:39', '0000-00-00 00:00:00', 1, 0),
(1493, 14, 111, 0, 0, 0, 0, 1, '2024-07-28 12:41:39', '0000-00-00 00:00:00', 1, 0),
(1494, 14, 112, 0, 0, 0, 0, 1, '2024-07-28 12:41:39', '0000-00-00 00:00:00', 1, 0),
(1495, 14, 113, 0, 0, 0, 0, 1, '2024-07-28 12:41:39', '0000-00-00 00:00:00', 1, 0),
(1496, 14, 114, 0, 0, 0, 0, 1, '2024-07-28 12:41:39', '0000-00-00 00:00:00', 1, 0),
(1497, 14, 115, 0, 0, 0, 0, 1, '2024-07-28 12:41:39', '0000-00-00 00:00:00', 1, 0),
(1498, 14, 116, 0, 0, 0, 0, 1, '2024-07-28 12:41:39', '0000-00-00 00:00:00', 1, 0),
(1499, 14, 117, 0, 0, 0, 0, 1, '2024-07-28 12:41:39', '0000-00-00 00:00:00', 1, 0),
(1500, 14, 118, 0, 0, 0, 0, 1, '2024-07-28 12:41:39', '0000-00-00 00:00:00', 1, 0),
(1501, 14, 20, 0, 0, 0, 0, 1, '2024-07-28 12:41:39', '0000-00-00 00:00:00', 1, 0),
(1502, 14, 21, 0, 0, 0, 0, 1, '2024-07-28 12:41:39', '0000-00-00 00:00:00', 1, 0),
(1503, 14, 22, 0, 0, 0, 0, 1, '2024-07-28 12:41:39', '0000-00-00 00:00:00', 1, 0),
(1504, 14, 23, 0, 0, 0, 0, 1, '2024-07-28 12:41:39', '0000-00-00 00:00:00', 1, 0),
(1505, 14, 24, 0, 0, 0, 0, 1, '2024-07-28 12:41:39', '0000-00-00 00:00:00', 1, 0),
(1506, 14, 25, 0, 0, 0, 0, 1, '2024-07-28 12:41:39', '0000-00-00 00:00:00', 1, 0),
(1507, 14, 43, 0, 0, 0, 0, 1, '2024-07-28 12:41:39', '0000-00-00 00:00:00', 1, 0),
(1508, 14, 26, 1, 0, 1, 0, 1, '2024-07-28 12:41:39', '0000-00-00 00:00:00', 1, 0),
(1509, 14, 27, 0, 0, 0, 0, 1, '2024-07-28 12:41:39', '0000-00-00 00:00:00', 1, 0),
(1510, 14, 28, 1, 0, 1, 0, 1, '2024-07-28 12:41:39', '0000-00-00 00:00:00', 1, 0),
(1511, 14, 29, 0, 0, 0, 0, 1, '2024-07-28 12:41:39', '0000-00-00 00:00:00', 1, 0),
(1512, 14, 30, 0, 0, 0, 0, 1, '2024-07-28 12:41:39', '0000-00-00 00:00:00', 1, 0),
(1513, 14, 31, 0, 0, 0, 0, 1, '2024-07-28 12:41:39', '0000-00-00 00:00:00', 1, 0),
(1514, 14, 32, 0, 0, 0, 0, 1, '2024-07-28 12:41:39', '0000-00-00 00:00:00', 1, 0),
(1515, 14, 33, 0, 0, 0, 0, 1, '2024-07-28 12:41:39', '0000-00-00 00:00:00', 1, 0),
(1516, 14, 34, 0, 0, 0, 0, 1, '2024-07-28 12:41:39', '0000-00-00 00:00:00', 1, 0),
(1517, 14, 126, 0, 0, 0, 0, 1, '2024-07-28 12:41:39', '0000-00-00 00:00:00', 1, 0),
(1518, 14, 144, 0, 0, 0, 0, 1, '2024-07-28 12:41:39', '0000-00-00 00:00:00', 1, 0),
(1519, 14, 35, 0, 0, 0, 0, 1, '2024-07-28 12:41:39', '0000-00-00 00:00:00', 1, 0),
(1520, 14, 36, 0, 0, 0, 0, 1, '2024-07-28 12:41:39', '0000-00-00 00:00:00', 1, 0),
(1521, 14, 37, 0, 0, 0, 0, 1, '2024-07-28 12:41:39', '0000-00-00 00:00:00', 1, 0),
(1522, 14, 38, 0, 0, 0, 0, 1, '2024-07-28 12:41:39', '0000-00-00 00:00:00', 1, 0),
(1523, 14, 39, 0, 0, 0, 0, 1, '2024-07-28 12:41:39', '0000-00-00 00:00:00', 1, 0),
(1524, 14, 40, 0, 0, 0, 0, 1, '2024-07-28 12:41:39', '0000-00-00 00:00:00', 1, 0),
(1525, 14, 41, 0, 0, 0, 0, 1, '2024-07-28 12:41:39', '0000-00-00 00:00:00', 1, 0),
(1526, 14, 42, 0, 0, 0, 0, 1, '2024-07-28 12:41:39', '0000-00-00 00:00:00', 1, 0),
(1527, 14, 67, 0, 0, 0, 0, 1, '2024-07-28 12:41:39', '0000-00-00 00:00:00', 1, 0),
(1528, 14, 68, 0, 0, 0, 0, 1, '2024-07-28 12:41:39', '0000-00-00 00:00:00', 1, 0),
(1529, 14, 69, 0, 0, 0, 0, 1, '2024-07-28 12:41:39', '0000-00-00 00:00:00', 1, 0),
(1530, 14, 70, 0, 0, 0, 0, 1, '2024-07-28 12:41:39', '0000-00-00 00:00:00', 1, 0),
(1531, 14, 71, 0, 0, 0, 0, 1, '2024-07-28 12:41:39', '0000-00-00 00:00:00', 1, 0),
(1532, 14, 72, 0, 0, 0, 0, 1, '2024-07-28 12:41:39', '0000-00-00 00:00:00', 1, 0),
(1533, 14, 73, 0, 0, 0, 0, 1, '2024-07-28 12:41:39', '0000-00-00 00:00:00', 1, 0),
(1534, 14, 74, 0, 0, 0, 0, 1, '2024-07-28 12:41:39', '0000-00-00 00:00:00', 1, 0),
(1535, 14, 75, 0, 0, 0, 0, 1, '2024-07-28 12:41:39', '0000-00-00 00:00:00', 1, 0),
(1536, 14, 76, 0, 0, 0, 0, 1, '2024-07-28 12:41:39', '0000-00-00 00:00:00', 1, 0),
(1537, 14, 77, 0, 0, 0, 0, 1, '2024-07-28 12:41:39', '0000-00-00 00:00:00', 1, 0),
(1538, 14, 78, 0, 0, 0, 0, 1, '2024-07-28 12:41:39', '0000-00-00 00:00:00', 1, 0),
(1539, 14, 79, 0, 0, 0, 0, 1, '2024-07-28 12:41:39', '0000-00-00 00:00:00', 1, 0),
(1540, 14, 80, 0, 0, 0, 0, 1, '2024-07-28 12:41:39', '0000-00-00 00:00:00', 1, 0),
(1541, 14, 81, 0, 0, 0, 0, 1, '2024-07-28 12:41:39', '0000-00-00 00:00:00', 1, 0),
(1542, 14, 127, 0, 0, 0, 0, 1, '2024-07-28 12:41:39', '0000-00-00 00:00:00', 1, 0),
(1543, 14, 128, 0, 0, 0, 0, 1, '2024-07-28 12:41:39', '0000-00-00 00:00:00', 1, 0),
(1544, 14, 129, 0, 0, 0, 0, 1, '2024-07-28 12:41:39', '0000-00-00 00:00:00', 1, 0),
(1545, 14, 143, 0, 0, 0, 0, 1, '2024-07-28 12:41:39', '0000-00-00 00:00:00', 1, 0),
(1546, 14, 44, 0, 0, 0, 0, 1, '2024-07-28 12:41:39', '0000-00-00 00:00:00', 1, 0),
(1547, 14, 130, 0, 0, 0, 0, 1, '2024-07-28 12:41:39', '0000-00-00 00:00:00', 1, 0),
(1548, 14, 131, 0, 0, 0, 0, 1, '2024-07-28 12:41:39', '0000-00-00 00:00:00', 1, 0),
(1549, 14, 148, 0, 0, 0, 0, 1, '2024-07-28 12:41:39', '0000-00-00 00:00:00', 1, 0),
(1550, 14, 45, 0, 0, 0, 0, 1, '2024-07-28 12:41:39', '0000-00-00 00:00:00', 1, 0),
(1551, 14, 46, 0, 0, 0, 0, 1, '2024-07-28 12:41:39', '0000-00-00 00:00:00', 1, 0),
(1552, 14, 47, 0, 0, 0, 0, 1, '2024-07-28 12:41:39', '0000-00-00 00:00:00', 1, 0),
(1553, 14, 53, 0, 0, 0, 0, 1, '2024-07-28 12:41:39', '0000-00-00 00:00:00', 1, 0),
(1554, 14, 65, 0, 0, 0, 0, 1, '2024-07-28 12:41:39', '0000-00-00 00:00:00', 1, 0),
(1555, 14, 66, 0, 0, 0, 0, 1, '2024-07-28 12:41:39', '0000-00-00 00:00:00', 1, 0),
(1556, 14, 48, 0, 0, 0, 0, 1, '2024-07-28 12:41:39', '0000-00-00 00:00:00', 1, 0),
(1557, 14, 49, 0, 0, 0, 0, 1, '2024-07-28 12:41:39', '0000-00-00 00:00:00', 1, 0),
(1558, 14, 50, 0, 0, 0, 0, 1, '2024-07-28 12:41:39', '0000-00-00 00:00:00', 1, 0),
(1559, 14, 51, 0, 0, 0, 0, 1, '2024-07-28 12:41:39', '0000-00-00 00:00:00', 1, 0),
(1560, 14, 52, 0, 0, 0, 0, 1, '2024-07-28 12:41:39', '0000-00-00 00:00:00', 1, 0),
(1561, 14, 57, 0, 0, 0, 0, 1, '2024-07-28 12:41:39', '0000-00-00 00:00:00', 1, 0),
(1562, 14, 84, 0, 0, 0, 0, 1, '2024-07-28 12:41:39', '0000-00-00 00:00:00', 1, 0),
(1563, 14, 85, 0, 0, 0, 0, 1, '2024-07-28 12:41:39', '0000-00-00 00:00:00', 1, 0),
(1564, 14, 91, 0, 0, 0, 0, 1, '2024-07-28 12:41:39', '0000-00-00 00:00:00', 1, 0),
(1565, 14, 92, 0, 0, 0, 0, 1, '2024-07-28 12:41:39', '0000-00-00 00:00:00', 1, 0),
(1566, 14, 105, 0, 0, 0, 0, 1, '2024-07-28 12:41:39', '0000-00-00 00:00:00', 1, 0),
(1567, 14, 124, 0, 0, 0, 0, 1, '2024-07-28 12:41:39', '0000-00-00 00:00:00', 1, 0),
(1568, 14, 125, 0, 0, 0, 0, 1, '2024-07-28 12:41:39', '0000-00-00 00:00:00', 1, 0),
(1569, 14, 141, 0, 0, 0, 0, 1, '2024-07-28 12:41:39', '0000-00-00 00:00:00', 1, 0),
(1570, 14, 54, 0, 0, 0, 0, 1, '2024-07-28 12:41:39', '0000-00-00 00:00:00', 1, 0),
(1571, 14, 55, 0, 0, 0, 0, 1, '2024-07-28 12:41:39', '0000-00-00 00:00:00', 1, 0),
(1572, 14, 56, 0, 0, 0, 0, 1, '2024-07-28 12:41:39', '0000-00-00 00:00:00', 1, 0),
(1573, 14, 93, 0, 0, 0, 0, 1, '2024-07-28 12:41:39', '0000-00-00 00:00:00', 1, 0),
(1574, 14, 58, 0, 0, 0, 0, 1, '2024-07-28 12:41:39', '0000-00-00 00:00:00', 1, 0),
(1575, 14, 59, 0, 0, 0, 0, 1, '2024-07-28 12:41:39', '0000-00-00 00:00:00', 1, 0),
(1576, 14, 60, 0, 0, 0, 0, 1, '2024-07-28 12:41:39', '0000-00-00 00:00:00', 1, 0),
(1577, 14, 89, 0, 0, 0, 0, 1, '2024-07-28 12:41:39', '0000-00-00 00:00:00', 1, 0),
(1578, 14, 90, 0, 0, 0, 0, 1, '2024-07-28 12:41:39', '0000-00-00 00:00:00', 1, 0),
(1579, 14, 106, 0, 0, 0, 0, 1, '2024-07-28 12:41:39', '0000-00-00 00:00:00', 1, 0),
(1580, 14, 132, 0, 0, 0, 0, 1, '2024-07-28 12:41:39', '0000-00-00 00:00:00', 1, 0),
(1581, 14, 61, 0, 0, 0, 0, 1, '2024-07-28 12:41:39', '0000-00-00 00:00:00', 1, 0),
(1582, 14, 62, 0, 0, 0, 0, 1, '2024-07-28 12:41:39', '0000-00-00 00:00:00', 1, 0),
(1583, 14, 63, 0, 0, 0, 0, 1, '2024-07-28 12:41:39', '0000-00-00 00:00:00', 1, 0),
(1584, 14, 64, 0, 0, 0, 0, 1, '2024-07-28 12:41:39', '0000-00-00 00:00:00', 1, 0),
(1585, 14, 107, 0, 0, 0, 0, 1, '2024-07-28 12:41:39', '0000-00-00 00:00:00', 1, 0),
(1586, 14, 86, 0, 0, 0, 0, 1, '2024-07-28 12:41:39', '0000-00-00 00:00:00', 1, 0),
(1587, 14, 87, 0, 0, 0, 0, 1, '2024-07-28 12:41:39', '0000-00-00 00:00:00', 1, 0),
(1588, 14, 88, 0, 0, 0, 0, 1, '2024-07-28 12:41:39', '0000-00-00 00:00:00', 1, 0),
(1589, 14, 95, 0, 0, 0, 0, 1, '2024-07-28 12:41:39', '0000-00-00 00:00:00', 1, 0),
(1590, 14, 96, 0, 0, 0, 0, 1, '2024-07-28 12:41:39', '0000-00-00 00:00:00', 1, 0),
(1591, 14, 97, 0, 0, 0, 0, 1, '2024-07-28 12:41:39', '0000-00-00 00:00:00', 1, 0),
(1592, 14, 98, 0, 0, 0, 0, 1, '2024-07-28 12:41:39', '0000-00-00 00:00:00', 1, 0),
(1593, 14, 99, 0, 0, 0, 0, 1, '2024-07-28 12:41:39', '0000-00-00 00:00:00', 1, 0),
(1594, 14, 100, 0, 0, 0, 0, 1, '2024-07-28 12:41:39', '0000-00-00 00:00:00', 1, 0),
(1595, 14, 101, 0, 0, 0, 0, 1, '2024-07-28 12:41:39', '0000-00-00 00:00:00', 1, 0),
(1596, 14, 94, 0, 0, 0, 0, 1, '2024-07-28 12:41:39', '0000-00-00 00:00:00', 1, 0),
(1597, 14, 102, 0, 0, 0, 0, 1, '2024-07-28 12:41:39', '0000-00-00 00:00:00', 1, 0),
(1598, 14, 103, 0, 0, 0, 0, 1, '2024-07-28 12:41:39', '0000-00-00 00:00:00', 1, 0),
(1599, 14, 104, 0, 0, 0, 0, 1, '2024-07-28 12:41:39', '0000-00-00 00:00:00', 1, 0),
(1600, 14, 108, 0, 0, 0, 0, 1, '2024-07-28 12:41:39', '0000-00-00 00:00:00', 1, 0),
(1601, 14, 109, 0, 0, 0, 0, 1, '2024-07-28 12:41:39', '0000-00-00 00:00:00', 1, 0),
(1602, 14, 110, 0, 0, 0, 0, 1, '2024-07-28 12:41:39', '0000-00-00 00:00:00', 1, 0),
(1603, 14, 119, 0, 0, 0, 0, 1, '2024-07-28 12:41:39', '0000-00-00 00:00:00', 1, 0),
(1604, 14, 120, 0, 0, 0, 0, 1, '2024-07-28 12:41:39', '0000-00-00 00:00:00', 1, 0),
(1605, 14, 121, 0, 0, 0, 0, 1, '2024-07-28 12:41:39', '0000-00-00 00:00:00', 1, 0),
(1606, 14, 122, 0, 0, 0, 0, 1, '2024-07-28 12:41:39', '0000-00-00 00:00:00', 1, 0),
(1607, 14, 123, 0, 0, 0, 0, 1, '2024-07-28 12:41:39', '0000-00-00 00:00:00', 1, 0),
(1608, 14, 133, 0, 0, 0, 0, 1, '2024-07-28 12:41:39', '0000-00-00 00:00:00', 1, 0),
(1609, 14, 134, 0, 0, 0, 0, 1, '2024-07-28 12:41:39', '0000-00-00 00:00:00', 1, 0),
(1610, 14, 135, 0, 0, 0, 0, 1, '2024-07-28 12:41:39', '0000-00-00 00:00:00', 1, 0),
(1611, 14, 136, 0, 0, 0, 0, 1, '2024-07-28 12:41:39', '0000-00-00 00:00:00', 1, 0),
(1612, 14, 137, 0, 0, 0, 0, 1, '2024-07-28 12:41:39', '0000-00-00 00:00:00', 1, 0),
(1613, 14, 138, 0, 0, 0, 0, 1, '2024-07-28 12:41:39', '0000-00-00 00:00:00', 1, 0),
(1614, 14, 139, 0, 0, 0, 0, 1, '2024-07-28 12:41:39', '0000-00-00 00:00:00', 1, 0),
(1615, 14, 140, 0, 0, 0, 0, 1, '2024-07-28 12:41:39', '0000-00-00 00:00:00', 1, 0),
(1616, 14, 142, 0, 0, 0, 0, 1, '2024-07-28 12:41:39', '0000-00-00 00:00:00', 1, 0),
(1617, 14, 145, 0, 0, 0, 0, 1, '2024-07-28 12:41:39', '0000-00-00 00:00:00', 1, 0),
(1618, 14, 146, 0, 0, 0, 0, 1, '2024-07-28 12:41:39', '0000-00-00 00:00:00', 1, 0),
(1619, 14, 147, 0, 0, 0, 0, 1, '2024-07-28 12:41:39', '0000-00-00 00:00:00', 1, 0),
(1620, 1, 149, 1, 1, 1, 1, 1, '2025-04-28 16:03:30', '0000-00-00 00:00:00', 1, 0),
(1621, 1, 148, 1, 0, 0, 0, 1, '2025-04-28 16:03:30', '0000-00-00 00:00:00', 1, 0),
(1622, 2, 149, 0, 0, 1, 0, 1, '2025-04-28 13:51:54', '0000-00-00 00:00:00', 1, 0),
(1623, 2, 148, 0, 0, 0, 0, 1, '2025-04-28 13:51:54', '0000-00-00 00:00:00', 1, 0),
(1624, 9, 149, 0, 0, 0, 0, 1, '2024-09-10 14:43:04', '0000-00-00 00:00:00', 1, 0),
(1625, 1, 150, 1, 1, 1, 1, 1, '2025-04-28 16:03:30', '0000-00-00 00:00:00', 1, 0),
(1626, 1, 151, 1, 1, 1, 1, 1, '2025-04-28 16:03:30', '0000-00-00 00:00:00', 1, 0),
(1627, 1, 152, 1, 1, 1, 1, 1, '2025-04-28 16:03:31', '0000-00-00 00:00:00', 1, 0),
(1628, 1, 153, 1, 1, 1, 1, 1, '2025-04-28 16:03:30', '0000-00-00 00:00:00', 1, 0),
(1629, 2, 150, 0, 0, 0, 0, 1, '2025-04-28 13:51:54', '0000-00-00 00:00:00', 1, 0),
(1630, 2, 151, 0, 0, 0, 0, 1, '2025-04-28 13:51:54', '0000-00-00 00:00:00', 1, 0),
(1631, 2, 153, 0, 0, 0, 0, 1, '2025-04-28 13:51:54', '0000-00-00 00:00:00', 1, 0),
(1632, 2, 152, 1, 1, 1, 0, 1, '2025-04-28 13:51:54', '0000-00-00 00:00:00', 1, 0);

-- --------------------------------------------------------

--
